CRAN Package Check Results for Package rappdirs

Last updated on 2024-03-03 22:59:00 CET.

Flavor Version Tinstall Tcheck Ttotal Status Flags
r-devel-linux-x86_64-debian-clang 0.3.3 2.69 25.08 27.77 NOTE
r-devel-linux-x86_64-debian-gcc 0.3.3 1.83 19.43 21.26 NOTE
r-devel-linux-x86_64-fedora-clang 0.3.3 34.58 NOTE
r-devel-linux-x86_64-fedora-gcc 0.3.3 33.25 NOTE
r-devel-windows-x86_64 0.3.3 9.00 44.00 53.00 OK
r-patched-linux-x86_64 0.3.3 3.08 24.64 27.72 OK
r-release-linux-x86_64 0.3.3 2.37 24.30 26.67 OK
r-release-macos-arm64 0.3.3 16.00 OK
r-release-macos-x86_64 0.3.3 22.00 OK
r-release-windows-x86_64 0.3.3 8.00 44.00 52.00 OK
r-oldrel-macos-arm64 0.3.3 18.00 OK
r-oldrel-windows-x86_64 0.3.3 8.00 53.00 61.00 OK

Check Details

Version: 0.3.3
Check: Rd files
Result: NOTE checkRd: (-1) user_log_dir.Rd:48: Lost braces 48 | \\env{$XDG_CACHE_HOME} if defined | ^ Flavors: r-devel-linux-x86_64-debian-clang, r-devel-linux-x86_64-debian-gcc, r-devel-linux-x86_64-fedora-clang, r-devel-linux-x86_64-fedora-gcc