CRAN Package Check Results for Package randtoolbox

Last updated on 2022-06-26 05:52:34 CEST.

Flavor Version Tinstall Tcheck Ttotal Status Flags
r-devel-linux-x86_64-debian-clang 2.0.1 10.72 69.81 80.53 NOTE
r-devel-linux-x86_64-debian-gcc 2.0.1 8.12 53.62 61.74 NOTE
r-devel-linux-x86_64-fedora-clang 2.0.1 122.22 NOTE
r-devel-linux-x86_64-fedora-gcc 2.0.1 120.02 NOTE
r-devel-windows-x86_64 2.0.1 66.00 151.00 217.00 NOTE
r-patched-linux-x86_64 2.0.1 9.78 66.13 75.91 OK
r-release-linux-x86_64 2.0.1 11.02 65.81 76.83 OK
r-release-macos-arm64 2.0.1 43.00 OK
r-release-macos-x86_64 2.0.1 59.00 OK
r-release-windows-x86_64 2.0.1 85.00 138.00 223.00 OK
r-oldrel-macos-arm64 2.0.1 41.00 OK
r-oldrel-macos-x86_64 2.0.1 59.00 OK
r-oldrel-windows-ix86+x86_64 2.0.1 36.00 133.00 169.00 OK

Check Details

Version: 2.0.1
Check: Rd files
Result: NOTE
    checkRd: (-1) pseudoRNG.Rd:74: Escaped LaTeX specials: \_
Flavors: r-devel-linux-x86_64-debian-clang, r-devel-linux-x86_64-debian-gcc, r-devel-linux-x86_64-fedora-clang, r-devel-linux-x86_64-fedora-gcc, r-devel-windows-x86_64