Last updated on 2022-06-28 12:52:33 CEST.
Flavor | Version | Tinstall | Tcheck | Ttotal | Status | Flags |
---|---|---|---|---|---|---|
r-devel-linux-x86_64-debian-clang | 0.22.0 | 6.60 | 72.03 | 78.63 | NOTE | |
r-devel-linux-x86_64-debian-gcc | 0.22.0 | 4.63 | 53.86 | 58.49 | NOTE | |
r-devel-linux-x86_64-fedora-clang | 0.22.0 | 101.85 | NOTE | |||
r-devel-linux-x86_64-fedora-gcc | 0.22.0 | 103.73 | NOTE | |||
r-devel-windows-x86_64 | 0.22.0 | 67.00 | 112.00 | 179.00 | OK | |
r-patched-linux-x86_64 | 0.22.0 | 6.74 | 68.94 | 75.68 | NOTE | |
r-release-linux-x86_64 | 0.22.0 | 6.09 | 69.34 | 75.43 | NOTE | |
r-release-macos-arm64 | 0.22.0 | 34.00 | OK | |||
r-release-macos-x86_64 | 0.22.0 | 46.00 | OK | |||
r-release-windows-x86_64 | 0.22.0 | 99.00 | 103.00 | 202.00 | OK | |
r-oldrel-macos-arm64 | 0.22.0 | 37.00 | OK | |||
r-oldrel-macos-x86_64 | 0.22.0 | 49.00 | OK | |||
r-oldrel-windows-ix86+x86_64 | 0.22.0 | 15.00 | 130.00 | 145.00 | OK |
Version: 0.22.0
Check: package dependencies
Result: NOTE
Package suggested but not available for checking: 'ri'
Flavors: r-devel-linux-x86_64-debian-clang, r-devel-linux-x86_64-debian-gcc, r-devel-linux-x86_64-fedora-clang, r-devel-linux-x86_64-fedora-gcc, r-patched-linux-x86_64, r-release-linux-x86_64