Last updated on 2022-05-24 15:52:55 CEST.
Flavor | Version | Tinstall | Tcheck | Ttotal | Status | Flags |
---|---|---|---|---|---|---|
r-devel-linux-x86_64-debian-clang | 1.1.4-4 | 4.98 | 48.48 | 53.46 | NOTE | |
r-devel-linux-x86_64-debian-gcc | 1.1.4-4 | 3.35 | 37.00 | 40.35 | NOTE | |
r-devel-linux-x86_64-fedora-clang | 1.1.4-4 | 64.51 | NOTE | |||
r-devel-linux-x86_64-fedora-gcc | 1.1.4-4 | 53.48 | NOTE | |||
r-devel-windows-x86_64 | 1.1.4-4 | 27.00 | 62.00 | 89.00 | NOTE | |
r-patched-linux-x86_64 | 1.1.4-4 | 3.31 | 46.56 | 49.87 | NOTE | |
r-release-linux-x86_64 | 1.1.4-4 | NOTE | ||||
r-release-macos-arm64 | 1.1.4-4 | 23.00 | NOTE | |||
r-release-macos-x86_64 | 1.1.4-4 | 28.00 | NOTE | |||
r-release-windows-x86_64 | 1.1.4-4 | 37.00 | 66.00 | 103.00 | NOTE | |
r-oldrel-macos-arm64 | 1.1.4-4 | 24.00 | NOTE | |||
r-oldrel-macos-x86_64 | 1.1.4-4 | 32.00 | NOTE | |||
r-oldrel-windows-ix86+x86_64 | 1.1.4-4 | 10.00 | 61.00 | 71.00 | NOTE |
Version: 1.1.4-4
Check: LazyData
Result: NOTE
'LazyData' is specified without a 'data' directory
Flavors: r-devel-linux-x86_64-debian-clang, r-devel-linux-x86_64-debian-gcc, r-devel-linux-x86_64-fedora-clang, r-devel-linux-x86_64-fedora-gcc, r-devel-windows-x86_64, r-patched-linux-x86_64, r-release-linux-x86_64, r-release-macos-arm64, r-release-macos-x86_64, r-release-windows-x86_64, r-oldrel-macos-arm64, r-oldrel-macos-x86_64, r-oldrel-windows-ix86+x86_64