CRAN Package Check Results for Package ramcmc

Last updated on 2019-06-24 15:48:24 CEST.

Flavor Version Tinstall Tcheck Ttotal Status Flags
r-devel-linux-x86_64-debian-clang 0.1.0-1 21.56 32.06 53.62 NOTE
r-devel-linux-x86_64-debian-gcc 0.1.0-1 19.83 25.31 45.14 NOTE
r-devel-linux-x86_64-fedora-clang 0.1.0-1 78.12 NOTE
r-devel-linux-x86_64-fedora-gcc 0.1.0-1 72.90 NOTE
r-devel-windows-ix86+x86_64 0.1.0-1 63.00 68.00 131.00 NOTE
r-patched-linux-x86_64 0.1.0-1 21.86 31.85 53.71 NOTE
r-patched-solaris-x86 0.1.0-1 89.50 NOTE
r-release-linux-x86_64 0.1.0-1 23.24 32.09 55.33 NOTE
r-release-windows-ix86+x86_64 0.1.0-1 48.00 88.00 136.00 NOTE
r-release-osx-x86_64 0.1.0-1 NOTE
r-oldrel-windows-ix86+x86_64 0.1.0-1 39.00 69.00 108.00 OK
r-oldrel-osx-x86_64 0.1.0-1 OK

Check Details

Version: 0.1.0-1
Check: line endings in C/C++/Fortran sources/headers
Result: NOTE
    Found the following sources/headers not terminated with a newline:
     inst/include/ramcmc.h
    Some compilers warn on such files.
Flavors: r-devel-linux-x86_64-debian-clang, r-devel-linux-x86_64-debian-gcc, r-devel-linux-x86_64-fedora-clang, r-devel-linux-x86_64-fedora-gcc, r-devel-windows-ix86+x86_64, r-patched-linux-x86_64, r-patched-solaris-x86, r-release-linux-x86_64, r-release-windows-ix86+x86_64, r-release-osx-x86_64