CRAN Package Check Results for Package ramcmc

Last updated on 2019-04-20 15:52:18 CEST.

Flavor Version Tinstall Tcheck Ttotal Status Flags
r-devel-linux-x86_64-debian-clang 0.1.0-1 26.05 32.09 58.14 NOTE
r-devel-linux-x86_64-debian-gcc 0.1.0-1 19.71 29.24 48.95 NOTE
r-devel-linux-x86_64-fedora-clang 0.1.0-1 78.15 NOTE
r-devel-linux-x86_64-fedora-gcc 0.1.0-1 73.02 NOTE
r-devel-windows-ix86+x86_64 0.1.0-1 61.00 99.00 160.00 NOTE
r-patched-linux-x86_64 0.1.0-1 23.43 31.89 55.32 NOTE
r-patched-solaris-x86 0.1.0-1 85.60 NOTE
r-release-linux-x86_64 0.1.0-1 20.43 30.98 51.41 OK
r-release-windows-ix86+x86_64 0.1.0-1 44.00 85.00 129.00 OK
r-release-osx-x86_64 0.1.0-1 OK
r-oldrel-windows-ix86+x86_64 0.1.0-1 38.00 91.00 129.00 OK
r-oldrel-osx-x86_64 0.1.0-1 OK

Check Details

Version: 0.1.0-1
Check: line endings in C/C++/Fortran sources/headers
Result: NOTE
    Found the following sources/headers not terminated with a newline:
     inst/include/ramcmc.h
    Some compilers warn on such files.
Flavors: r-devel-linux-x86_64-debian-clang, r-devel-linux-x86_64-debian-gcc, r-devel-linux-x86_64-fedora-clang, r-devel-linux-x86_64-fedora-gcc, r-devel-windows-ix86+x86_64, r-patched-linux-x86_64, r-patched-solaris-x86