CRAN Package Check Results for Package rakeR

Last updated on 2024-02-26 07:50:10 CET.

Flavor Version Tinstall Tcheck Ttotal Status Flags
r-devel-linux-x86_64-debian-clang 0.2.1 1.85 33.68 35.53 NOTE
r-devel-linux-x86_64-debian-gcc 0.2.1 1.89 26.79 28.68 NOTE
r-devel-linux-x86_64-fedora-clang 0.2.1 44.09 NOTE
r-devel-linux-x86_64-fedora-gcc 0.2.1 44.00 NOTE
r-devel-windows-x86_64 0.2.1 3.00 49.00 52.00 NOTE
r-patched-linux-x86_64 0.2.1 2.55 33.21 35.76 NOTE
r-release-linux-x86_64 0.2.1 2.01 33.25 35.26 NOTE
r-release-macos-arm64 0.2.1 22.00 NOTE
r-release-macos-x86_64 0.2.1 27.00 NOTE
r-release-windows-x86_64 0.2.1 3.00 50.00 53.00 NOTE
r-oldrel-macos-arm64 0.2.1 22.00 NOTE
r-oldrel-windows-x86_64 0.2.1 4.00 56.00 60.00 NOTE

Check Details

Version: 0.2.1
Check: LazyData
Result: NOTE 'LazyData' is specified without a 'data' directory Flavors: r-devel-linux-x86_64-debian-clang, r-devel-linux-x86_64-debian-gcc, r-devel-linux-x86_64-fedora-clang, r-devel-linux-x86_64-fedora-gcc, r-devel-windows-x86_64, r-patched-linux-x86_64, r-release-linux-x86_64, r-release-macos-arm64, r-release-macos-x86_64, r-release-windows-x86_64, r-oldrel-macos-arm64, r-oldrel-windows-x86_64