CRAN Package Check Results for Package rakeR

Last updated on 2023-04-01 11:51:38 CEST.

Flavor Version Tinstall Tcheck Ttotal Status Flags
r-devel-linux-x86_64-debian-clang 0.2.1 2.19 34.06 36.25 NOTE
r-devel-linux-x86_64-debian-gcc 0.2.1 1.75 26.94 28.69 NOTE
r-devel-linux-x86_64-fedora-clang 0.2.1 44.65 NOTE
r-devel-linux-x86_64-fedora-gcc 0.2.1 42.61 NOTE
r-devel-windows-x86_64 0.2.1 3.00 61.00 64.00 NOTE
r-patched-linux-x86_64 0.2.1 2.35 33.49 35.84 NOTE
r-release-linux-x86_64 0.2.1 1.66 33.71 35.37 NOTE
r-release-macos-arm64 0.2.1 19.00 NOTE
r-release-macos-x86_64 0.2.1 27.00 NOTE
r-release-windows-x86_64 0.2.1 16.00 70.00 86.00 NOTE
r-oldrel-macos-arm64 0.2.1 22.00 NOTE
r-oldrel-macos-x86_64 0.2.1 31.00 NOTE
r-oldrel-windows-ix86+x86_64 0.2.1 6.00 62.00 68.00 NOTE

Check Details

Version: 0.2.1
Check: LazyData
Result: NOTE
     'LazyData' is specified without a 'data' directory
Flavors: r-devel-linux-x86_64-debian-clang, r-devel-linux-x86_64-debian-gcc, r-devel-linux-x86_64-fedora-clang, r-devel-linux-x86_64-fedora-gcc, r-devel-windows-x86_64, r-patched-linux-x86_64, r-release-linux-x86_64, r-release-macos-arm64, r-release-macos-x86_64, r-release-windows-x86_64, r-oldrel-macos-arm64, r-oldrel-macos-x86_64, r-oldrel-windows-ix86+x86_64