CRAN Package Check Results for Package raincpc

Last updated on 2019-09-22 19:51:28 CEST.

Flavor Version Tinstall Tcheck Ttotal Status Flags
r-devel-linux-x86_64-debian-clang 0.4 2.20 35.59 37.79 NOTE
r-devel-linux-x86_64-debian-gcc 0.4 1.79 28.50 30.29 NOTE
r-devel-linux-x86_64-fedora-clang 0.4 46.68 NOTE
r-devel-linux-x86_64-fedora-gcc 0.4 48.85 NOTE
r-devel-windows-ix86+x86_64 0.4 8.00 74.00 82.00 NOTE
r-patched-linux-x86_64 0.4 1.69 36.06 37.75 NOTE
r-patched-solaris-x86 0.4 74.70 NOTE
r-release-linux-x86_64 0.4 1.58 35.67 37.25 NOTE
r-release-windows-ix86+x86_64 0.4 8.00 96.00 104.00 NOTE
r-release-osx-x86_64 0.4 NOTE
r-oldrel-windows-ix86+x86_64 0.4 3.00 76.00 79.00 NOTE
r-oldrel-osx-x86_64 0.4 NOTE

Check Details

Version: 0.4
Check: R code for possible problems
Result: NOTE
    cpc_get_rawdata: no visible global function definition for
     'download.file'
    Undefined global functions or variables:
     download.file
    Consider adding
     importFrom("utils", "download.file")
    to your NAMESPACE file.
Flavors: r-devel-linux-x86_64-debian-clang, r-devel-linux-x86_64-debian-gcc, r-devel-linux-x86_64-fedora-clang, r-devel-linux-x86_64-fedora-gcc, r-devel-windows-ix86+x86_64, r-patched-linux-x86_64, r-patched-solaris-x86, r-release-linux-x86_64, r-release-windows-ix86+x86_64, r-release-osx-x86_64, r-oldrel-windows-ix86+x86_64, r-oldrel-osx-x86_64