CRAN Package Check Results for Package rainbow

Last updated on 2022-06-29 01:50:30 CEST.

Flavor Version Tinstall Tcheck Ttotal Status Flags
r-devel-linux-x86_64-debian-clang 3.6 12.96 131.04 144.00 NOTE
r-devel-linux-x86_64-debian-gcc 3.6 10.70 99.27 109.97 NOTE
r-devel-linux-x86_64-fedora-clang 3.6 183.30 NOTE
r-devel-linux-x86_64-fedora-gcc 3.6 182.96 NOTE
r-devel-windows-x86_64 3.6 35.00 193.00 228.00 NOTE
r-patched-linux-x86_64 3.6 14.19 127.11 141.30 OK
r-release-linux-x86_64 3.6 12.66 126.89 139.55 OK
r-release-macos-arm64 3.6 72.00 OK
r-release-macos-x86_64 3.6 152.00 OK
r-release-windows-x86_64 3.6 28.00 188.00 216.00 OK
r-oldrel-macos-arm64 3.6 91.00 OK
r-oldrel-macos-x86_64 3.6 130.00 OK
r-oldrel-windows-ix86+x86_64 3.6 27.00 167.00 194.00 OK

Check Details

Version: 3.6
Check: Rd files
Result: NOTE
    checkRd: (-1) fdepth.Rd:43: Escaped LaTeX specials: \&
    checkRd: (-1) fdepth.Rd:45: Escaped LaTeX specials: \&
Flavors: r-devel-linux-x86_64-debian-clang, r-devel-linux-x86_64-debian-gcc, r-devel-linux-x86_64-fedora-clang, r-devel-linux-x86_64-fedora-gcc, r-devel-windows-x86_64