CRAN Package Check Results for Package ragt2ridges

Last updated on 2021-12-03 00:48:53 CET.

Flavor Version Tinstall Tcheck Ttotal Status Flags
r-devel-linux-x86_64-debian-clang 0.3.4 78.91 195.73 274.64 OK
r-devel-linux-x86_64-debian-gcc 0.3.4 63.30 145.45 208.75 OK
r-devel-linux-x86_64-fedora-clang 0.3.4 363.33 NOTE
r-devel-linux-x86_64-fedora-gcc 0.3.4 340.45 NOTE
r-devel-windows-x86_64-new-UL 0.3.4 106.00 273.00 379.00 OK
r-devel-windows-x86_64-new-TK 0.3.4 NOTE
r-devel-windows-x86_64-old 0.3.4 104.00 194.00 298.00 OK
r-patched-linux-x86_64 0.3.4 77.25 181.69 258.94 OK
r-patched-solaris-x86 0.3.4 385.40 NOTE
r-release-linux-x86_64 0.3.4 68.32 184.54 252.86 OK
r-release-macos-arm64 0.3.4 NOTE
r-release-macos-x86_64 0.3.4 NOTE
r-release-windows-ix86+x86_64 0.3.4 183.00 335.00 518.00 OK
r-oldrel-macos-x86_64 0.3.4 NOTE
r-oldrel-windows-ix86+x86_64 0.3.4 184.00 339.00 523.00 OK

Check Details

Version: 0.3.4
Check: installed package size
Result: NOTE
     installed size is 8.1Mb
     sub-directories of 1Mb or more:
     libs 7.4Mb
Flavors: r-devel-linux-x86_64-fedora-clang, r-release-macos-arm64, r-release-macos-x86_64, r-oldrel-macos-x86_64

Version: 0.3.4
Check: dependencies in R code
Result: NOTE
    Namespaces in Imports field not imported from:
     ‘Biobase’ ‘CGHbase’
     All declared Imports should be used.
Flavors: r-devel-linux-x86_64-fedora-clang, r-devel-linux-x86_64-fedora-gcc, r-devel-windows-x86_64-new-TK, r-patched-solaris-x86, r-release-macos-arm64, r-release-macos-x86_64, r-oldrel-macos-x86_64

Version: 0.3.4
Check: Rd cross-references
Result: NOTE
    Undeclared packages ‘longitudinal’, ‘gRbase’ in Rd xrefs
Flavor: r-devel-linux-x86_64-fedora-clang