CRAN Package Check Results for Package ragt2ridges

Last updated on 2019-08-24 23:48:13 CEST.

Flavor Version Tinstall Tcheck Ttotal Status Flags
r-devel-linux-x86_64-debian-clang 0.3.2 72.46 156.08 228.54 OK
r-devel-linux-x86_64-debian-gcc 0.3.2 55.21 118.80 174.01 OK
r-devel-linux-x86_64-fedora-clang 0.3.2 289.86 NOTE
r-devel-linux-x86_64-fedora-gcc 0.3.2 282.76 OK
r-devel-windows-ix86+x86_64 0.3.2 122.00 365.00 487.00 OK
r-patched-linux-x86_64 0.3.2 61.04 150.32 211.36 OK
r-patched-solaris-x86 0.3.2 355.10 OK
r-release-linux-x86_64 0.3.2 64.27 150.59 214.86 OK
r-release-windows-ix86+x86_64 0.3.2 181.00 333.00 514.00 OK
r-release-osx-x86_64 0.3.2 ERROR
r-oldrel-windows-ix86+x86_64 0.3.2 151.00 310.00 461.00 OK
r-oldrel-osx-x86_64 0.3.2 NOTE

Check Details

Version: 0.3.2
Check: installed package size
Result: NOTE
     installed size is 9.1Mb
     sub-directories of 1Mb or more:
     libs 8.5Mb
Flavors: r-devel-linux-x86_64-fedora-clang, r-oldrel-osx-x86_64

Version: 0.3.2
Check: package dependencies
Result: ERROR
    Package required but not available: ‘rags2ridges’
    
    Packages suggested but not available for checking: 'Biobase', 'CGHbase'
    
    See section ‘The DESCRIPTION file’ in the ‘Writing R Extensions’
    manual.
Flavor: r-release-osx-x86_64

Version: 0.3.2
Check: package dependencies
Result: NOTE
    Package suggested but not available for checking: ‘CGHbase’
Flavor: r-oldrel-osx-x86_64

Version: 0.3.2
Check: Rd cross-references
Result: NOTE
    Package unavailable to check Rd xrefs: ‘CGHbase’
Flavor: r-oldrel-osx-x86_64

Version: 0.3.2
Check: data for non-ASCII characters
Result: NOTE
     Error in .requirePackage(package) :
     unable to find required package 'CGHbase'
     Calls: <Anonymous> ... .extendsForS3 -> extends -> getClassDef -> .requirePackage
     Execution halted
Flavor: r-oldrel-osx-x86_64