CRAN Package Check Results for Package ragt2ridges

Last updated on 2019-05-24 04:03:59 CEST.

Flavor Version Tinstall Tcheck Ttotal Status Flags
r-devel-linux-x86_64-debian-clang 0.3.2 73.55 156.38 229.93 OK
r-devel-linux-x86_64-debian-gcc 0.3.2 55.81 118.47 174.28 OK
r-devel-linux-x86_64-fedora-clang 0.3.2 0.45 NOTE
r-devel-linux-x86_64-fedora-gcc 0.3.2 265.68 OK
r-devel-windows-ix86+x86_64 0.3.2 124.00 296.00 420.00 OK
r-patched-linux-x86_64 0.3.2 65.34 150.82 216.16 OK
r-patched-solaris-x86 0.3.2 358.00 OK
r-release-linux-x86_64 0.3.2 63.21 151.28 214.49 OK
r-release-windows-ix86+x86_64 0.3.2 169.00 258.00 427.00 OK
r-release-osx-x86_64 0.3.2 ERROR
r-oldrel-windows-ix86+x86_64 0.3.2 154.00 238.00 392.00 OK
r-oldrel-osx-x86_64 0.3.2 NOTE

Check Details

Version: 0.3.2
Check: installed package size
Result: NOTE
     installed size is 8.4Mb
     sub-directories of 1Mb or more:
     libs 7.7Mb
Flavors: r-devel-linux-x86_64-fedora-clang, r-oldrel-osx-x86_64

Version: 0.3.2
Check: package dependencies
Result: ERROR
    Package required but not available: ‘rags2ridges’
    
    Packages suggested but not available for checking: 'Biobase', 'CGHbase'
    
    See section ‘The DESCRIPTION file’ in the ‘Writing R Extensions’
    manual.
Flavor: r-release-osx-x86_64

Version: 0.3.2
Check: package dependencies
Result: NOTE
    Package suggested but not available for checking: ‘CGHbase’
Flavor: r-oldrel-osx-x86_64

Version: 0.3.2
Check: Rd cross-references
Result: NOTE
    Package unavailable to check Rd xrefs: ‘CGHbase’
Flavor: r-oldrel-osx-x86_64

Version: 0.3.2
Check: data for non-ASCII characters
Result: NOTE
     Error in .requirePackage(package) :
     unable to find required package 'CGHbase'
     Calls: <Anonymous> ... .extendsForS3 -> extends -> getClassDef -> .requirePackage
     Execution halted
Flavor: r-oldrel-osx-x86_64