Last updated on 2022-06-28 22:49:37 CEST.
Flavor | Version | Tinstall | Tcheck | Ttotal | Status | Flags |
---|---|---|---|---|---|---|
r-devel-linux-x86_64-debian-clang | 1.2.2 | 109.94 | 31.35 | 141.29 | OK | |
r-devel-linux-x86_64-debian-gcc | 1.2.2 | 120.41 | 24.97 | 145.38 | OK | |
r-devel-linux-x86_64-fedora-clang | 1.2.2 | 236.87 | NOTE | |||
r-devel-linux-x86_64-fedora-gcc | 1.2.2 | 242.31 | OK | |||
r-devel-windows-x86_64 | 1.2.2 | 141.00 | 87.00 | 228.00 | OK | |
r-patched-linux-x86_64 | 1.2.2 | 126.97 | 29.82 | 156.79 | OK | |
r-release-linux-x86_64 | 1.2.2 | 122.25 | 30.98 | 153.23 | OK | |
r-release-macos-arm64 | 1.2.2 | 66.00 | NOTE | |||
r-release-macos-x86_64 | 1.2.2 | 75.00 | NOTE | |||
r-release-windows-x86_64 | 1.2.2 | 136.00 | 91.00 | 227.00 | OK | |
r-oldrel-macos-arm64 | 1.2.2 | 69.00 | NOTE | |||
r-oldrel-macos-x86_64 | 1.2.2 | 75.00 | NOTE | |||
r-oldrel-windows-ix86+x86_64 | 1.2.2 | 290.00 | 93.00 | 383.00 | NOTE |
Version: 1.2.2
Check: installed package size
Result: NOTE
installed size is 11.9Mb
sub-directories of 1Mb or more:
libs 11.6Mb
Flavors: r-devel-linux-x86_64-fedora-clang, r-release-macos-arm64, r-release-macos-x86_64, r-oldrel-macos-arm64, r-oldrel-macos-x86_64, r-oldrel-windows-ix86+x86_64