Last updated on 2023-06-05 19:54:59 CEST.
Flavor | Version | Tinstall | Tcheck | Ttotal | Status | Flags |
---|---|---|---|---|---|---|
r-devel-linux-x86_64-debian-clang | 1.2.5 | 130.36 | 31.50 | 161.86 | NOTE | |
r-devel-linux-x86_64-debian-gcc | 1.2.5 | 116.00 | 24.41 | 140.41 | NOTE | |
r-devel-linux-x86_64-fedora-clang | 1.2.5 | 205.78 | NOTE | |||
r-devel-linux-x86_64-fedora-gcc | 1.2.5 | 275.18 | NOTE | |||
r-devel-windows-x86_64 | 1.2.5 | 117.00 | 77.00 | 194.00 | NOTE | |
r-patched-linux-x86_64 | 1.2.5 | 130.33 | 30.05 | 160.38 | NOTE | |
r-release-linux-x86_64 | 1.2.5 | 121.92 | 30.10 | 152.02 | NOTE | |
r-release-macos-arm64 | 1.2.5 | 74.00 | NOTE | |||
r-release-macos-x86_64 | 1.2.5 | 118.00 | NOTE | |||
r-release-windows-x86_64 | 1.2.5 | 149.00 | 85.00 | 234.00 | NOTE | |
r-oldrel-macos-arm64 | 1.2.5 | 68.00 | NOTE | |||
r-oldrel-macos-x86_64 | 1.2.5 | 77.00 | NOTE | |||
r-oldrel-windows-x86_64 | 1.2.5 | 125.00 | 75.00 | 200.00 | OK |
Version: 1.2.5
Check: C++ specification
Result: NOTE
Specified C++11: please drop specification unless essential
Flavors: r-devel-linux-x86_64-debian-clang, r-devel-linux-x86_64-debian-gcc, r-devel-linux-x86_64-fedora-clang, r-devel-linux-x86_64-fedora-gcc, r-devel-windows-x86_64, r-patched-linux-x86_64, r-release-linux-x86_64, r-release-macos-arm64, r-release-macos-x86_64, r-release-windows-x86_64
Version: 1.2.5
Check: installed package size
Result: NOTE
installed size is 35.5Mb
sub-directories of 1Mb or more:
libs 35.3Mb
Flavors: r-release-macos-arm64, r-release-macos-x86_64, r-oldrel-macos-arm64, r-oldrel-macos-x86_64