Last updated on 2023-02-06 08:52:22 CET.
Flavor | Version | Tinstall | Tcheck | Ttotal | Status | Flags |
---|---|---|---|---|---|---|
r-devel-linux-x86_64-debian-clang | 1.2.5 | 126.36 | 31.42 | 157.78 | NOTE | |
r-devel-linux-x86_64-debian-gcc | 1.2.5 | 122.15 | 24.44 | 146.59 | NOTE | |
r-devel-linux-x86_64-fedora-clang | 1.2.5 | 199.24 | NOTE | |||
r-devel-linux-x86_64-fedora-gcc | 1.2.5 | 241.94 | NOTE | |||
r-devel-windows-x86_64 | 1.2.5 | 192.00 | 92.00 | 284.00 | NOTE | |
r-patched-linux-x86_64 | 1.2.5 | 115.85 | 30.84 | 146.69 | OK | |
r-release-linux-x86_64 | 1.2.5 | 114.01 | 31.41 | 145.42 | OK | |
r-release-macos-arm64 | 1.2.5 | 63.00 | NOTE | |||
r-release-macos-x86_64 | 1.2.5 | 77.00 | NOTE | |||
r-release-windows-x86_64 | 1.2.5 | 151.00 | 93.00 | 244.00 | OK | |
r-oldrel-macos-arm64 | 1.2.5 | 61.00 | NOTE | |||
r-oldrel-macos-x86_64 | 1.2.5 | 80.00 | NOTE | |||
r-oldrel-windows-ix86+x86_64 | 1.2.5 | 291.00 | 98.00 | 389.00 | NOTE |
Version: 1.2.5
Check: C++ specification
Result: NOTE
Specified C++11: please update to current default of C++17
Flavors: r-devel-linux-x86_64-debian-clang, r-devel-linux-x86_64-debian-gcc, r-devel-linux-x86_64-fedora-clang, r-devel-linux-x86_64-fedora-gcc, r-devel-windows-x86_64
Version: 1.2.5
Check: installed package size
Result: NOTE
installed size is 35.5Mb
sub-directories of 1Mb or more:
libs 35.2Mb
Flavors: r-release-macos-arm64, r-release-macos-x86_64, r-oldrel-macos-arm64, r-oldrel-macos-x86_64, r-oldrel-windows-ix86+x86_64