CRAN Package Check Results for Package radsafer

Last updated on 2019-11-18 23:51:32 CET.

Flavor Version Tinstall Tcheck Ttotal Status Flags
r-devel-linux-x86_64-debian-clang 2.0.1 3.39 34.54 37.93 NOTE
r-devel-linux-x86_64-debian-gcc 2.0.1 2.89 26.81 29.70 NOTE
r-devel-linux-x86_64-fedora-clang 2.0.1 44.57 NOTE
r-devel-linux-x86_64-fedora-gcc 2.0.1 47.18 NOTE
r-devel-windows-ix86+x86_64 2.0.1 14.00 75.00 89.00 OK
r-patched-linux-x86_64 2.0.1 2.54 32.74 35.28 OK
r-patched-solaris-x86 2.0.1 62.90 OK
r-release-linux-x86_64 2.0.1 3.07 32.39 35.46 OK
r-release-windows-ix86+x86_64 2.0.1 5.00 72.00 77.00 OK
r-release-osx-x86_64 2.0.1 OK
r-oldrel-windows-ix86+x86_64 2.0.1 5.00 47.00 52.00 OK
r-oldrel-osx-x86_64 2.0.1 OK

Check Details

Version: 2.0.1
Check: for non-standard things in the check directory
Result: NOTE
    Found the following files/directories:
     'si.sp.dat'
Flavors: r-devel-linux-x86_64-debian-clang, r-devel-linux-x86_64-debian-gcc, r-devel-linux-x86_64-fedora-clang, r-devel-linux-x86_64-fedora-gcc