Last updated on 2023-03-30 10:55:10 CEST.
Flavor | Version | Tinstall | Tcheck | Ttotal | Status | Flags |
---|---|---|---|---|---|---|
r-devel-linux-x86_64-debian-clang | 1.1.2 | 87.46 | 183.53 | 270.99 | NOTE | |
r-devel-linux-x86_64-debian-gcc | 1.1.2 | 66.49 | 139.61 | 206.10 | NOTE | |
r-devel-linux-x86_64-fedora-clang | 1.1.2 | 359.61 | NOTE | |||
r-devel-linux-x86_64-fedora-gcc | 1.1.2 | 331.35 | NOTE | |||
r-devel-windows-x86_64 | 1.1.2 | 221.00 | 0.00 | 221.00 | NOTE | |
r-patched-linux-x86_64 | 1.1.2 | 71.44 | 179.08 | 250.52 | NOTE | |
r-release-linux-x86_64 | 1.1.2 | 65.52 | 178.91 | 244.43 | OK | |
r-release-macos-arm64 | 1.1.2 | 211.00 | NOTE | |||
r-release-macos-x86_64 | 1.1.2 | 228.00 | NOTE | |||
r-release-windows-x86_64 | 1.1.2 | 82.00 | 268.00 | 350.00 | OK | |
r-oldrel-macos-arm64 | 1.1.2 | 165.00 | NOTE | |||
r-oldrel-macos-x86_64 | 1.1.2 | 220.00 | NOTE | |||
r-oldrel-windows-ix86+x86_64 | 1.1.2 | 198.00 | 290.00 | 488.00 | OK |
Version: 1.1.2
Check: C++ specification
Result: NOTE
Specified C++11: please drop specification unless essential
Flavors: r-devel-linux-x86_64-debian-clang, r-devel-linux-x86_64-debian-gcc, r-devel-linux-x86_64-fedora-clang, r-devel-linux-x86_64-fedora-gcc, r-devel-windows-x86_64, r-patched-linux-x86_64
Version: 1.1.2
Check: dependencies in R code
Result: NOTE
Namespaces in Imports field not imported from:
‘comat’ ‘rgdal’
All declared Imports should be used.
Flavors: r-devel-linux-x86_64-fedora-clang, r-devel-linux-x86_64-fedora-gcc, r-release-macos-arm64, r-release-macos-x86_64, r-oldrel-macos-arm64, r-oldrel-macos-x86_64