Last updated on 2022-08-08 16:54:33 CEST.
Flavor | Version | Tinstall | Tcheck | Ttotal | Status | Flags |
---|---|---|---|---|---|---|
r-devel-linux-x86_64-debian-clang | 0.2.1 | 52.01 | 596.23 | 648.24 | OK | |
r-devel-linux-x86_64-debian-gcc | 0.2.1 | 44.04 | 451.02 | 495.06 | OK | |
r-devel-linux-x86_64-fedora-clang | 0.2.1 | 810.66 | NOTE | |||
r-devel-linux-x86_64-fedora-gcc | 0.2.1 | 775.57 | OK | |||
r-devel-windows-x86_64 | 0.2.1 | 101.00 | 621.00 | 722.00 | OK | |
r-patched-linux-x86_64 | 0.2.1 | 43.68 | 566.89 | 610.57 | OK | |
r-release-linux-x86_64 | 0.2.1 | OK | ||||
r-release-macos-arm64 | 0.2.1 | 211.00 | OK | |||
r-release-macos-x86_64 | 0.2.1 | 360.00 | OK | |||
r-release-windows-x86_64 | 0.2.1 | 156.00 | 635.00 | 791.00 | OK | |
r-oldrel-macos-arm64 | 0.2.1 | 162.00 | OK | |||
r-oldrel-macos-x86_64 | 0.2.1 | 275.00 | OK | |||
r-oldrel-windows-ix86+x86_64 | 0.2.1 | 101.00 | 602.00 | 703.00 | OK |
Version: 0.2.1
Check: package dependencies
Result: NOTE
Imports includes 21 non-default packages.
Importing from so many packages makes the package vulnerable to any of
them becoming unavailable. Move as many as possible to Suggests and
use conditionally.
Flavor: r-devel-linux-x86_64-fedora-clang