CRAN Package Check Results for Package rWishart

Last updated on 2023-10-03 10:11:28 CEST.

Flavor Version Tinstall Tcheck Ttotal Status Flags
r-devel-linux-x86_64-debian-clang 0.1.2 7.03 67.41 74.44 NOTE
r-devel-linux-x86_64-debian-gcc 0.1.2 7.20 53.00 60.20 NOTE
r-devel-linux-x86_64-fedora-clang 0.1.2 90.70 NOTE
r-devel-linux-x86_64-fedora-gcc 0.1.2 92.13 NOTE
r-devel-windows-x86_64 0.1.2 7.00 75.00 82.00 NOTE
r-patched-linux-x86_64 0.1.2 7.53 65.09 72.62 NOTE
r-release-linux-x86_64 0.1.2 5.84 66.39 72.23 NOTE
r-release-macos-arm64 0.1.2 32.00 NOTE
r-release-macos-x86_64 0.1.2 50.00 NOTE
r-release-windows-x86_64 0.1.2 13.00 84.00 97.00 NOTE
r-oldrel-macos-arm64 0.1.2 29.00 NOTE
r-oldrel-macos-x86_64 0.1.2 41.00 NOTE
r-oldrel-windows-x86_64 0.1.2 11.00 80.00 91.00 NOTE

Check Details

Version: 0.1.2
Check: LazyData
Result: NOTE
     'LazyData' is specified without a 'data' directory
Flavors: r-devel-linux-x86_64-debian-clang, r-devel-linux-x86_64-debian-gcc, r-devel-linux-x86_64-fedora-clang, r-devel-linux-x86_64-fedora-gcc, r-devel-windows-x86_64, r-patched-linux-x86_64, r-release-linux-x86_64, r-release-macos-arm64, r-release-macos-x86_64, r-release-windows-x86_64, r-oldrel-macos-arm64, r-oldrel-macos-x86_64, r-oldrel-windows-x86_64