CRAN Package Check Results for Package rWishart

Last updated on 2023-03-25 05:50:44 CET.

Flavor Version Tinstall Tcheck Ttotal Status Flags
r-devel-linux-x86_64-debian-clang 0.1.2 7.35 66.29 73.64 NOTE
r-devel-linux-x86_64-debian-gcc 0.1.2 6.56 52.12 58.68 NOTE
r-devel-linux-x86_64-fedora-clang 0.1.2 94.88 NOTE
r-devel-linux-x86_64-fedora-gcc 0.1.2 88.86 NOTE
r-patched-linux-x86_64 0.1.2 8.86 63.44 72.30 NOTE
r-release-linux-x86_64 0.1.2 6.90 62.37 69.27 NOTE
r-release-macos-arm64 0.1.2 29.00 NOTE
r-release-macos-x86_64 0.1.2 41.00 NOTE
r-release-windows-x86_64 0.1.2 16.00 99.00 115.00 NOTE
r-oldrel-macos-arm64 0.1.2 33.00 NOTE
r-oldrel-macos-x86_64 0.1.2 57.00 NOTE
r-oldrel-windows-ix86+x86_64 0.1.2 16.00 90.00 106.00 NOTE

Check Details

Version: 0.1.2
Check: LazyData
Result: NOTE
     'LazyData' is specified without a 'data' directory
Flavors: r-devel-linux-x86_64-debian-clang, r-devel-linux-x86_64-debian-gcc, r-devel-linux-x86_64-fedora-clang, r-devel-linux-x86_64-fedora-gcc, r-patched-linux-x86_64, r-release-linux-x86_64, r-release-macos-arm64, r-release-macos-x86_64, r-release-windows-x86_64, r-oldrel-macos-arm64, r-oldrel-macos-x86_64, r-oldrel-windows-ix86+x86_64