CRAN Package Check Results for Package rWishart

Last updated on 2022-07-03 19:50:07 CEST.

Flavor Version Tinstall Tcheck Ttotal Status Flags
r-devel-linux-x86_64-debian-clang 0.1.2 6.88 62.96 69.84 NOTE
r-devel-linux-x86_64-debian-gcc 0.1.2 6.37 48.15 54.52 NOTE
r-devel-linux-x86_64-fedora-clang 0.1.2 94.84 NOTE
r-devel-linux-x86_64-fedora-gcc 0.1.2 95.45 NOTE
r-devel-windows-x86_64 0.1.2 18.00 88.00 106.00 NOTE
r-patched-linux-x86_64 0.1.2 8.38 61.16 69.54 NOTE
r-release-linux-x86_64 0.1.2 7.61 60.62 68.23 NOTE
r-release-macos-arm64 0.1.2 29.00 NOTE
r-release-macos-x86_64 0.1.2 41.00 NOTE
r-release-windows-x86_64 0.1.2 17.00 91.00 108.00 NOTE
r-oldrel-macos-arm64 0.1.2 33.00 NOTE
r-oldrel-macos-x86_64 0.1.2 57.00 NOTE
r-oldrel-windows-ix86+x86_64 0.1.2 16.00 82.00 98.00 NOTE

Check Details

Version: 0.1.2
Check: LazyData
Result: NOTE
     'LazyData' is specified without a 'data' directory
Flavors: r-devel-linux-x86_64-debian-clang, r-devel-linux-x86_64-debian-gcc, r-devel-linux-x86_64-fedora-clang, r-devel-linux-x86_64-fedora-gcc, r-devel-windows-x86_64, r-patched-linux-x86_64, r-release-linux-x86_64, r-release-macos-arm64, r-release-macos-x86_64, r-release-windows-x86_64, r-oldrel-macos-arm64, r-oldrel-macos-x86_64, r-oldrel-windows-ix86+x86_64