CRAN Package Check Results for Package rWishart

Last updated on 2021-10-17 04:50:33 CEST.

Flavor Version Tinstall Tcheck Ttotal Status Flags
r-devel-linux-x86_64-debian-clang 0.1.2 6.81 57.03 63.84 NOTE
r-devel-linux-x86_64-debian-gcc 0.1.2 5.49 45.53 51.02 NOTE
r-devel-linux-x86_64-fedora-clang 0.1.2 88.00 NOTE
r-devel-linux-x86_64-fedora-gcc 0.1.2 75.95 NOTE
r-devel-windows-x86_64 0.1.2 11.00 68.00 79.00 NOTE
r-devel-windows-x86_64-gcc10-UCRT 0.1.2 NOTE
r-patched-linux-x86_64 0.1.2 5.92 56.37 62.29 NOTE
r-patched-solaris-x86 0.1.2 119.50 NOTE
r-release-linux-x86_64 0.1.2 7.17 56.04 63.21 NOTE
r-release-macos-arm64 0.1.2 NOTE
r-release-macos-x86_64 0.1.2 NOTE
r-release-windows-ix86+x86_64 0.1.2 10.00 80.00 90.00 NOTE
r-oldrel-macos-x86_64 0.1.2 OK
r-oldrel-windows-ix86+x86_64 0.1.2 16.00 82.00 98.00 OK

Check Details

Version: 0.1.2
Check: LazyData
Result: NOTE
     'LazyData' is specified without a 'data' directory
Flavors: r-devel-linux-x86_64-debian-clang, r-devel-linux-x86_64-debian-gcc, r-devel-linux-x86_64-fedora-clang, r-devel-linux-x86_64-fedora-gcc, r-devel-windows-x86_64, r-devel-windows-x86_64-gcc10-UCRT, r-patched-linux-x86_64, r-patched-solaris-x86, r-release-linux-x86_64, r-release-macos-arm64, r-release-macos-x86_64, r-release-windows-ix86+x86_64