CRAN Package Check Results for Package rWishart

Last updated on 2022-11-30 01:54:24 CET.

Flavor Version Tinstall Tcheck Ttotal Status Flags
r-devel-linux-x86_64-debian-clang 0.1.2 7.25 66.08 73.33 NOTE
r-devel-linux-x86_64-debian-gcc 0.1.2 5.77 51.63 57.40 NOTE
r-devel-linux-x86_64-fedora-clang 0.1.2 102.59 NOTE
r-devel-linux-x86_64-fedora-gcc 0.1.2 99.94 NOTE
r-devel-windows-x86_64 0.1.2 15.00 99.00 114.00 NOTE
r-patched-linux-x86_64 0.1.2 7.82 62.58 70.40 NOTE
r-release-linux-x86_64 0.1.2 7.95 63.22 71.17 NOTE
r-release-macos-arm64 0.1.2 29.00 NOTE
r-release-macos-x86_64 0.1.2 41.00 NOTE
r-release-windows-x86_64 0.1.2 17.00 113.00 130.00 NOTE
r-oldrel-macos-arm64 0.1.2 33.00 NOTE
r-oldrel-macos-x86_64 0.1.2 57.00 NOTE
r-oldrel-windows-ix86+x86_64 0.1.2 17.00 91.00 108.00 NOTE

Check Details

Version: 0.1.2
Check: LazyData
Result: NOTE
     'LazyData' is specified without a 'data' directory
Flavors: r-devel-linux-x86_64-debian-clang, r-devel-linux-x86_64-debian-gcc, r-devel-linux-x86_64-fedora-clang, r-devel-linux-x86_64-fedora-gcc, r-devel-windows-x86_64, r-patched-linux-x86_64, r-release-linux-x86_64, r-release-macos-arm64, r-release-macos-x86_64, r-release-windows-x86_64, r-oldrel-macos-arm64, r-oldrel-macos-x86_64, r-oldrel-windows-ix86+x86_64