Last updated on 2022-06-30 02:52:35 CEST.
Flavor | Version | Tinstall | Tcheck | Ttotal | Status | Flags |
---|---|---|---|---|---|---|
r-devel-linux-x86_64-debian-clang | 0.3.1 | 9.60 | 81.00 | 90.60 | OK | |
r-devel-linux-x86_64-debian-gcc | 0.3.1 | 8.44 | 59.82 | 68.26 | OK | |
r-devel-linux-x86_64-fedora-clang | 0.3.1 | 115.70 | NOTE | |||
r-devel-linux-x86_64-fedora-gcc | 0.3.1 | 123.77 | NOTE | |||
r-devel-windows-x86_64 | 0.3.1 | 40.00 | 112.00 | 152.00 | OK | |
r-patched-linux-x86_64 | 0.3.1 | 7.94 | 76.31 | 84.25 | OK | |
r-release-linux-x86_64 | 0.3.1 | 7.54 | 76.41 | 83.95 | OK | |
r-release-macos-arm64 | 0.3.1 | 32.00 | NOTE | |||
r-release-macos-x86_64 | 0.3.1 | 53.00 | NOTE | |||
r-release-windows-x86_64 | 0.3.1 | 41.00 | 109.00 | 150.00 | OK | |
r-oldrel-macos-arm64 | 0.3.1 | 50.00 | NOTE | |||
r-oldrel-macos-x86_64 | 0.3.1 | 47.00 | NOTE | |||
r-oldrel-windows-ix86+x86_64 | 0.3.1 | 25.00 | 105.00 | 130.00 | OK |
Version: 0.3.1
Check: dependencies in R code
Result: NOTE
Namespaces in Imports field not imported from:
‘bookdown’ ‘rmarkdown’ ‘table1’
All declared Imports should be used.
Flavors: r-devel-linux-x86_64-fedora-clang, r-devel-linux-x86_64-fedora-gcc, r-release-macos-arm64, r-release-macos-x86_64, r-oldrel-macos-arm64, r-oldrel-macos-x86_64