Last updated on 2023-02-02 23:50:45 CET.
Flavor | Version | Tinstall | Tcheck | Ttotal | Status | Flags |
---|---|---|---|---|---|---|
r-devel-linux-x86_64-debian-clang | 2.1.0 | 13.83 | 113.40 | 127.23 | NOTE | |
r-devel-linux-x86_64-debian-gcc | 2.1.0 | 12.91 | 85.00 | 97.91 | NOTE | |
r-devel-linux-x86_64-fedora-clang | 2.1.0 | 159.80 | NOTE | |||
r-devel-linux-x86_64-fedora-gcc | 2.1.0 | 168.01 | OK | |||
r-devel-windows-x86_64 | 2.1.0 | 47.00 | 160.00 | 207.00 | NOTE | |
r-patched-linux-x86_64 | 2.1.0 | 14.68 | 107.15 | 121.83 | NOTE | |
r-release-linux-x86_64 | 2.1.0 | 14.31 | 100.68 | 114.99 | NOTE | |
r-release-macos-arm64 | 2.1.0 | 38.00 | NOTE | |||
r-release-macos-x86_64 | 2.1.0 | 62.00 | NOTE | |||
r-release-windows-x86_64 | 2.1.0 | 40.00 | 149.00 | 189.00 | NOTE | |
r-oldrel-macos-arm64 | 2.1.0 | 42.00 | NOTE | |||
r-oldrel-macos-x86_64 | 2.1.0 | 68.00 | NOTE | |||
r-oldrel-windows-ix86+x86_64 | 2.1.0 | 27.00 | 139.00 | 166.00 | NOTE |
Version: 2.1.0
Check: package dependencies
Result: NOTE
Package suggested but not available for checking: ‘INLA’
Flavors: r-devel-linux-x86_64-debian-clang, r-devel-linux-x86_64-debian-gcc, r-devel-windows-x86_64, r-patched-linux-x86_64, r-release-linux-x86_64, r-release-macos-arm64, r-release-macos-x86_64, r-release-windows-x86_64, r-oldrel-macos-arm64, r-oldrel-macos-x86_64
Version: 2.1.0
Check: installed package size
Result: NOTE
installed size is 5.7Mb
sub-directories of 1Mb or more:
R 1.7Mb
doc 2.4Mb
help 1.4Mb
Flavors: r-devel-linux-x86_64-fedora-clang, r-devel-windows-x86_64, r-release-macos-arm64, r-release-macos-x86_64, r-release-windows-x86_64, r-oldrel-macos-arm64, r-oldrel-macos-x86_64, r-oldrel-windows-ix86+x86_64