Last updated on 2023-05-28 06:51:49 CEST.
Flavor | Version | Tinstall | Tcheck | Ttotal | Status | Flags |
---|---|---|---|---|---|---|
r-devel-linux-x86_64-debian-clang | 2.3.1 | 16.43 | 127.94 | 144.37 | NOTE | |
r-devel-linux-x86_64-debian-gcc | 2.3.1 | 15.46 | 97.50 | 112.96 | NOTE | |
r-devel-linux-x86_64-fedora-clang | 2.3.1 | 191.64 | NOTE | |||
r-devel-linux-x86_64-fedora-gcc | 2.3.1 | 191.75 | OK | |||
r-devel-windows-x86_64 | 2.3.1 | 15.00 | 115.00 | 130.00 | NOTE | |
r-patched-linux-x86_64 | 2.3.1 | 19.25 | 121.82 | 141.07 | NOTE | |
r-release-linux-x86_64 | 2.2.0 | 14.65 | 113.27 | 127.92 | NOTE | |
r-release-macos-arm64 | 2.2.0 | 58.00 | NOTE | |||
r-release-macos-x86_64 | 2.2.0 | 129.00 | NOTE | |||
r-release-windows-x86_64 | 2.3.1 | 20.00 | 126.00 | 146.00 | NOTE | |
r-oldrel-macos-arm64 | 2.2.0 | 48.00 | NOTE | |||
r-oldrel-macos-x86_64 | 2.3.1 | 69.00 | NOTE | |||
r-oldrel-windows-x86_64 | 2.3.1 | 21.00 | 121.00 | 142.00 | NOTE |
Version: 2.3.1
Check: package dependencies
Result: NOTE
Package suggested but not available for checking: ‘INLA’
Flavors: r-devel-linux-x86_64-debian-clang, r-devel-linux-x86_64-debian-gcc, r-devel-windows-x86_64, r-patched-linux-x86_64, r-release-windows-x86_64, r-oldrel-macos-x86_64, r-oldrel-windows-x86_64
Version: 2.3.1
Check: installed package size
Result: NOTE
installed size is 5.7Mb
sub-directories of 1Mb or more:
R 1.8Mb
doc 2.4Mb
help 1.4Mb
Flavors: r-devel-linux-x86_64-fedora-clang, r-devel-windows-x86_64, r-release-windows-x86_64, r-oldrel-macos-x86_64, r-oldrel-windows-x86_64
Version: 2.2.0
Check: package dependencies
Result: NOTE
Package suggested but not available for checking: ‘INLA’
Flavors: r-release-linux-x86_64, r-release-macos-arm64, r-release-macos-x86_64, r-oldrel-macos-arm64
Version: 2.2.0
Check: installed package size
Result: NOTE
installed size is 5.7Mb
sub-directories of 1Mb or more:
R 1.8Mb
doc 2.4Mb
help 1.4Mb
Flavors: r-release-macos-arm64, r-release-macos-x86_64, r-oldrel-macos-arm64