CRAN Package Check Results for Package rSHAPE

Last updated on 2022-12-01 12:58:10 CET.

Flavor Version Tinstall Tcheck Ttotal Status Flags
r-devel-linux-x86_64-debian-clang 0.3.2 11.73 82.78 94.51 NOTE
r-devel-linux-x86_64-debian-gcc 0.3.2 8.67 62.19 70.86 NOTE
r-devel-linux-x86_64-fedora-clang 0.3.2 131.89 NOTE
r-devel-linux-x86_64-fedora-gcc 0.3.2 123.22 NOTE
r-devel-windows-x86_64 0.3.2 30.00 118.00 148.00 NOTE
r-patched-linux-x86_64 0.3.2 11.75 76.65 88.40 NOTE
r-release-linux-x86_64 0.3.2 11.35 76.67 88.02 NOTE
r-release-macos-arm64 0.3.2 33.00 NOTE
r-release-macos-x86_64 0.3.2 45.00 NOTE
r-release-windows-x86_64 0.3.2 45.00 132.00 177.00 NOTE
r-oldrel-macos-arm64 0.3.2 35.00 NOTE
r-oldrel-macos-x86_64 0.3.2 54.00 NOTE
r-oldrel-windows-ix86+x86_64 0.3.2 23.00 101.00 124.00 NOTE

Additional issues

donttest

Check Details

Version: 0.3.2
Check: LazyData
Result: NOTE
     'LazyData' is specified without a 'data' directory
Flavors: r-devel-linux-x86_64-debian-clang, r-devel-linux-x86_64-debian-gcc, r-devel-linux-x86_64-fedora-clang, r-devel-linux-x86_64-fedora-gcc, r-devel-windows-x86_64, r-patched-linux-x86_64, r-release-linux-x86_64, r-release-macos-arm64, r-release-macos-x86_64, r-release-windows-x86_64, r-oldrel-macos-arm64, r-oldrel-macos-x86_64, r-oldrel-windows-ix86+x86_64