Last updated on 2023-12-11 18:53:41 CET.
Flavor | Version | Tinstall | Tcheck | Ttotal | Status | Flags |
---|---|---|---|---|---|---|
r-devel-linux-x86_64-debian-clang | 1.0.5 | 24.83 | 237.93 | 262.76 | OK | |
r-devel-linux-x86_64-debian-gcc | 1.0.5 | 20.98 | 179.90 | 200.88 | OK | |
r-devel-linux-x86_64-fedora-clang | 1.0.5 | 322.86 | OK | |||
r-devel-linux-x86_64-fedora-gcc | 1.0.5 | 314.09 | OK | |||
r-devel-windows-x86_64 | 1.0.5 | 19.00 | 159.00 | 178.00 | OK | |
r-patched-linux-x86_64 | 1.0.5 | 19.19 | 234.53 | 253.72 | OK | |
r-release-linux-x86_64 | 1.0.5 | 22.04 | 232.00 | 254.04 | OK | |
r-release-macos-arm64 | 1.0.5 | 82.00 | OK | |||
r-release-macos-x86_64 | 1.0.5 | 226.00 | OK | |||
r-release-windows-x86_64 | 1.0.5 | 26.00 | 219.00 | 245.00 | OK | |
r-oldrel-macos-arm64 | 1.0.5 | 80.00 | OK | |||
r-oldrel-macos-x86_64 | 1.0.3 | 137.00 | FAIL | |||
r-oldrel-windows-x86_64 | 1.0.5 | 28.00 | 207.00 | 235.00 | OK |
Version: 1.0.4
Check: dependencies in R code
Result: FAIL
Flavor: r-oldrel-macos-x86_64