CRAN Package Check Results for Package rJST

Last updated on 2019-02-20 00:55:24 CET.

Flavor Version Tinstall Tcheck Ttotal Status Flags
r-devel-linux-x86_64-debian-clang 1.0 55.52 93.54 149.06 OK
r-devel-linux-x86_64-debian-gcc 1.0 44.10 60.85 104.95 OK
r-devel-linux-x86_64-fedora-clang 1.0 207.36 NOTE
r-devel-linux-x86_64-fedora-gcc 1.0 193.45 NOTE
r-devel-windows-ix86+x86_64 1.0 148.00 166.00 314.00 OK
r-patched-linux-x86_64 1.0 OK
r-patched-solaris-x86 1.0 205.00 NOTE
r-release-linux-x86_64 1.0 51.99 91.56 143.55 OK
r-release-windows-ix86+x86_64 1.0 105.00 164.00 269.00 OK
r-release-osx-x86_64 1.0 NOTE
r-oldrel-windows-ix86+x86_64 1.0 113.00 167.00 280.00 OK
r-oldrel-osx-x86_64 1.0 NOTE

Check Details

Version: 1.0
Check: dependencies in R code
Result: NOTE
    Namespaces in Imports field not imported from:
     ‘Rcpp’ ‘RcppProgress’ ‘magrittr’
     All declared Imports should be used.
Flavors: r-devel-linux-x86_64-fedora-clang, r-devel-linux-x86_64-fedora-gcc, r-patched-solaris-x86, r-release-osx-x86_64, r-oldrel-osx-x86_64