CRAN Package Check Results for Package rJST

Last updated on 2019-04-24 14:47:42 CEST.

Flavor Version Tinstall Tcheck Ttotal Status Flags
r-devel-linux-x86_64-debian-clang 1.0 61.19 92.80 153.99 OK
r-devel-linux-x86_64-debian-gcc 1.0 46.71 62.11 108.82 OK
r-devel-linux-x86_64-fedora-clang 1.0 204.54 NOTE
r-devel-linux-x86_64-fedora-gcc 1.0 197.67 NOTE
r-devel-windows-ix86+x86_64 1.0 144.00 139.00 283.00 OK
r-patched-linux-x86_64 1.0 50.46 91.37 141.83 OK
r-patched-solaris-x86 1.0 218.80 NOTE
r-release-linux-x86_64 1.0 60.64 92.20 152.84 OK
r-release-windows-ix86+x86_64 1.0 102.00 159.00 261.00 OK
r-release-osx-x86_64 1.0 NOTE
r-oldrel-windows-ix86+x86_64 1.0 136.00 172.00 308.00 OK
r-oldrel-osx-x86_64 1.0 NOTE

Check Details

Version: 1.0
Check: dependencies in R code
Result: NOTE
    Namespaces in Imports field not imported from:
     ‘Rcpp’ ‘RcppProgress’ ‘magrittr’
     All declared Imports should be used.
Flavors: r-devel-linux-x86_64-fedora-clang, r-devel-linux-x86_64-fedora-gcc, r-patched-solaris-x86, r-release-osx-x86_64, r-oldrel-osx-x86_64