CRAN Package Check Results for Package rENA

Last updated on 2022-10-04 02:54:50 CEST.

Flavor Version Tinstall Tcheck Ttotal Status Flags
r-devel-linux-x86_64-debian-clang 0.2.4 50.57 138.86 189.43 NOTE
r-devel-linux-x86_64-debian-gcc 0.2.4 36.78 99.86 136.64 NOTE
r-devel-linux-x86_64-fedora-clang 0.2.4 228.21 NOTE
r-devel-linux-x86_64-fedora-gcc 0.2.4 219.55 NOTE
r-devel-windows-x86_64 0.2.4 73.00 172.00 245.00 NOTE
r-patched-linux-x86_64 0.2.4 30.23 120.51 150.74 OK
r-release-linux-x86_64 0.2.4 33.94 118.14 152.08 OK
r-release-macos-arm64 0.2.4 51.00 OK
r-release-macos-x86_64 0.2.4 86.00 OK
r-release-windows-x86_64 0.2.4 71.00 167.00 238.00 OK
r-oldrel-macos-arm64 0.2.4 57.00 OK
r-oldrel-macos-x86_64 0.2.4 65.00 OK
r-oldrel-windows-ix86+x86_64 0.2.4 108.00 208.00 316.00 OK

Check Details

Version: 0.2.4
Check: Rd files
Result: NOTE
    checkRd: (-1) ena.plot.group.Rd:44: Escaped LaTeX specials: \$
    checkRd: (-1) ena.plot.group.Rd:46: Escaped LaTeX specials: \$
    checkRd: (-1) ena.plot.group.Rd:48: Escaped LaTeX specials: \$
    checkRd: (-1) ena.plot.trajectory.Rd:38: Escaped LaTeX specials: \$
    checkRd: (-1) ena.plot.trajectory.Rd:40: Escaped LaTeX specials: \$
    checkRd: (-1) ena.plot.trajectory.Rd:42: Escaped LaTeX specials: \$
Flavors: r-devel-linux-x86_64-debian-clang, r-devel-linux-x86_64-debian-gcc, r-devel-linux-x86_64-fedora-clang, r-devel-linux-x86_64-fedora-gcc, r-devel-windows-x86_64