Last updated on 2023-05-28 06:51:48 CEST.
Flavor | Version | Tinstall | Tcheck | Ttotal | Status | Flags |
---|---|---|---|---|---|---|
r-devel-linux-x86_64-debian-clang | 0.2.4 | 48.53 | 142.18 | 190.71 | NOTE | |
r-devel-linux-x86_64-debian-gcc | 0.2.4 | 39.36 | 104.44 | 143.80 | NOTE | |
r-devel-linux-x86_64-fedora-clang | 0.2.4 | 219.13 | NOTE | |||
r-devel-linux-x86_64-fedora-gcc | 0.2.4 | 205.89 | NOTE | |||
r-devel-windows-x86_64 | 0.2.4 | 38.00 | 128.00 | 166.00 | NOTE | |
r-patched-linux-x86_64 | 0.2.4 | 40.54 | 121.64 | 162.18 | NOTE | |
r-release-linux-x86_64 | 0.2.4 | 30.23 | 121.08 | 151.31 | NOTE | |
r-release-macos-arm64 | 0.2.4 | 59.00 | NOTE | |||
r-release-macos-x86_64 | 0.2.4 | 89.00 | NOTE | |||
r-release-windows-x86_64 | 0.2.4 | 50.00 | 156.00 | 206.00 | NOTE | |
r-oldrel-macos-arm64 | 0.2.4 | 51.00 | OK | |||
r-oldrel-macos-x86_64 | 0.2.4 | 86.00 | OK | |||
r-oldrel-windows-x86_64 | 0.2.4 | 48.00 | 141.00 | 189.00 | OK |
Version: 0.2.4
Check: Rd files
Result: NOTE
checkRd: (-1) ena.plot.group.Rd:44: Escaped LaTeX specials: \$
checkRd: (-1) ena.plot.group.Rd:46: Escaped LaTeX specials: \$
checkRd: (-1) ena.plot.group.Rd:48: Escaped LaTeX specials: \$
checkRd: (-1) ena.plot.trajectory.Rd:38: Escaped LaTeX specials: \$
checkRd: (-1) ena.plot.trajectory.Rd:40: Escaped LaTeX specials: \$
checkRd: (-1) ena.plot.trajectory.Rd:42: Escaped LaTeX specials: \$
Flavors: r-devel-linux-x86_64-debian-clang, r-devel-linux-x86_64-debian-gcc, r-devel-linux-x86_64-fedora-clang, r-devel-linux-x86_64-fedora-gcc, r-devel-windows-x86_64, r-patched-linux-x86_64, r-release-linux-x86_64, r-release-macos-arm64, r-release-macos-x86_64, r-release-windows-x86_64
Version: 0.2.4
Check: C++ specification
Result: NOTE
Specified C++11: please drop specification unless essential
Flavors: r-devel-windows-x86_64, r-release-windows-x86_64