CRAN Package Check Results for Package rENA

Last updated on 2020-09-24 03:53:06 CEST.

Flavor Version Tinstall Tcheck Ttotal Status Flags
r-devel-linux-x86_64-debian-clang 0.2.1.0 45.09 145.67 190.76 ERROR
r-devel-linux-x86_64-debian-gcc 0.2.1.0 34.55 110.45 145.00 OK
r-devel-linux-x86_64-fedora-clang 0.2.1.0 229.40 NOTE
r-devel-linux-x86_64-fedora-gcc 0.2.1.0 215.53 OK
r-devel-windows-ix86+x86_64 0.2.1.0 105.00 229.00 334.00 NOTE
r-patched-linux-x86_64 0.2.1.0 36.77 133.58 170.35 OK
r-patched-solaris-x86 0.2.1.0 195.40 ERROR
r-release-linux-x86_64 0.2.1.0 40.08 132.81 172.89 OK
r-release-macos-x86_64 0.2.1.0 ERROR
r-release-windows-ix86+x86_64 0.2.1.0 88.00 184.00 272.00 NOTE
r-oldrel-macos-x86_64 0.2.1.0 ERROR
r-oldrel-windows-ix86+x86_64 0.2.1.0 71.00 172.00 243.00 NOTE

Check Details

Version: 0.2.1.0
Check: tests
Result: ERROR
     Running 'testthat.R' [52s/32s]
    Running the tests in 'tests/testthat.R' failed.
    Complete output:
     > library(testthat)
     > library(rENA)
    
     Attaching package: 'rENA'
    
     The following object is masked from 'package:methods':
    
     show
    
     >
     > test_check("rENA")
     -- 1. Error: Test writeup output (@test.ena.make.set.R#220) -------------------
     invalid multibyte string, element 1
     Backtrace:
     1. base::suppressWarnings(...)
     5. rENA::ena.writeup(...)
     6. rmarkdown::render(...)
     7. knitr::knit(knit_input, knit_output, envir = envir, quiet = quiet)
     8. knitr:::process_file(text, output)
     11. knitr:::process_group.inline(group)
     12. knitr:::call_inline(x)
     14. knitr:::inline_exec(block)
    
     [1] "Using custom rotation.set."
     [1] "Using custom rotation.set."
     == testthat results ===========================================================
     [ OK: 240 | SKIPPED: 0 | WARNINGS: 0 | FAILED: 1 ]
     1. Error: Test writeup output (@test.ena.make.set.R#220)
    
     Error: testthat unit tests failed
     Execution halted
Flavor: r-devel-linux-x86_64-debian-clang

Version: 0.2.1.0
Check: installed package size
Result: NOTE
     installed size is 10.5Mb
     sub-directories of 1Mb or more:
     doc 7.0Mb
     libs 2.8Mb
Flavors: r-devel-linux-x86_64-fedora-clang, r-devel-windows-ix86+x86_64, r-patched-solaris-x86, r-release-macos-x86_64, r-release-windows-ix86+x86_64, r-oldrel-macos-x86_64, r-oldrel-windows-ix86+x86_64

Version: 0.2.1.0
Check: tests
Result: ERROR
     Running ‘testthat.R’ [38s/38s]
    Running the tests in ‘tests/testthat.R’ failed.
    Complete output:
     > library(testthat)
     > library(rENA)
    
     Attaching package: 'rENA'
    
     The following object is masked from 'package:methods':
    
     show
    
     >
     > test_check("rENA")
     ── 1. Error: Test writeup output (@test.ena.make.set.R#220) ───────────────────
     pandoc version 1.12.3 or higher is required and was not found (see the help page ?rmarkdown::pandoc_available).
     Backtrace:
     1. base::suppressWarnings(...)
     5. rENA::ena.writeup(...)
     6. rmarkdown::render(...)
     7. rmarkdown::pandoc_available(required_pandoc, error = TRUE)
    
     [1] "Using custom rotation.set."
     [1] "Using custom rotation.set."
     ══ testthat results ═══════════════════════════════════════════════════════════
     [ OK: 240 | SKIPPED: 0 | WARNINGS: 0 | FAILED: 1 ]
     1. Error: Test writeup output (@test.ena.make.set.R#220)
    
     Error: testthat unit tests failed
     Execution halted
Flavor: r-patched-solaris-x86

Version: 0.2.1.0
Check: re-building of vignette outputs
Result: WARN
    Error(s) in re-building vignettes:
     ...
    --- re-building ‘getting-started.Rmd’ using rmarkdown
    Warning in engine$weave(file, quiet = quiet, encoding = enc) :
     Pandoc (>= 1.12.3) and/or pandoc-citeproc not available. Falling back to R Markdown v1.
    
    Attaching package: 'rENA'
    
    The following object is masked from 'package:methods':
    
     show
    
    Loading required package: ggplot2
    
    Attaching package: 'plotly'
    
    The following object is masked from 'package:ggplot2':
    
     last_plot
    
    The following object is masked from 'package:stats':
    
     filter
    
    The following object is masked from 'package:graphics':
    
     layout
    
    Quitting from lines 107-117 (getting-started.Rmd)
    Error: processing vignette 'getting-started.Rmd' failed with diagnostics:
    there is no package called 'webshot'
    --- failed re-building ‘getting-started.Rmd’
    
    --- re-building ‘means-rotation.Rmd’ using rmarkdown
    Warning in engine$weave(file, quiet = quiet, encoding = enc) :
     Pandoc (>= 1.12.3) and/or pandoc-citeproc not available. Falling back to R Markdown v1.
    Loading required package: ggplot2
    
    Attaching package: 'plotly'
    
    The following object is masked from 'package:ggplot2':
    
     last_plot
    
    The following object is masked from 'package:stats':
    
     filter
    
    The following object is masked from 'package:graphics':
    
     layout
    
    
    Attaching package: 'rENA'
    
    The following object is masked from 'package:methods':
    
     show
    
    Quitting from lines 56-82 (means-rotation.Rmd)
    Error: processing vignette 'means-rotation.Rmd' failed with diagnostics:
    there is no package called 'webshot'
    --- failed re-building ‘means-rotation.Rmd’
    
    SUMMARY: processing the following files failed:
     ‘getting-started.Rmd’ ‘means-rotation.Rmd’
    
    Error: Vignette re-building failed.
    Execution halted
Flavor: r-patched-solaris-x86

Version: 0.2.1.0
Check: tests
Result: ERROR
     Running ‘testthat.R’ [14s/14s]
    Running the tests in ‘tests/testthat.R’ failed.
    Last 13 lines of output:
     pandoc version 1.12.3 or higher is required and was not found (see the help page ?rmarkdown::pandoc_available).
     Backtrace:
     1. base::suppressWarnings(...)
     5. rENA::ena.writeup(...)
     6. rmarkdown::render(...)
     7. rmarkdown::pandoc_available(required_pandoc, error = TRUE)
    
     [1] "Using custom rotation.set."
     [1] "Using custom rotation.set."
     ══ testthat results ═══════════════════════════════════════════════════════════
     [ OK: 240 | SKIPPED: 0 | WARNINGS: 0 | FAILED: 1 ]
     1. Error: Test writeup output (@test.ena.make.set.R#220)
    
     Error: testthat unit tests failed
     Execution halted
Flavor: r-release-macos-x86_64

Version: 0.2.1.0
Check: re-building of vignette outputs
Result: WARN
    Error(s) in re-building vignettes:
    --- re-building ‘getting-started.Rmd’ using rmarkdown
    Warning in engine$weave(file, quiet = quiet, encoding = enc) :
     Pandoc (>= 1.12.3) and/or pandoc-citeproc not available. Falling back to R Markdown v1.
    
    Attaching package: 'rENA'
    
    The following object is masked from 'package:methods':
    
     show
    
    Loading required package: ggplot2
    
    Attaching package: 'plotly'
    
    The following object is masked from 'package:ggplot2':
    
     last_plot
    
    The following object is masked from 'package:stats':
    
     filter
    
    The following object is masked from 'package:graphics':
    
     layout
    
    Quitting from lines 107-117 (getting-started.Rmd)
    Error: processing vignette 'getting-started.Rmd' failed with diagnostics:
    cannot open the connection
    --- failed re-building ‘getting-started.Rmd’
    
    --- re-building ‘means-rotation.Rmd’ using rmarkdown
    Warning in engine$weave(file, quiet = quiet, encoding = enc) :
     Pandoc (>= 1.12.3) and/or pandoc-citeproc not available. Falling back to R Markdown v1.
    Loading required package: ggplot2
    
    Attaching package: 'plotly'
    
    The following object is masked from 'package:ggplot2':
    
     last_plot
    
    The following object is masked from 'package:stats':
    
     filter
    
    The following object is masked from 'package:graphics':
    
     layout
    
    
    Attaching package: 'rENA'
    
    The following object is masked from 'package:methods':
    
     show
    
    Quitting from lines 56-82 (means-rotation.Rmd)
    Error: processing vignette 'means-rotation.Rmd' failed with diagnostics:
    cannot open the connection
    --- failed re-building ‘means-rotation.Rmd’
    
    SUMMARY: processing the following files failed:
     ‘getting-started.Rmd’ ‘means-rotation.Rmd’
    
    Error: Vignette re-building failed.
    Execution halted
Flavors: r-release-macos-x86_64, r-oldrel-macos-x86_64

Version: 0.2.1.0
Check: tests
Result: ERROR
     Running ‘testthat.R’ [84s/26s]
    Running the tests in ‘tests/testthat.R’ failed.
    Last 13 lines of output:
     pandoc version 1.12.3 or higher is required and was not found (see the help page ?rmarkdown::pandoc_available).
     Backtrace:
     1. base::suppressWarnings(...)
     5. rENA::ena.writeup(...)
     6. rmarkdown::render(...)
     7. rmarkdown::pandoc_available(required_pandoc, error = TRUE)
    
     [1] "Using custom rotation.set."
     [1] "Using custom rotation.set."
     ══ testthat results ═══════════════════════════════════════════════════════════
     [ OK: 240 | SKIPPED: 0 | WARNINGS: 0 | FAILED: 1 ]
     1. Error: Test writeup output (@test.ena.make.set.R#220)
    
     Error: testthat unit tests failed
     Execution halted
Flavor: r-oldrel-macos-x86_64