Last updated on 2023-02-07 09:57:54 CET.
Flavor | Version | Tinstall | Tcheck | Ttotal | Status | Flags |
---|---|---|---|---|---|---|
r-devel-linux-x86_64-debian-clang | 0.2.4 | 49.14 | 142.41 | 191.55 | NOTE | |
r-devel-linux-x86_64-debian-gcc | 0.2.4 | 33.63 | 104.09 | 137.72 | NOTE | |
r-devel-linux-x86_64-fedora-clang | 0.2.4 | 215.39 | NOTE | |||
r-devel-linux-x86_64-fedora-gcc | 0.2.4 | 200.44 | NOTE | |||
r-devel-windows-x86_64 | 0.2.4 | 86.00 | 185.00 | 271.00 | NOTE | |
r-patched-linux-x86_64 | 0.2.4 | 30.34 | 124.29 | 154.63 | OK | |
r-release-linux-x86_64 | 0.2.4 | 30.85 | 126.45 | 157.30 | OK | |
r-release-macos-arm64 | 0.2.4 | 51.00 | OK | |||
r-release-macos-x86_64 | 0.2.4 | 86.00 | OK | |||
r-release-windows-x86_64 | 0.2.4 | 77.00 | 183.00 | 260.00 | OK | |
r-oldrel-macos-arm64 | 0.2.4 | 57.00 | OK | |||
r-oldrel-macos-x86_64 | 0.2.4 | 65.00 | OK | |||
r-oldrel-windows-ix86+x86_64 | 0.2.4 | 108.00 | 221.00 | 329.00 | OK |
Version: 0.2.4
Check: Rd files
Result: NOTE
checkRd: (-1) ena.plot.group.Rd:44: Escaped LaTeX specials: \$
checkRd: (-1) ena.plot.group.Rd:46: Escaped LaTeX specials: \$
checkRd: (-1) ena.plot.group.Rd:48: Escaped LaTeX specials: \$
checkRd: (-1) ena.plot.trajectory.Rd:38: Escaped LaTeX specials: \$
checkRd: (-1) ena.plot.trajectory.Rd:40: Escaped LaTeX specials: \$
checkRd: (-1) ena.plot.trajectory.Rd:42: Escaped LaTeX specials: \$
Flavors: r-devel-linux-x86_64-debian-clang, r-devel-linux-x86_64-debian-gcc, r-devel-linux-x86_64-fedora-clang, r-devel-linux-x86_64-fedora-gcc, r-devel-windows-x86_64
Version: 0.2.4
Check: C++ specification
Result: NOTE
Specified C++11: please update to current default of C++17
Flavor: r-devel-windows-x86_64