CRAN Package Check Results for Package rEDM

Last updated on 2019-08-24 03:48:17 CEST.

Flavor Version Tinstall Tcheck Ttotal Status Flags
r-devel-linux-x86_64-debian-clang 0.7.2 78.17 97.32 175.49 OK
r-devel-linux-x86_64-debian-gcc 0.7.2 73.05 79.20 152.25 OK
r-devel-linux-x86_64-fedora-clang 0.7.2 245.73 NOTE
r-devel-linux-x86_64-fedora-gcc 0.7.2 249.32 OK
r-devel-windows-ix86+x86_64 0.7.2 153.00 157.00 310.00 OK
r-patched-linux-x86_64 0.7.2 78.61 99.64 178.25 OK
r-patched-solaris-x86 0.7.2 261.10 OK
r-release-linux-x86_64 0.7.2 75.25 99.09 174.34 OK
r-release-windows-ix86+x86_64 0.7.2 198.00 188.00 386.00 OK
r-release-osx-x86_64 0.7.2 NOTE
r-oldrel-windows-ix86+x86_64 0.7.2 196.00 183.00 379.00 OK
r-oldrel-osx-x86_64 0.7.2 NOTE

Check Details

Version: 0.7.2
Check: installed package size
Result: NOTE
     installed size is 18.0Mb
     sub-directories of 1Mb or more:
     doc 2.1Mb
     libs 15.6Mb
Flavors: r-devel-linux-x86_64-fedora-clang, r-release-osx-x86_64, r-oldrel-osx-x86_64