CRAN Package Check Results for Package rEDM

Last updated on 2019-04-19 16:51:43 CEST.

Flavor Version Tinstall Tcheck Ttotal Status Flags
r-devel-linux-x86_64-debian-clang 0.7.2 74.59 97.21 171.80 OK
r-devel-linux-x86_64-debian-gcc 0.7.2 70.83 78.70 149.53 OK
r-devel-linux-x86_64-fedora-clang 0.7.2 247.20 NOTE
r-devel-linux-x86_64-fedora-gcc 0.7.2 232.71 OK
r-devel-windows-ix86+x86_64 0.7.2 213.00 189.00 402.00 OK
r-patched-linux-x86_64 0.7.2 78.43 99.89 178.32 OK
r-patched-solaris-x86 0.7.2 251.10 OK
r-release-linux-x86_64 0.7.2 77.57 90.38 167.95 OK
r-release-windows-ix86+x86_64 0.7.2 156.00 184.00 340.00 OK
r-release-osx-x86_64 0.7.2 NOTE
r-oldrel-windows-ix86+x86_64 0.7.2 167.00 209.00 376.00 OK
r-oldrel-osx-x86_64 0.7.2 NOTE

Check Details

Version: 0.7.2
Check: installed package size
Result: NOTE
     installed size is 17.6Mb
     sub-directories of 1Mb or more:
     doc 2.1Mb
     libs 15.2Mb
Flavors: r-devel-linux-x86_64-fedora-clang, r-release-osx-x86_64, r-oldrel-osx-x86_64