CRAN Package Check Results for Package rEDM

Last updated on 2019-02-16 07:48:49 CET.

Flavor Version Tinstall Tcheck Ttotal Status Flags
r-devel-linux-x86_64-debian-clang 0.7.2 81.68 94.97 176.65 OK
r-devel-linux-x86_64-debian-gcc 0.7.2 70.53 78.33 148.86 OK
r-devel-linux-x86_64-fedora-clang 0.7.2 245.14 NOTE
r-devel-linux-x86_64-fedora-gcc 0.7.2 227.59 OK
r-devel-windows-ix86+x86_64 0.7.2 203.00 186.00 389.00 OK
r-patched-linux-x86_64 0.7.2 82.84 89.43 172.27 OK
r-patched-solaris-x86 0.7.2 232.70 OK
r-release-linux-x86_64 0.7.2 77.06 89.76 166.82 OK
r-release-windows-ix86+x86_64 0.7.2 147.00 181.00 328.00 OK
r-release-osx-x86_64 0.7.2 NOTE
r-oldrel-windows-ix86+x86_64 0.7.2 193.00 197.00 390.00 OK
r-oldrel-osx-x86_64 0.7.2 NOTE

Check Details

Version: 0.7.2
Check: installed package size
Result: NOTE
     installed size is 17.6Mb
     sub-directories of 1Mb or more:
     doc 2.1Mb
     libs 15.2Mb
Flavors: r-devel-linux-x86_64-fedora-clang, r-release-osx-x86_64, r-oldrel-osx-x86_64