CRAN Package Check Results for Package rDotNet

Last updated on 2019-04-25 10:49:16 CEST.

Flavor Version Tinstall Tcheck Ttotal Status Flags
r-devel-linux-x86_64-debian-clang 0.9.1 38.32 24.89 63.21 OK
r-devel-linux-x86_64-debian-gcc 0.9.1 32.04 20.40 52.44 OK
r-devel-linux-x86_64-fedora-clang 0.9.1 98.82 WARN
r-devel-linux-x86_64-fedora-gcc 0.9.1 87.66 WARN
r-devel-windows-ix86+x86_64 0.9.1 123.00 58.00 181.00 OK
r-patched-linux-x86_64 0.9.1 40.06 25.19 65.25 OK
r-patched-solaris-x86 0.9.1 107.90 OK
r-release-linux-x86_64 0.9.1 36.61 23.74 60.35 OK
r-release-windows-ix86+x86_64 0.9.1 91.00 75.00 166.00 OK
r-release-osx-x86_64 0.9.1 WARN
r-oldrel-windows-ix86+x86_64 0.9.1 108.00 56.00 164.00 OK
r-oldrel-osx-x86_64 0.9.1 WARN

Check Details

Version: 0.9.1
Check: if this is a source package
Result: WARN
    Subdirectory ‘src’ contains:
     CLRApi.hpp CLRFactory.hpp CLRObjectRef.hpp Common.hpp OS.hpp
     RValue.hpp TcpClient.hpp
    These are unlikely file names for src files.
Flavors: r-devel-linux-x86_64-fedora-clang, r-devel-linux-x86_64-fedora-gcc, r-release-osx-x86_64, r-oldrel-osx-x86_64