CRAN Package Check Results for Package rDotNet

Last updated on 2019-07-21 07:49:18 CEST.

Flavor Version Tinstall Tcheck Ttotal Status Flags
r-devel-linux-x86_64-debian-clang 0.9.1 36.94 24.94 61.88 OK
r-devel-linux-x86_64-debian-gcc 0.9.1 31.20 20.93 52.13 OK
r-devel-linux-x86_64-fedora-clang 0.9.1 97.55 WARN
r-devel-linux-x86_64-fedora-gcc 0.9.1 90.28 WARN
r-devel-windows-ix86+x86_64 0.9.1 97.00 86.00 183.00 OK
r-patched-linux-x86_64 0.9.1 38.26 25.15 63.41 OK
r-patched-solaris-x86 0.9.1 103.00 OK
r-release-linux-x86_64 0.9.1 41.38 24.92 66.30 OK
r-release-windows-ix86+x86_64 0.9.1 96.00 62.00 158.00 OK
r-release-osx-x86_64 0.9.1 WARN
r-oldrel-windows-ix86+x86_64 0.9.1 129.00 59.00 188.00 OK
r-oldrel-osx-x86_64 0.9.1 WARN

Check Details

Version: 0.9.1
Check: if this is a source package
Result: WARN
    Subdirectory ‘src’ contains:
     CLRApi.hpp CLRFactory.hpp CLRObjectRef.hpp Common.hpp OS.hpp
     RValue.hpp TcpClient.hpp
    These are unlikely file names for src files.
Flavors: r-devel-linux-x86_64-fedora-clang, r-devel-linux-x86_64-fedora-gcc, r-release-osx-x86_64, r-oldrel-osx-x86_64