Last updated on 2023-01-31 00:51:10 CET.
Flavor | Version | Tinstall | Tcheck | Ttotal | Status | Flags |
---|---|---|---|---|---|---|
r-devel-linux-x86_64-debian-clang | 1.2-6 | 6.65 | 63.40 | 70.05 | WARN | |
r-devel-linux-x86_64-debian-gcc | 1.2-6 | 3.87 | 47.37 | 51.24 | WARN | |
r-devel-linux-x86_64-fedora-clang | 1.2-6 | 84.75 | WARN | |||
r-devel-linux-x86_64-fedora-gcc | 1.2-6 | 84.06 | WARN | |||
r-devel-windows-x86_64 | 1.2-6 | 37.00 | 95.00 | 132.00 | OK | |
r-patched-linux-x86_64 | 1.2-6 | 5.33 | 60.61 | 65.94 | OK | |
r-release-linux-x86_64 | 1.2-6 | 5.27 | 61.04 | 66.31 | OK | |
r-release-macos-arm64 | 1.2-6 | 33.00 | OK | |||
r-release-macos-x86_64 | 1.2-6 | 40.00 | OK | |||
r-release-windows-x86_64 | 1.2-6 | 19.00 | 99.00 | 118.00 | OK | |
r-oldrel-macos-arm64 | 1.2-6 | 34.00 | OK | |||
r-oldrel-macos-x86_64 | 1.2-6 | 58.00 | OK | |||
r-oldrel-windows-ix86+x86_64 | 1.2-6 | 15.00 | 136.00 | 151.00 | OK |
Version: 1.2-6
Check: whether package can be installed
Result: WARN
Found the following significant warnings:
rDEA_init.c:11:28: warning: a function declaration without a prototype is deprecated in all versions of C [-Wstrict-prototypes]
See ‘/home/hornik/tmp/R.check/r-devel-clang/Work/PKGS/rDEA.Rcheck/00install.out’ for details.
* used C compiler: ‘Debian clang version 15.0.6’
Flavor: r-devel-linux-x86_64-debian-clang
Version: 1.2-6
Check: whether package can be installed
Result: WARN
Found the following significant warnings:
rDEA_init.c:11:1: warning: function declaration isn’t a prototype [-Wstrict-prototypes]
See ‘/home/hornik/tmp/R.check/r-devel-gcc/Work/PKGS/rDEA.Rcheck/00install.out’ for details.
* used C compiler: ‘gcc-12 (Debian 12.2.0-14) 12.2.0’
Flavor: r-devel-linux-x86_64-debian-gcc
Version: 1.2-6
Check: whether package can be installed
Result: WARN
Found the following significant warnings:
rDEA_init.c:11:28: warning: a function declaration without a prototype is deprecated in all versions of C [-Wstrict-prototypes]
See ‘/data/gannet/ripley/R/packages/tests-clang/rDEA.Rcheck/00install.out’ for details.
* used C compiler: ‘clang version 15.0.7’
Flavor: r-devel-linux-x86_64-fedora-clang
Version: 1.2-6
Check: Rd cross-references
Result: NOTE
Undeclared package ‘Rglpk’ in Rd xrefs
Flavor: r-devel-linux-x86_64-fedora-clang
Version: 1.2-6
Check: whether package can be installed
Result: WARN
Found the following significant warnings:
rDEA_init.c:11:1: warning: function declaration isn’t a prototype [-Wstrict-prototypes]
See ‘/data/gannet/ripley/R/packages/tests-devel/rDEA.Rcheck/00install.out’ for details.
* used C compiler: ‘gcc (GCC) 12.2.1 20221121 (Red Hat 12.2.1-4)’
Flavor: r-devel-linux-x86_64-fedora-gcc