CRAN Package Check Results for Package rDEA

Last updated on 2019-07-15 22:55:16 CEST.

Flavor Version Tinstall Tcheck Ttotal Status Flags
r-devel-linux-x86_64-debian-clang 1.2-5 4.75 49.64 54.39 OK
r-devel-linux-x86_64-debian-gcc 1.2-5 3.66 39.41 43.07 OK
r-devel-linux-x86_64-fedora-clang 1.2-5 64.13 NOTE
r-devel-linux-x86_64-fedora-gcc 1.2-5 62.50 NOTE
r-devel-windows-ix86+x86_64 1.2-5 15.00 84.00 99.00 OK
r-patched-linux-x86_64 1.2-5 4.58 49.18 53.76 OK
r-patched-solaris-x86 1.2-5 101.20 OK
r-release-linux-x86_64 1.2-5 4.61 49.23 53.84 OK
r-release-windows-ix86+x86_64 1.2-5 11.00 114.00 125.00 OK
r-release-osx-x86_64 1.2-5 OK
r-oldrel-windows-ix86+x86_64 1.2-5 16.00 86.00 102.00 OK
r-oldrel-osx-x86_64 1.2-5 OK

Check Details

Version: 1.2-5
Check: compiled code
Result: NOTE
    File ‘rDEA/libs/rDEA.so’:
     Found no calls to: ‘R_registerRoutines’, ‘R_useDynamicSymbols’
    
    It is good practice to register native routines and to disable symbol
    search.
    
    See ‘Writing portable packages’ in the ‘Writing R Extensions’ manual.
Flavors: r-devel-linux-x86_64-fedora-clang, r-devel-linux-x86_64-fedora-gcc