CRAN Package Check Results for Package rDEA

Last updated on 2019-04-23 17:51:47 CEST.

Flavor Version Tinstall Tcheck Ttotal Status Flags
r-devel-linux-x86_64-debian-clang 1.2-5 4.42 50.11 54.53 OK
r-devel-linux-x86_64-debian-gcc 1.2-5 3.76 38.76 42.52 OK
r-devel-linux-x86_64-fedora-clang 1.2-5 63.69 NOTE
r-devel-linux-x86_64-fedora-gcc 1.2-5 61.46 NOTE
r-devel-windows-ix86+x86_64 1.2-5 14.00 90.00 104.00 OK
r-patched-linux-x86_64 1.2-5 4.08 49.41 53.49 OK
r-patched-solaris-x86 1.2-5 94.10 OK
r-release-linux-x86_64 1.2-5 3.74 47.85 51.59 OK
r-release-windows-ix86+x86_64 1.2-5 8.00 114.00 122.00 OK
r-release-osx-x86_64 1.2-5 OK
r-oldrel-windows-ix86+x86_64 1.2-5 12.00 116.00 128.00 OK
r-oldrel-osx-x86_64 1.2-5 OK

Check Details

Version: 1.2-5
Check: compiled code
Result: NOTE
    File ‘rDEA/libs/rDEA.so’:
     Found no calls to: ‘R_registerRoutines’, ‘R_useDynamicSymbols’
    
    It is good practice to register native routines and to disable symbol
    search.
    
    See ‘Writing portable packages’ in the ‘Writing R Extensions’ manual.
Flavors: r-devel-linux-x86_64-fedora-clang, r-devel-linux-x86_64-fedora-gcc