CRAN Package Check Results for Package rClinicalCodes

Last updated on 2019-05-22 21:51:17 CEST.

Flavor Version Tinstall Tcheck Ttotal Status Flags
r-devel-linux-x86_64-debian-clang 1.0.1 3.16 33.72 36.88 NOTE
r-devel-linux-x86_64-debian-gcc 1.0.1 3.26 27.57 30.83 NOTE
r-devel-linux-x86_64-fedora-clang 1.0.1 49.61 NOTE
r-devel-linux-x86_64-fedora-gcc 1.0.1 44.02 NOTE
r-devel-windows-ix86+x86_64 1.0.1 8.00 67.00 75.00 NOTE
r-patched-linux-x86_64 1.0.1 3.28 33.78 37.06 NOTE
r-patched-solaris-x86 1.0.1 77.50 NOTE
r-release-linux-x86_64 1.0.1 3.69 33.99 37.68 NOTE
r-release-windows-ix86+x86_64 1.0.1 13.00 48.00 61.00 NOTE
r-release-osx-x86_64 1.0.1 NOTE
r-oldrel-windows-ix86+x86_64 1.0.1 5.00 46.00 51.00 NOTE
r-oldrel-osx-x86_64 1.0.1 NOTE

Check Details

Version: 1.0.1
Check: DESCRIPTION meta-information
Result: NOTE
    Malformed Description field: should contain one or more complete sentences.
Flavors: r-devel-linux-x86_64-debian-clang, r-devel-linux-x86_64-debian-gcc, r-devel-linux-x86_64-fedora-clang, r-devel-linux-x86_64-fedora-gcc, r-devel-windows-ix86+x86_64, r-patched-linux-x86_64, r-patched-solaris-x86, r-release-linux-x86_64, r-release-windows-ix86+x86_64, r-release-osx-x86_64, r-oldrel-windows-ix86+x86_64, r-oldrel-osx-x86_64

Version: 1.0.1
Check: R code for possible problems
Result: NOTE
    get_ClinicalCodes: no visible global function definition for 'read.csv'
    get_ClinicalCodes : <anonymous>: no visible global function definition
     for 'read.csv'
    Undefined global functions or variables:
     read.csv
    Consider adding
     importFrom("utils", "read.csv")
    to your NAMESPACE file.
Flavors: r-devel-linux-x86_64-debian-clang, r-devel-linux-x86_64-debian-gcc, r-devel-linux-x86_64-fedora-clang, r-devel-linux-x86_64-fedora-gcc, r-devel-windows-ix86+x86_64, r-patched-linux-x86_64, r-patched-solaris-x86, r-release-linux-x86_64, r-release-windows-ix86+x86_64, r-release-osx-x86_64, r-oldrel-windows-ix86+x86_64, r-oldrel-osx-x86_64