Last updated on 2022-05-24 15:52:55 CEST.
Flavor | Version | Tinstall | Tcheck | Ttotal | Status | Flags |
---|---|---|---|---|---|---|
r-devel-linux-x86_64-debian-clang | 0.4.3 | 14.44 | 122.00 | 136.44 | NOTE | |
r-devel-linux-x86_64-debian-gcc | 0.4.3 | 10.68 | 90.15 | 100.83 | NOTE | |
r-devel-linux-x86_64-fedora-clang | 0.4.3 | 154.48 | NOTE | |||
r-devel-linux-x86_64-fedora-gcc | 0.4.3 | 141.99 | NOTE | |||
r-devel-windows-x86_64 | 0.4.3 | 61.00 | 125.00 | 186.00 | NOTE | |
r-patched-linux-x86_64 | 0.4.3 | 12.15 | 115.20 | 127.35 | NOTE | |
r-release-linux-x86_64 | 0.4.3 | NOTE | ||||
r-release-macos-arm64 | 0.4.3 | 44.00 | NOTE | |||
r-release-macos-x86_64 | 0.4.3 | 61.00 | NOTE | |||
r-release-windows-x86_64 | 0.4.3 | 67.00 | 127.00 | 194.00 | NOTE | |
r-oldrel-macos-arm64 | 0.4.3 | 61.00 | NOTE | |||
r-oldrel-macos-x86_64 | 0.4.3 | 74.00 | NOTE | |||
r-oldrel-windows-ix86+x86_64 | 0.4.3 | 26.00 | 124.00 | 150.00 | NOTE |
Version: 0.4.3
Check: LazyData
Result: NOTE
'LazyData' is specified without a 'data' directory
Flavors: r-devel-linux-x86_64-debian-clang, r-devel-linux-x86_64-debian-gcc, r-devel-linux-x86_64-fedora-clang, r-devel-linux-x86_64-fedora-gcc, r-devel-windows-x86_64, r-patched-linux-x86_64, r-release-linux-x86_64, r-release-macos-arm64, r-release-macos-x86_64, r-release-windows-x86_64, r-oldrel-macos-arm64, r-oldrel-macos-x86_64, r-oldrel-windows-ix86+x86_64