CRAN Package Check Results for Package rCAT

Last updated on 2022-08-12 11:50:56 CEST.

Flavor Version Tinstall Tcheck Ttotal Status Flags
r-devel-linux-x86_64-debian-clang 0.1.6 2.89 43.26 46.15 NOTE
r-devel-linux-x86_64-debian-gcc 0.1.6 3.24 33.69 36.93 NOTE
r-devel-linux-x86_64-fedora-clang 0.1.6 65.60 NOTE
r-devel-linux-x86_64-fedora-gcc 0.1.6 63.24 NOTE
r-devel-windows-x86_64 0.1.6 8.00 71.00 79.00 NOTE
r-patched-linux-x86_64 0.1.6 4.63 41.89 46.52 NOTE
r-release-linux-x86_64 0.1.6 3.56 42.90 46.46 NOTE
r-release-macos-arm64 0.1.6 23.00 NOTE
r-release-macos-x86_64 0.1.6 30.00 NOTE
r-release-windows-x86_64 0.1.6 15.00 75.00 90.00 NOTE
r-oldrel-macos-arm64 0.1.6 27.00 NOTE
r-oldrel-macos-x86_64 0.1.6 36.00 NOTE
r-oldrel-windows-ix86+x86_64 0.1.6 10.00 66.00 76.00 NOTE

Check Details

Version: 0.1.6
Check: LazyData
Result: NOTE
     'LazyData' is specified without a 'data' directory
Flavors: r-devel-linux-x86_64-debian-clang, r-devel-linux-x86_64-debian-gcc, r-devel-linux-x86_64-fedora-clang, r-devel-linux-x86_64-fedora-gcc, r-devel-windows-x86_64, r-patched-linux-x86_64, r-release-linux-x86_64, r-release-macos-arm64, r-release-macos-x86_64, r-release-windows-x86_64, r-oldrel-macos-arm64, r-oldrel-macos-x86_64, r-oldrel-windows-ix86+x86_64