CRAN Package Check Results for Package r6extended

Last updated on 2021-06-17 20:52:04 CEST.

Flavor Version Tinstall Tcheck Ttotal Status Flags
r-devel-linux-x86_64-debian-clang 0.1.2 2.13 22.91 25.04 NOTE
r-devel-linux-x86_64-debian-gcc 0.1.2 2.44 18.37 20.81 NOTE
r-devel-linux-x86_64-fedora-clang 0.1.2 41.67 NOTE
r-devel-linux-x86_64-fedora-gcc 0.1.2 31.25 NOTE
r-devel-windows-x86_64 0.1.2 5.00 32.00 37.00 NOTE
r-devel-windows-x86_64-gcc10-UCRT 0.1.2 NOTE
r-patched-linux-x86_64 0.1.2 5.05 22.04 27.09 NOTE
r-patched-solaris-x86 0.1.2 48.90 NOTE
r-release-linux-x86_64 0.1.2 2.51 22.29 24.80 NOTE
r-release-macos-arm64 0.1.2 NOTE
r-release-macos-x86_64 0.1.2 NOTE
r-release-windows-ix86+x86_64 0.1.2 6.00 37.00 43.00 NOTE
r-oldrel-macos-x86_64 0.1.2 OK
r-oldrel-windows-ix86+x86_64 0.1.2 5.00 40.00 45.00 OK

Check Details

Version: 0.1.2
Check: LazyData
Result: NOTE
     'LazyData' is specified without a 'data' directory
Flavors: r-devel-linux-x86_64-debian-clang, r-devel-linux-x86_64-debian-gcc, r-devel-linux-x86_64-fedora-clang, r-devel-linux-x86_64-fedora-gcc, r-devel-windows-x86_64, r-devel-windows-x86_64-gcc10-UCRT, r-patched-linux-x86_64, r-patched-solaris-x86, r-release-linux-x86_64, r-release-macos-arm64, r-release-macos-x86_64, r-release-windows-ix86+x86_64