CRAN Package Check Results for Package r4lineups

Last updated on 2020-07-15 00:47:04 CEST.

Flavor Version Tinstall Tcheck Ttotal Status Flags
r-devel-linux-x86_64-debian-clang 0.1.1 6.78 70.85 77.63 OK
r-devel-linux-x86_64-debian-gcc 0.1.1 5.55 53.86 59.41 OK
r-devel-linux-x86_64-fedora-clang 0.1.1 101.60 OK
r-devel-linux-x86_64-fedora-gcc 0.1.1 97.35 OK
r-devel-windows-ix86+x86_64 0.1.1 24.00 95.00 119.00 OK
r-patched-linux-x86_64 0.1.1 7.24 68.46 75.70 OK
r-patched-solaris-x86 0.1.1 140.50 OK
r-release-linux-x86_64 0.1.1 6.87 69.56 76.43 OK
r-release-macos-x86_64 0.1.1 ERROR
r-release-windows-ix86+x86_64 0.1.1 31.00 86.00 117.00 OK
r-oldrel-macos-x86_64 0.1.1 OK
r-oldrel-windows-ix86+x86_64 0.1.1 24.00 118.00 142.00 OK

Check Details

Version: 0.1.1
Check: whether package can be installed
Result: ERROR
    Installation failed.
Flavor: r-release-macos-x86_64