CRAN Package Check Results for Package r3js

Last updated on 2022-08-16 17:53:34 CEST.

Flavor Version Tinstall Tcheck Ttotal Status Flags
r-devel-linux-x86_64-debian-clang 0.0.1 3.94 161.19 165.13 OK
r-devel-linux-x86_64-debian-gcc 0.0.1 4.45 122.20 126.65 OK
r-devel-linux-x86_64-fedora-clang 0.0.1 201.83 NOTE
r-devel-linux-x86_64-fedora-gcc 0.0.1 200.63 OK
r-devel-windows-x86_64 0.0.1 75.00 232.00 307.00 NOTE
r-patched-linux-x86_64 0.0.1 6.54 157.31 163.85 OK
r-release-linux-x86_64 0.0.1 3.30 154.89 158.19 OK
r-release-macos-arm64 0.0.1 59.00 NOTE
r-release-macos-x86_64 0.0.1 78.00 NOTE
r-release-windows-x86_64 0.0.1 42.00 230.00 272.00 NOTE
r-oldrel-macos-arm64 0.0.1 52.00 NOTE
r-oldrel-macos-x86_64 0.0.1 75.00 NOTE
r-oldrel-windows-ix86+x86_64 0.0.1 12.00 196.00 208.00 NOTE

Check Details

Version: 0.0.1
Check: installed package size
Result: NOTE
     installed size is 7.3Mb
     sub-directories of 1Mb or more:
     doc 5.3Mb
     htmlwidgets 1.8Mb
Flavors: r-devel-linux-x86_64-fedora-clang, r-devel-windows-x86_64, r-release-macos-arm64, r-release-macos-x86_64, r-release-windows-x86_64, r-oldrel-macos-arm64, r-oldrel-macos-x86_64, r-oldrel-windows-ix86+x86_64