CRAN Package Check Results for Package r2sundials

Last updated on 2021-12-08 07:51:01 CET.

Flavor Version Tinstall Tcheck Ttotal Status Flags
r-devel-linux-x86_64-debian-clang 5.0.0-10 57.86 178.75 236.61 OK
r-devel-linux-x86_64-debian-gcc 5.0.0-10 49.36 121.15 170.51 OK
r-devel-linux-x86_64-fedora-clang 5.0.0-10 337.97 NOTE
r-devel-linux-x86_64-fedora-gcc 5.0.0-10 296.91 OK
r-devel-windows-x86_64-new-UL 5.0.0-10 105.00 256.00 361.00 OK
r-devel-windows-x86_64-new-TK 5.0.0-10 OK
r-devel-windows-x86_64-old 5.0.0-10 87.00 169.00 256.00 OK
r-patched-linux-x86_64 5.0.0-10 59.34 161.64 220.98 OK
r-release-linux-x86_64 5.0.0-10 53.47 162.58 216.05 OK
r-release-macos-arm64 5.0.0-10 NOTE
r-release-macos-x86_64 5.0.0-10 NOTE
r-release-windows-ix86+x86_64 5.0.0-10 132.00 369.00 501.00 OK
r-oldrel-macos-x86_64 5.0.0-10 NOTE
r-oldrel-windows-ix86+x86_64 5.0.0-10 169.00 376.00 545.00 OK

Check Details

Version: 5.0.0-10
Check: installed package size
Result: NOTE
     installed size is 6.3Mb
     sub-directories of 1Mb or more:
     libs 3.9Mb
Flavors: r-devel-linux-x86_64-fedora-clang, r-release-macos-arm64, r-release-macos-x86_64, r-oldrel-macos-x86_64