CRAN Package Check Results for Package r2dii.data

Last updated on 2020-10-27 20:47:48 CET.

Flavor Version Tinstall Tcheck Ttotal Status Flags
r-devel-linux-x86_64-debian-clang 0.1.4 2.52 25.74 28.26 OK
r-devel-linux-x86_64-debian-gcc 0.1.4 2.13 20.16 22.29 OK
r-devel-linux-x86_64-fedora-clang 0.1.4 43.54 NOTE
r-devel-linux-x86_64-fedora-gcc 0.1.4 33.73 NOTE
r-devel-windows-ix86+x86_64 0.1.4 7.00 38.00 45.00 OK
r-patched-linux-x86_64 0.1.4 OK
r-patched-solaris-x86 0.1.4 53.30 NOTE
r-release-linux-x86_64 0.1.4 2.27 24.44 26.71 OK
r-release-macos-x86_64 0.1.4 NOTE
r-release-windows-ix86+x86_64 0.1.4 4.00 36.00 40.00 OK
r-oldrel-macos-x86_64 0.1.4 NOTE
r-oldrel-windows-ix86+x86_64 0.1.4 22.00 40.00 62.00 OK

Check Details

Version: 0.1.4
Check: data for non-ASCII characters
Result: NOTE
     Note: found 32 marked UTF-8 strings
Flavors: r-devel-linux-x86_64-fedora-clang, r-devel-linux-x86_64-fedora-gcc, r-patched-solaris-x86, r-release-macos-x86_64, r-oldrel-macos-x86_64