CRAN Package Check Results for Package r2dii.data

Last updated on 2020-08-03 22:50:43 CEST.

Flavor Version Tinstall Tcheck Ttotal Status Flags
r-devel-linux-x86_64-debian-clang 0.1.1 2.37 24.44 26.81 OK
r-devel-linux-x86_64-debian-gcc 0.1.1 1.94 19.37 21.31 OK
r-devel-linux-x86_64-fedora-clang 0.1.1 40.95 NOTE
r-devel-linux-x86_64-fedora-gcc 0.1.1 31.91 NOTE
r-devel-windows-ix86+x86_64 0.1.1 10.00 36.00 46.00 OK
r-patched-linux-x86_64 0.1.1 2.39 24.44 26.83 OK
r-patched-solaris-x86 0.1.1 50.90 NOTE
r-release-linux-x86_64 0.1.1 2.25 23.98 26.23 OK
r-release-macos-x86_64 0.1.1 NOTE
r-release-windows-ix86+x86_64 0.1.1 9.00 59.00 68.00 OK
r-oldrel-macos-x86_64 0.1.1 NOTE
r-oldrel-windows-ix86+x86_64 0.1.1 6.00 43.00 49.00 OK

Check Details

Version: 0.1.1
Check: data for non-ASCII characters
Result: NOTE
     Note: found 32 marked UTF-8 strings
Flavors: r-devel-linux-x86_64-fedora-clang, r-devel-linux-x86_64-fedora-gcc, r-patched-solaris-x86, r-release-macos-x86_64, r-oldrel-macos-x86_64