CRAN Package Check Results for Package qut

Last updated on 2024-03-01 21:49:39 CET.

Flavor Version Tinstall Tcheck Ttotal Status Flags
r-devel-linux-x86_64-debian-clang 2.2 11.92 99.02 110.94 NOTE
r-devel-linux-x86_64-debian-gcc 2.2 7.66 74.09 81.75 NOTE
r-devel-linux-x86_64-fedora-clang 2.2 132.06 NOTE
r-devel-linux-x86_64-fedora-gcc 2.2 128.88 NOTE
r-devel-windows-x86_64 2.2 10.00 90.00 100.00 NOTE
r-patched-linux-x86_64 2.2 12.51 94.26 106.77 OK
r-release-linux-x86_64 2.2 10.46 97.35 107.81 OK
r-release-macos-arm64 2.2 47.00 OK
r-release-macos-x86_64 2.2 69.00 OK
r-release-windows-x86_64 2.2 14.00 105.00 119.00 OK
r-oldrel-macos-arm64 2.2 39.00 OK
r-oldrel-windows-x86_64 2.2 12.00 107.00 119.00 OK

Check Details

Version: 2.2
Check: Rd files
Result: NOTE checkRd: (-1) qut.Rd:25: Lost braces; missing escapes or markup? 25 | a user supplied \code{glmnet} or {lars} object. Typical usage is to leave it empty so that the program computes the regularization path using the algorithm selected in \code{type}. WARNING: use with care, if supplied, object options must match with user supplied options. | ^ checkRd: (-1) sigmarcv.Rd:25: Lost braces; missing escapes or markup? 25 | A user supplied \code{glmnet} or {lars} object. Typical usage is to leave it empty so that the program computes the regularization path using the algorithm selected in \code{type}. WARNING: use with care, if supplied, object options must match with user supplied options. | ^ Flavors: r-devel-linux-x86_64-debian-clang, r-devel-linux-x86_64-debian-gcc, r-devel-linux-x86_64-fedora-clang, r-devel-linux-x86_64-fedora-gcc

Version: 2.2
Check: Rd metadata
Result: NOTE Invalid package aliases in Rd file 'qut-package.Rd': ‘QUT-package’ Flavors: r-devel-linux-x86_64-debian-clang, r-devel-linux-x86_64-debian-gcc, r-devel-linux-x86_64-fedora-clang, r-devel-linux-x86_64-fedora-gcc, r-devel-windows-x86_64