CRAN Package Check Results for Package quietR

Last updated on 2023-03-27 08:51:23 CEST.

Flavor Version Tinstall Tcheck Ttotal Status Flags
r-devel-linux-x86_64-debian-clang 0.1.0 2.05 22.70 24.75 NOTE
r-devel-linux-x86_64-debian-gcc 0.1.0 1.35 18.05 19.40 NOTE
r-devel-linux-x86_64-fedora-clang 0.1.0 31.43 NOTE
r-devel-linux-x86_64-fedora-gcc 0.1.0 29.42 NOTE
r-patched-linux-x86_64 0.1.0 1.98 22.30 24.28 NOTE
r-release-linux-x86_64 0.1.0 1.79 23.54 25.33 NOTE
r-release-macos-arm64 0.1.0 17.00 NOTE
r-release-macos-x86_64 0.1.0 20.00 NOTE
r-release-windows-x86_64 0.1.0 8.00 60.00 68.00 NOTE
r-oldrel-macos-arm64 0.1.0 17.00 NOTE
r-oldrel-macos-x86_64 0.1.0 27.00 NOTE
r-oldrel-windows-ix86+x86_64 0.1.0 5.00 68.00 73.00 NOTE

Check Details

Version: 0.1.0
Check: LazyData
Result: NOTE
     'LazyData' is specified without a 'data' directory
Flavors: r-devel-linux-x86_64-debian-clang, r-devel-linux-x86_64-debian-gcc, r-devel-linux-x86_64-fedora-clang, r-devel-linux-x86_64-fedora-gcc, r-patched-linux-x86_64, r-release-linux-x86_64, r-release-macos-arm64, r-release-macos-x86_64, r-release-windows-x86_64, r-oldrel-macos-arm64, r-oldrel-macos-x86_64, r-oldrel-windows-ix86+x86_64