CRAN Package Check Results for Package quickReg

Last updated on 2022-10-02 11:11:29 CEST.

Flavor Version Tinstall Tcheck Ttotal Status Flags
r-devel-linux-x86_64-debian-clang 1.5.0 7.20 94.79 101.99 OK
r-devel-linux-x86_64-debian-gcc 1.5.0 5.28 70.32 75.60 OK
r-devel-linux-x86_64-fedora-clang 1.5.0 138.21 NOTE
r-devel-linux-x86_64-fedora-gcc 1.5.0 132.68 NOTE
r-devel-windows-x86_64 1.5.0 14.00 120.00 134.00 OK
r-patched-linux-x86_64 1.5.0 6.42 89.29 95.71 OK
r-release-linux-x86_64 1.5.0 6.84 88.14 94.98 OK
r-release-macos-arm64 1.5.0 37.00 NOTE
r-release-macos-x86_64 1.5.0 71.00 NOTE
r-release-windows-x86_64 1.5.0 14.00 121.00 135.00 OK
r-oldrel-macos-arm64 1.5.0 51.00 NOTE
r-oldrel-macos-x86_64 1.5.0 60.00 NOTE
r-oldrel-windows-ix86+x86_64 1.5.0 17.00 116.00 133.00 OK

Check Details

Version: 1.5.0
Check: dependencies in R code
Result: NOTE
    Namespace in Imports field not imported from: ‘psych’
     All declared Imports should be used.
Flavors: r-devel-linux-x86_64-fedora-clang, r-devel-linux-x86_64-fedora-gcc, r-release-macos-arm64, r-release-macos-x86_64, r-oldrel-macos-arm64, r-oldrel-macos-x86_64

Version: 1.5.0
Check: Rd cross-references
Result: NOTE
    Undeclared package ‘PredictABEL’ in Rd xrefs
Flavor: r-devel-linux-x86_64-fedora-clang