Last updated on 2021-03-05 11:51:46 CET.
Flavor | Version | Tinstall | Tcheck | Ttotal | Status | Flags |
---|---|---|---|---|---|---|
r-devel-linux-x86_64-debian-clang | 0.1.6 | 22.92 | 182.55 | 205.47 | NOTE | |
r-devel-linux-x86_64-debian-gcc | 0.1.6 | 16.37 | 142.79 | 159.16 | NOTE | |
r-devel-linux-x86_64-fedora-clang | 0.1.6 | 253.86 | NOTE | |||
r-devel-linux-x86_64-fedora-gcc | 0.1.6 | 241.90 | NOTE | |||
r-devel-windows-ix86+x86_64 | 0.1.6 | 46.00 | 211.00 | 257.00 | NOTE | |
r-patched-linux-x86_64 | 0.1.6 | NOTE | ||||
r-patched-solaris-x86 | 0.1.6 | 350.00 | NOTE | |||
r-release-linux-x86_64 | 0.1.6 | 20.24 | 169.53 | 189.77 | NOTE | |
r-release-macos-x86_64 | 0.1.6 | NOTE | ||||
r-release-windows-ix86+x86_64 | 0.1.6 | 33.00 | 157.00 | 190.00 | NOTE | |
r-oldrel-macos-x86_64 | 0.1.6 | NOTE | ||||
r-oldrel-windows-ix86+x86_64 | 0.1.6 | 25.00 | 143.00 | 168.00 | NOTE |
Version: 0.1.6
Check: package dependencies
Result: NOTE
Package suggested but not available for checking: 'fastshp'
Flavors: r-devel-linux-x86_64-debian-clang, r-devel-linux-x86_64-debian-gcc, r-devel-linux-x86_64-fedora-clang, r-devel-linux-x86_64-fedora-gcc, r-devel-windows-ix86+x86_64, r-patched-linux-x86_64, r-patched-solaris-x86, r-release-linux-x86_64, r-release-macos-x86_64, r-release-windows-ix86+x86_64, r-oldrel-macos-x86_64, r-oldrel-windows-ix86+x86_64