CRAN Package Check Results for Package quickPlot

Last updated on 2020-08-03 22:50:43 CEST.

Flavor Version Tinstall Tcheck Ttotal Status Flags
r-devel-linux-x86_64-debian-clang 0.1.6 20.04 166.92 186.96 NOTE
r-devel-linux-x86_64-debian-gcc 0.1.6 17.67 131.17 148.84 NOTE
r-devel-linux-x86_64-fedora-clang 0.1.6 236.62 NOTE
r-devel-linux-x86_64-fedora-gcc 0.1.6 224.58 NOTE
r-devel-windows-ix86+x86_64 0.1.6 58.00 159.00 217.00 NOTE
r-patched-linux-x86_64 0.1.6 21.64 161.50 183.14 NOTE
r-patched-solaris-x86 0.1.6 314.60 NOTE
r-release-linux-x86_64 0.1.6 21.88 162.00 183.88 NOTE
r-release-macos-x86_64 0.1.6 NOTE
r-release-windows-ix86+x86_64 0.1.6 52.00 189.00 241.00 NOTE
r-oldrel-macos-x86_64 0.1.6 NOTE
r-oldrel-windows-ix86+x86_64 0.1.6 28.00 174.00 202.00 NOTE

Check Details

Version: 0.1.6
Check: package dependencies
Result: NOTE
    Package suggested but not available for checking: 'fastshp'
Flavors: r-devel-linux-x86_64-debian-clang, r-devel-linux-x86_64-debian-gcc, r-devel-linux-x86_64-fedora-clang, r-devel-linux-x86_64-fedora-gcc, r-devel-windows-ix86+x86_64, r-patched-linux-x86_64, r-patched-solaris-x86, r-release-linux-x86_64, r-release-macos-x86_64, r-release-windows-ix86+x86_64, r-oldrel-macos-x86_64, r-oldrel-windows-ix86+x86_64