CRAN Package Check Results for Package quickPlot

Last updated on 2021-09-24 15:51:54 CEST.

Flavor Version Tinstall Tcheck Ttotal Status Flags
r-devel-linux-x86_64-debian-clang 0.1.6 23.21 186.55 209.76 NOTE
r-devel-linux-x86_64-debian-gcc 0.1.6 16.90 143.64 160.54 NOTE
r-devel-linux-x86_64-fedora-clang 0.1.6 272.61 NOTE
r-devel-linux-x86_64-fedora-gcc 0.1.6 258.52 NOTE
r-devel-windows-x86_64 0.1.6 26.00 165.00 191.00 NOTE
r-devel-windows-x86_64-gcc10-UCRT 0.1.6 NOTE
r-patched-linux-x86_64 0.1.6 26.14 175.74 201.88 NOTE
r-patched-solaris-x86 0.1.6 304.20 NOTE
r-release-linux-x86_64 0.1.6 22.02 175.20 197.22 NOTE
r-release-macos-arm64 0.1.6 NOTE
r-release-macos-x86_64 0.1.6 NOTE
r-release-windows-ix86+x86_64 0.1.6 46.00 170.00 216.00 NOTE
r-oldrel-macos-x86_64 0.1.6 NOTE
r-oldrel-windows-ix86+x86_64 0.1.6 35.00 165.00 200.00 NOTE

Check Details

Version: 0.1.6
Check: package dependencies
Result: NOTE
    Package suggested but not available for checking: 'fastshp'
Flavors: r-devel-linux-x86_64-debian-clang, r-devel-linux-x86_64-debian-gcc, r-devel-linux-x86_64-fedora-clang, r-devel-linux-x86_64-fedora-gcc, r-devel-windows-x86_64, r-devel-windows-x86_64-gcc10-UCRT, r-patched-linux-x86_64, r-patched-solaris-x86, r-release-linux-x86_64, r-release-macos-arm64, r-release-macos-x86_64, r-release-windows-ix86+x86_64, r-oldrel-macos-x86_64, r-oldrel-windows-ix86+x86_64