CRAN Package Check Results for Package quickPlot

Last updated on 2018-11-18 18:52:07 CET.

Flavor Version Tinstall Tcheck Ttotal Status Flags
r-devel-linux-x86_64-debian-clang 0.1.6 13.04 141.27 154.31 NOTE
r-devel-linux-x86_64-debian-gcc 0.1.6 11.10 119.26 130.36 NOTE
r-devel-linux-x86_64-fedora-clang 0.1.6 187.66 NOTE
r-devel-linux-x86_64-fedora-gcc 0.1.6 183.33 NOTE
r-devel-windows-ix86+x86_64 0.1.6 32.00 135.00 167.00 NOTE
r-patched-linux-x86_64 0.1.6 13.69 135.16 148.85 NOTE
r-patched-solaris-x86 0.1.6 239.20 NOTE
r-release-linux-x86_64 0.1.6 11.96 133.64 145.60 NOTE
r-release-windows-ix86+x86_64 0.1.6 29.00 141.00 170.00 NOTE
r-release-osx-x86_64 0.1.6 NOTE
r-oldrel-windows-ix86+x86_64 0.1.6 31.00 217.00 248.00 NOTE
r-oldrel-osx-x86_64 0.1.6 NOTE

Check Details

Version: 0.1.6
Check: package dependencies
Result: NOTE
    Package suggested but not available for checking: ‘fastshp’
Flavors: r-devel-linux-x86_64-debian-clang, r-devel-linux-x86_64-debian-gcc, r-devel-linux-x86_64-fedora-clang, r-devel-linux-x86_64-fedora-gcc, r-devel-windows-ix86+x86_64, r-patched-linux-x86_64, r-patched-solaris-x86, r-release-linux-x86_64, r-release-windows-ix86+x86_64, r-release-osx-x86_64, r-oldrel-windows-ix86+x86_64, r-oldrel-osx-x86_64