CRAN Package Check Results for Package quickPlot

Last updated on 2019-01-21 10:46:55 CET.

Flavor Version Tinstall Tcheck Ttotal Status Flags
r-devel-linux-x86_64-debian-clang 0.1.6 13.66 146.51 160.17 NOTE
r-devel-linux-x86_64-debian-gcc 0.1.6 13.76 121.34 135.10 NOTE
r-devel-linux-x86_64-fedora-clang 0.1.6 192.25 NOTE
r-devel-linux-x86_64-fedora-gcc 0.1.6 180.85 NOTE
r-devel-windows-ix86+x86_64 0.1.6 32.00 213.00 245.00 NOTE
r-patched-linux-x86_64 0.1.6 12.64 136.33 148.97 NOTE
r-patched-solaris-x86 0.1.6 323.50 NOTE
r-release-linux-x86_64 0.1.6 12.97 134.99 147.96 NOTE
r-release-windows-ix86+x86_64 0.1.6 28.00 228.00 256.00 NOTE
r-release-osx-x86_64 0.1.6 NOTE
r-oldrel-windows-ix86+x86_64 0.1.6 33.00 142.00 175.00 NOTE
r-oldrel-osx-x86_64 0.1.6 NOTE

Check Details

Version: 0.1.6
Check: package dependencies
Result: NOTE
    Package suggested but not available for checking: ‘fastshp’
Flavors: r-devel-linux-x86_64-debian-clang, r-devel-linux-x86_64-debian-gcc, r-devel-linux-x86_64-fedora-clang, r-devel-linux-x86_64-fedora-gcc, r-devel-windows-ix86+x86_64, r-patched-linux-x86_64, r-patched-solaris-x86, r-release-linux-x86_64, r-release-windows-ix86+x86_64, r-release-osx-x86_64, r-oldrel-windows-ix86+x86_64, r-oldrel-osx-x86_64