Last updated on 2023-10-02 13:03:00 CEST.
Flavor | Version | Tinstall | Tcheck | Ttotal | Status | Flags |
---|---|---|---|---|---|---|
r-devel-linux-x86_64-debian-clang | 1.0.2 | 10.50 | 152.89 | 163.39 | NOTE | |
r-devel-linux-x86_64-debian-gcc | 1.0.2 | 7.93 | 107.53 | 115.46 | NOTE | |
r-devel-linux-x86_64-fedora-clang | 1.0.2 | 201.19 | NOTE | |||
r-devel-linux-x86_64-fedora-gcc | 1.0.2 | 195.97 | NOTE | |||
r-devel-windows-x86_64 | 1.0.2 | 12.00 | 127.00 | 139.00 | NOTE | |
r-patched-linux-x86_64 | 1.0.2 | 11.04 | 134.79 | 145.83 | NOTE | |
r-release-linux-x86_64 | 1.0.2 | 10.59 | 138.35 | 148.94 | NOTE | |
r-release-macos-arm64 | 1.0.2 | 61.00 | NOTE | |||
r-release-macos-x86_64 | 1.0.2 | 155.00 | NOTE | |||
r-release-windows-x86_64 | 1.0.2 | 15.00 | 155.00 | 170.00 | NOTE | |
r-oldrel-macos-arm64 | 1.0.2 | 53.00 | NOTE | |||
r-oldrel-macos-x86_64 | 1.0.2 | 76.00 | NOTE | |||
r-oldrel-windows-x86_64 | 1.0.2 | 16.00 | 150.00 | 166.00 | NOTE |
Version: 1.0.2
Check: package dependencies
Result: NOTE
Package suggested but not available for checking: ‘fastshp’
Flavors: r-devel-linux-x86_64-debian-clang, r-devel-linux-x86_64-debian-gcc, r-devel-linux-x86_64-fedora-clang, r-devel-linux-x86_64-fedora-gcc, r-devel-windows-x86_64, r-patched-linux-x86_64, r-release-linux-x86_64, r-release-macos-arm64, r-release-macos-x86_64, r-release-windows-x86_64, r-oldrel-macos-arm64, r-oldrel-macos-x86_64, r-oldrel-windows-x86_64