CRAN Package Check Results for Package quickPlot

Last updated on 2019-06-25 12:46:45 CEST.

Flavor Version Tinstall Tcheck Ttotal Status Flags
r-devel-linux-x86_64-debian-clang 0.1.6 19.00 146.58 165.58 NOTE
r-devel-linux-x86_64-debian-gcc 0.1.6 14.67 117.82 132.49 NOTE
r-devel-linux-x86_64-fedora-clang 0.1.6 197.64 NOTE
r-devel-linux-x86_64-fedora-gcc 0.1.6 193.38 NOTE
r-devel-windows-ix86+x86_64 0.1.6 44.00 158.00 202.00 NOTE
r-patched-linux-x86_64 0.1.6 17.98 144.23 162.21 NOTE
r-patched-solaris-x86 0.1.6 317.10 NOTE
r-release-linux-x86_64 0.1.6 17.15 145.42 162.57 NOTE
r-release-windows-ix86+x86_64 0.1.6 28.00 207.00 235.00 NOTE
r-release-osx-x86_64 0.1.6 NOTE
r-oldrel-windows-ix86+x86_64 0.1.6 21.00 147.00 168.00 NOTE
r-oldrel-osx-x86_64 0.1.6 NOTE

Check Details

Version: 0.1.6
Check: package dependencies
Result: NOTE
    Package suggested but not available for checking: 'fastshp'
Flavors: r-devel-linux-x86_64-debian-clang, r-devel-linux-x86_64-debian-gcc, r-devel-linux-x86_64-fedora-clang, r-devel-linux-x86_64-fedora-gcc, r-devel-windows-ix86+x86_64, r-patched-linux-x86_64, r-patched-solaris-x86, r-release-linux-x86_64, r-release-windows-ix86+x86_64, r-release-osx-x86_64, r-oldrel-windows-ix86+x86_64, r-oldrel-osx-x86_64