CRAN Package Check Results for Package quickPlot

Last updated on 2018-07-20 20:49:50 CEST.

Flavor Version Tinstall Tcheck Ttotal Status Flags
r-devel-linux-x86_64-debian-clang 0.1.4 13.50 156.87 170.37 NOTE
r-devel-linux-x86_64-debian-gcc 0.1.4 10.16 132.83 142.99 NOTE
r-devel-linux-x86_64-fedora-clang 0.1.4 203.47 NOTE
r-devel-linux-x86_64-fedora-gcc 0.1.4 194.71 NOTE
r-devel-windows-ix86+x86_64 0.1.4 20.00 221.00 241.00 NOTE
r-patched-linux-x86_64 0.1.4 9.81 142.00 151.81 NOTE
r-patched-solaris-x86 0.1.4 299.80 NOTE
r-release-linux-x86_64 0.1.4 10.80 139.58 150.38 NOTE
r-release-windows-ix86+x86_64 0.1.4 28.00 149.00 177.00 NOTE
r-release-osx-x86_64 0.1.4 NOTE
r-oldrel-windows-ix86+x86_64 0.1.4 37.00 166.00 203.00 NOTE
r-oldrel-osx-x86_64 0.1.4 NOTE

Check Details

Version: 0.1.4
Check: package dependencies
Result: NOTE
    Package suggested but not available for checking: ‘fastshp’
Flavors: r-devel-linux-x86_64-debian-clang, r-devel-linux-x86_64-debian-gcc, r-devel-linux-x86_64-fedora-clang, r-devel-linux-x86_64-fedora-gcc, r-devel-windows-ix86+x86_64, r-patched-linux-x86_64, r-patched-solaris-x86, r-release-linux-x86_64, r-release-windows-ix86+x86_64, r-release-osx-x86_64, r-oldrel-windows-ix86+x86_64, r-oldrel-osx-x86_64