CRAN Package Check Results for Package quickPlot

Last updated on 2018-09-23 00:46:32 CEST.

Flavor Version Tinstall Tcheck Ttotal Status Flags
r-devel-linux-x86_64-debian-clang 0.1.4 12.57 158.66 171.23 NOTE
r-devel-linux-x86_64-debian-gcc 0.1.4 11.52 136.44 147.96 NOTE
r-devel-linux-x86_64-fedora-clang 0.1.4 207.99 NOTE
r-devel-linux-x86_64-fedora-gcc 0.1.4 201.28 NOTE
r-devel-windows-ix86+x86_64 0.1.4 30.00 205.00 235.00 NOTE
r-patched-linux-x86_64 0.1.4 12.04 139.70 151.74 NOTE
r-patched-solaris-x86 0.1.4 278.30 NOTE
r-release-linux-x86_64 0.1.4 14.11 140.19 154.30 NOTE
r-release-windows-ix86+x86_64 0.1.4 19.00 184.00 203.00 NOTE
r-release-osx-x86_64 0.1.4 NOTE
r-oldrel-windows-ix86+x86_64 0.1.4 18.00 212.00 230.00 NOTE
r-oldrel-osx-x86_64 0.1.4 NOTE

Check Details

Version: 0.1.4
Check: package dependencies
Result: NOTE
    Package suggested but not available for checking: ‘fastshp’
Flavors: r-devel-linux-x86_64-debian-clang, r-devel-linux-x86_64-debian-gcc, r-devel-linux-x86_64-fedora-clang, r-devel-linux-x86_64-fedora-gcc, r-devel-windows-ix86+x86_64, r-patched-linux-x86_64, r-patched-solaris-x86, r-release-linux-x86_64, r-release-windows-ix86+x86_64, r-release-osx-x86_64, r-oldrel-windows-ix86+x86_64, r-oldrel-osx-x86_64