Last updated on 2022-07-02 18:51:45 CEST.
Flavor | Version | Tinstall | Tcheck | Ttotal | Status | Flags |
---|---|---|---|---|---|---|
r-devel-linux-x86_64-debian-clang | 0.1.6 | 40.17 | 392.62 | 432.79 | NOTE | |
r-devel-linux-x86_64-debian-gcc | 0.1.6 | 36.18 | 292.60 | 328.78 | NOTE | |
r-devel-linux-x86_64-fedora-clang | 0.1.6 | 515.05 | NOTE | |||
r-devel-linux-x86_64-fedora-gcc | 0.1.6 | 514.39 | NOTE | |||
r-devel-windows-x86_64 | 0.1.6 | 97.00 | 397.00 | 494.00 | NOTE | |
r-patched-linux-x86_64 | 0.1.6 | 41.31 | 371.38 | 412.69 | NOTE | |
r-release-linux-x86_64 | 0.1.6 | 35.99 | 370.29 | 406.28 | NOTE | |
r-release-macos-arm64 | 0.1.6 | 118.00 | NOTE | |||
r-release-macos-x86_64 | 0.1.6 | 216.00 | NOTE | |||
r-release-windows-x86_64 | 0.1.6 | 80.00 | 404.00 | 484.00 | NOTE | |
r-oldrel-macos-arm64 | 0.1.6 | 99.00 | NOTE | |||
r-oldrel-macos-x86_64 | 0.1.6 | 123.00 | NOTE | |||
r-oldrel-windows-ix86+x86_64 | 0.1.6 | 88.00 | 396.00 | 484.00 | NOTE |
Version: 0.1.6
Check: package dependencies
Result: NOTE
Package suggested but not available for checking: 'fastshp'
Flavors: r-devel-linux-x86_64-debian-clang, r-devel-linux-x86_64-debian-gcc, r-devel-linux-x86_64-fedora-clang, r-devel-linux-x86_64-fedora-gcc, r-devel-windows-x86_64, r-patched-linux-x86_64, r-release-linux-x86_64, r-release-macos-arm64, r-release-macos-x86_64, r-release-windows-x86_64, r-oldrel-macos-arm64, r-oldrel-macos-x86_64, r-oldrel-windows-ix86+x86_64