CRAN Package Check Results for Package quickPlot

Last updated on 2022-01-26 04:52:48 CET.

Flavor Version Tinstall Tcheck Ttotal Status Flags
r-devel-linux-x86_64-debian-clang 0.1.6 36.53 377.17 413.70 NOTE
r-devel-linux-x86_64-debian-gcc 0.1.6 33.31 287.56 320.87 NOTE
r-devel-linux-x86_64-fedora-clang 0.1.6 467.01 NOTE
r-devel-linux-x86_64-fedora-gcc 0.1.6 487.06 NOTE
r-devel-windows-x86_64-new-UL 0.1.6 158.00 388.00 546.00 NOTE
r-devel-windows-x86_64-new-TK 0.1.6 NOTE
r-patched-linux-x86_64 0.1.6 34.38 336.31 370.69 NOTE
r-release-linux-x86_64 0.1.6 31.75 332.67 364.42 NOTE
r-release-macos-arm64 0.1.6 NOTE
r-release-macos-x86_64 0.1.6 NOTE
r-release-windows-ix86+x86_64 0.1.6 82.00 403.00 485.00 NOTE
r-oldrel-macos-x86_64 0.1.6 NOTE
r-oldrel-windows-ix86+x86_64 0.1.6 84.00 387.00 471.00 NOTE

Check Details

Version: 0.1.6
Check: package dependencies
Result: NOTE
    Package suggested but not available for checking: 'fastshp'
Flavors: r-devel-linux-x86_64-debian-clang, r-devel-linux-x86_64-debian-gcc, r-devel-linux-x86_64-fedora-clang, r-devel-linux-x86_64-fedora-gcc, r-devel-windows-x86_64-new-UL, r-devel-windows-x86_64-new-TK, r-patched-linux-x86_64, r-release-linux-x86_64, r-release-macos-arm64, r-release-macos-x86_64, r-release-windows-ix86+x86_64, r-oldrel-macos-x86_64, r-oldrel-windows-ix86+x86_64