CRAN Package Check Results for Package quickPlot

Last updated on 2022-11-30 03:58:32 CET.

Flavor Version Tinstall Tcheck Ttotal Status Flags
r-devel-linux-x86_64-debian-clang 0.1.8 43.10 389.18 432.28 NOTE
r-devel-linux-x86_64-debian-gcc 0.1.8 37.09 292.65 329.74 NOTE
r-devel-linux-x86_64-fedora-clang 0.1.8 569.21 NOTE
r-devel-linux-x86_64-fedora-gcc 0.1.8 579.77 NOTE
r-devel-windows-x86_64 0.1.8 94.00 373.00 467.00 NOTE
r-patched-linux-x86_64 0.1.8 49.49 367.02 416.51 NOTE
r-release-linux-x86_64 0.1.8 39.11 369.61 408.72 NOTE
r-release-macos-arm64 0.1.8 120.00 NOTE
r-release-macos-x86_64 0.1.8 162.00 NOTE
r-release-windows-x86_64 0.1.8 80.00 390.00 470.00 NOTE
r-oldrel-macos-arm64 0.1.8 104.00 NOTE
r-oldrel-macos-x86_64 0.1.8 159.00 NOTE
r-oldrel-windows-ix86+x86_64 0.1.8 92.00 381.00 473.00 NOTE

Check Details

Version: 0.1.8
Check: package dependencies
Result: NOTE
    Packages suggested but not available for checking: 'fastshp', 'visualTest'
Flavors: r-devel-linux-x86_64-debian-clang, r-devel-linux-x86_64-debian-gcc, r-devel-linux-x86_64-fedora-clang, r-devel-linux-x86_64-fedora-gcc, r-devel-windows-x86_64, r-patched-linux-x86_64, r-release-linux-x86_64, r-release-macos-arm64, r-release-macos-x86_64, r-release-windows-x86_64, r-oldrel-macos-arm64, r-oldrel-macos-x86_64, r-oldrel-windows-ix86+x86_64