CRAN Package Check Results for Package quantreg

Last updated on 2019-04-20 05:49:37 CEST.

Flavor Version Tinstall Tcheck Ttotal Status Flags
r-devel-linux-x86_64-debian-clang 5.38 22.75 149.30 172.05 OK
r-devel-linux-x86_64-debian-gcc 5.38 19.46 121.52 140.98 OK
r-devel-linux-x86_64-fedora-clang 5.38 207.52 NOTE
r-devel-linux-x86_64-fedora-gcc 5.38 199.54 NOTE
r-devel-windows-ix86+x86_64 5.38 83.00 298.00 381.00 OK
r-patched-linux-x86_64 5.38 19.82 148.35 168.17 OK
r-patched-solaris-x86 5.38 291.20 OK
r-release-linux-x86_64 5.38 18.82 142.27 161.09 OK
r-release-windows-ix86+x86_64 5.38 52.00 274.00 326.00 OK
r-release-osx-x86_64 5.38 OK
r-oldrel-windows-ix86+x86_64 5.38 49.00 313.00 362.00 OK
r-oldrel-osx-x86_64 5.38 OK

Check Details

Version: 5.38
Check: compiled code
Result: NOTE
    File ‘quantreg/libs/quantreg.so’:
     Found no calls to: ‘R_registerRoutines’, ‘R_useDynamicSymbols’
    
    It is good practice to register native routines and to disable symbol
    search.
    
    See ‘Writing portable packages’ in the ‘Writing R Extensions’ manual.
Flavors: r-devel-linux-x86_64-fedora-clang, r-devel-linux-x86_64-fedora-gcc