CRAN Package Check Results for Package quantreg

Last updated on 2019-06-24 17:48:06 CEST.

Flavor Version Tinstall Tcheck Ttotal Status Flags
r-devel-linux-x86_64-debian-clang 5.40 22.64 148.52 171.16 OK
r-devel-linux-x86_64-debian-gcc 5.40 18.89 115.65 134.54 OK
r-devel-linux-x86_64-fedora-clang 5.40 205.10 NOTE
r-devel-linux-x86_64-fedora-gcc 5.40 203.29 NOTE
r-devel-windows-ix86+x86_64 5.40 83.00 240.00 323.00 OK
r-patched-linux-x86_64 5.40 22.32 146.38 168.70 OK
r-patched-solaris-x86 5.40 319.40 OK
r-release-linux-x86_64 5.40 22.30 145.55 167.85 OK
r-release-windows-ix86+x86_64 5.40 61.00 301.00 362.00 OK
r-release-osx-x86_64 5.40 OK
r-oldrel-windows-ix86+x86_64 5.40 51.00 194.00 245.00 OK
r-oldrel-osx-x86_64 5.40 OK

Check Details

Version: 5.40
Check: compiled code
Result: NOTE
    File ‘quantreg/libs/quantreg.so’:
     Found no calls to: ‘R_registerRoutines’, ‘R_useDynamicSymbols’
    
    It is good practice to register native routines and to disable symbol
    search.
    
    See ‘Writing portable packages’ in the ‘Writing R Extensions’ manual.
Flavors: r-devel-linux-x86_64-fedora-clang, r-devel-linux-x86_64-fedora-gcc