CRAN Package Check Results for Package quantmod

Last updated on 2024-07-19 19:50:16 CEST.

Flavor Version Tinstall Tcheck Ttotal Status Flags
r-devel-linux-x86_64-debian-clang 0.4.26 15.50 107.16 122.66 NOTE
r-devel-linux-x86_64-debian-gcc 0.4.26 14.52 76.10 90.62 NOTE
r-devel-linux-x86_64-fedora-clang 0.4.26 160.34 OK
r-devel-linux-x86_64-fedora-gcc 0.4.26 143.95 OK
r-devel-windows-x86_64 0.4.26 18.00 98.00 116.00 OK
r-patched-linux-x86_64 0.4.26 20.80 101.83 122.63 NOTE
r-release-linux-x86_64 0.4.26 12.22 98.36 110.58 NOTE
r-release-macos-arm64 0.4.26 40.00 OK
r-release-macos-x86_64 0.4.26 100.00 OK
r-release-windows-x86_64 0.4.26 16.00 96.00 112.00 OK
r-oldrel-macos-arm64 0.4.26 43.00 OK
r-oldrel-macos-x86_64 0.4.26 86.00 OK
r-oldrel-windows-x86_64 0.4.26 21.00 115.00 136.00 OK

Check Details

Version: 0.4.26
Check: R code for possible problems
Result: NOTE Found the following calls to attach(): File ‘quantmod/R/attachSymbols.R’: attach(NULL, pos = pos, name = DB$name) attach(NULL, pos = pos, name = DB$name) See section ‘Good practice’ in ‘?attach’. Flavors: r-devel-linux-x86_64-debian-clang, r-devel-linux-x86_64-debian-gcc, r-patched-linux-x86_64, r-release-linux-x86_64