Last updated on 2022-08-17 23:13:04 CEST.
Flavor | Version | Tinstall | Tcheck | Ttotal | Status | Flags |
---|---|---|---|---|---|---|
r-devel-linux-x86_64-debian-clang | 2.2.1 | 11.65 | 87.04 | 98.69 | OK | |
r-devel-linux-x86_64-debian-gcc | 2.2.1 | OK | ||||
r-devel-linux-x86_64-fedora-clang | 2.2.1 | 134.66 | NOTE | |||
r-devel-linux-x86_64-fedora-gcc | 2.2.1 | 133.50 | NOTE | |||
r-devel-windows-x86_64 | 2.2.1 | 40.00 | 118.00 | 158.00 | OK | |
r-patched-linux-x86_64 | 2.2.1 | 9.26 | 84.22 | 93.48 | OK | |
r-release-linux-x86_64 | 2.2.1 | 9.63 | 83.64 | 93.27 | OK | |
r-release-macos-arm64 | 2.2.1 | 50.00 | NOTE | |||
r-release-macos-x86_64 | 2.2.1 | 52.00 | NOTE | |||
r-release-windows-x86_64 | 2.2.1 | 29.00 | 108.00 | 137.00 | OK | |
r-oldrel-macos-arm64 | 2.2.1 | 30.00 | NOTE | |||
r-oldrel-macos-x86_64 | 2.2.1 | 47.00 | NOTE | |||
r-oldrel-windows-ix86+x86_64 | 2.2.1 | 21.00 | 105.00 | 126.00 | OK |
Version: 2.2.1
Check: dependencies in R code
Result: NOTE
Namespace in Imports field not imported from: ‘SparseM’
All declared Imports should be used.
Flavors: r-devel-linux-x86_64-fedora-clang, r-devel-linux-x86_64-fedora-gcc, r-release-macos-arm64, r-release-macos-x86_64, r-oldrel-macos-arm64, r-oldrel-macos-x86_64