Last updated on 2023-10-03 12:08:48 CEST.
Flavor | Version | Tinstall | Tcheck | Ttotal | Status | Flags |
---|---|---|---|---|---|---|
r-devel-linux-x86_64-debian-clang | 2.2.1 | 8.26 | 90.33 | 98.59 | OK | |
r-devel-linux-x86_64-debian-gcc | 2.2.1 | 7.66 | 69.22 | 76.88 | OK | |
r-devel-linux-x86_64-fedora-clang | 2.2.1 | 125.03 | NOTE | |||
r-devel-linux-x86_64-fedora-gcc | 2.2.1 | 125.03 | NOTE | |||
r-devel-windows-x86_64 | 2.2.1 | 10.00 | 87.00 | 97.00 | OK | |
r-patched-linux-x86_64 | 2.2.1 | 11.91 | 88.61 | 100.52 | OK | |
r-release-linux-x86_64 | 2.2.1 | 9.75 | 88.53 | 98.28 | OK | |
r-release-macos-arm64 | 2.2.1 | 39.00 | OK | |||
r-release-macos-x86_64 | 2.2.1 | 63.00 | OK | |||
r-release-windows-x86_64 | 2.2.1 | 13.00 | 98.00 | 111.00 | OK | |
r-oldrel-macos-arm64 | 2.2.1 | 50.00 | NOTE | |||
r-oldrel-macos-x86_64 | 2.2.1 | 52.00 | NOTE | |||
r-oldrel-windows-x86_64 | 2.2.1 | 13.00 | 99.00 | 112.00 | OK |
Version: 2.2.1
Check: dependencies in R code
Result: NOTE
Namespace in Imports field not imported from: ‘SparseM’
All declared Imports should be used.
Flavors: r-devel-linux-x86_64-fedora-clang, r-devel-linux-x86_64-fedora-gcc, r-oldrel-macos-arm64, r-oldrel-macos-x86_64