CRAN Package Check Results for Package quantilogram

Last updated on 2022-11-30 13:52:27 CET.

Flavor Version Tinstall Tcheck Ttotal Status Flags
r-devel-linux-x86_64-debian-clang 2.2.1 12.15 87.80 99.95 OK
r-devel-linux-x86_64-debian-gcc 2.2.1 8.30 68.44 76.74 OK
r-devel-linux-x86_64-fedora-clang 2.2.1 132.64 NOTE
r-devel-linux-x86_64-fedora-gcc 2.2.1 130.49 NOTE
r-devel-windows-x86_64 2.2.1 33.00 120.00 153.00 OK
r-patched-linux-x86_64 2.2.1 9.64 85.73 95.37 OK
r-release-linux-x86_64 2.2.1 8.19 85.93 94.12 OK
r-release-macos-arm64 2.2.1 50.00 NOTE
r-release-macos-x86_64 2.2.1 52.00 NOTE
r-release-windows-x86_64 2.2.1 39.00 119.00 158.00 OK
r-oldrel-macos-arm64 2.2.1 30.00 NOTE
r-oldrel-macos-x86_64 2.2.1 47.00 NOTE
r-oldrel-windows-ix86+x86_64 2.2.1 22.00 109.00 131.00 OK

Check Details

Version: 2.2.1
Check: dependencies in R code
Result: NOTE
    Namespace in Imports field not imported from: ‘SparseM’
     All declared Imports should be used.
Flavors: r-devel-linux-x86_64-fedora-clang, r-devel-linux-x86_64-fedora-gcc, r-release-macos-arm64, r-release-macos-x86_64, r-oldrel-macos-arm64, r-oldrel-macos-x86_64