CRAN Package Check Results for Package quanteda

Last updated on 2018-06-25 19:55:09 CEST.

Flavor Version Tinstall Tcheck Ttotal Status Flags
r-devel-linux-x86_64-debian-clang 1.3.0 201.25 354.85 556.10 OK
r-devel-linux-x86_64-debian-gcc 1.3.0 0.89 1.68 2.57 ERROR
r-devel-linux-x86_64-fedora-clang 1.3.0 809.00 NOTE
r-devel-linux-x86_64-fedora-gcc 1.3.0 759.24 NOTE
r-devel-windows-ix86+x86_64 1.3.0 581.00 644.00 1225.00 NOTE
r-patched-linux-x86_64 1.3.0 221.26 356.57 577.83 OK
r-patched-solaris-x86 1.3.0 966.70 NOTE
r-release-linux-x86_64 1.3.0 227.11 351.62 578.73 OK
r-release-windows-ix86+x86_64 1.3.0 565.00 537.00 1102.00 NOTE
r-release-osx-x86_64 1.3.0 NOTE
r-oldrel-windows-ix86+x86_64 1.3.0 424.00 613.00 1037.00 NOTE
r-oldrel-osx-x86_64 1.2.0 NOTE

Additional issues

clang-UBSAN gcc-UBSAN

Check Details

Version: 1.3.0
Check: package dependencies
Result: ERROR
    Packages required but not available: ‘ggplot2’ ‘ggrepel’
    
    Packages suggested but not available for checking:
     ‘dplyr’ ‘DT’ ‘purrr’ ‘stm’ ‘tibble’ ‘tidytext’
    
    See section ‘The DESCRIPTION file’ in the ‘Writing R Extensions’
    manual.
Flavor: r-devel-linux-x86_64-debian-gcc

Version: 1.3.0
Check: installed package size
Result: NOTE
     installed size is 16.0Mb
     sub-directories of 1Mb or more:
     data 1.2Mb
     libs 12.8Mb
Flavors: r-devel-linux-x86_64-fedora-clang, r-devel-windows-ix86+x86_64, r-release-windows-ix86+x86_64, r-release-osx-x86_64, r-oldrel-windows-ix86+x86_64

Version: 1.3.0
Check: data for non-ASCII characters
Result: NOTE
     Note: found 71 marked UTF-8 strings
Flavors: r-devel-linux-x86_64-fedora-clang, r-devel-linux-x86_64-fedora-gcc, r-patched-solaris-x86, r-release-osx-x86_64

Version: 1.2.0
Check: installed package size
Result: NOTE
     installed size is 10.8Mb
     sub-directories of 1Mb or more:
     data 1.2Mb
     libs 8.5Mb
Flavor: r-oldrel-osx-x86_64

Version: 1.2.0
Check: data for non-ASCII characters
Result: NOTE
     Note: found 71 marked UTF-8 strings
Flavor: r-oldrel-osx-x86_64