CRAN Package Check Results for Package quanteda

Last updated on 2020-01-25 08:50:08 CET.

Flavor Version Tinstall Tcheck Ttotal Status Flags
r-devel-linux-x86_64-debian-clang 1.5.2 343.46 437.73 781.19 OK
r-devel-linux-x86_64-debian-gcc 1.5.2 256.07 331.64 587.71 OK
r-devel-linux-x86_64-fedora-clang 1.5.2 1065.60 NOTE
r-devel-linux-x86_64-fedora-gcc 1.5.2 1059.82 NOTE
r-devel-windows-ix86+x86_64 1.5.2 656.00 910.00 1566.00 NOTE
r-devel-windows-ix86+x86_64-gcc8 1.5.2 908.00 719.00 1627.00 NOTE
r-patched-linux-x86_64 1.5.2 279.73 396.44 676.17 OK
r-patched-solaris-x86 1.5.2 1258.70 WARN
r-release-linux-x86_64 1.5.2 287.30 398.25 685.55 OK
r-release-windows-ix86+x86_64 1.5.2 575.00 774.00 1349.00 NOTE
r-release-osx-x86_64 1.5.2 NOTE
r-oldrel-windows-ix86+x86_64 1.5.2 567.00 615.00 1182.00 NOTE
r-oldrel-osx-x86_64 1.5.2 NOTE

Additional issues

gcc10

Check Details

Version: 1.5.2
Check: installed package size
Result: NOTE
     installed size is 19.3Mb
     sub-directories of 1Mb or more:
     R 1.2Mb
     data 1.3Mb
     libs 15.5Mb
Flavors: r-devel-linux-x86_64-fedora-clang, r-devel-windows-ix86+x86_64, r-devel-windows-ix86+x86_64-gcc8, r-patched-solaris-x86, r-release-windows-ix86+x86_64, r-release-osx-x86_64, r-oldrel-windows-ix86+x86_64, r-oldrel-osx-x86_64

Version: 1.5.2
Check: data for non-ASCII characters
Result: NOTE
     Note: found 71 marked UTF-8 strings
Flavors: r-devel-linux-x86_64-fedora-clang, r-devel-linux-x86_64-fedora-gcc, r-patched-solaris-x86, r-release-osx-x86_64, r-oldrel-osx-x86_64

Version: 1.5.2
Check: for unstated dependencies in ‘tests’
Result: WARN
    Warning in deparse(e[[2L]]) :
     it is not known that wchar_t is Unicode on this platform
    Warning in deparse(e[[2L]]) :
     it is not known that wchar_t is Unicode on this platform
    Warning in deparse(e[[2L]]) :
     it is not known that wchar_t is Unicode on this platform
    Warning in deparse(e[[2L]]) :
     it is not known that wchar_t is Unicode on this platform
    Warning in deparse(e[[2L]]) :
     it is not known that wchar_t is Unicode on this platform
    Warning in deparse(e[[2L]]) :
     it is not known that wchar_t is Unicode on this platform
    Warning in deparse(e[[2L]]) :
     it is not known that wchar_t is Unicode on this platform
    Warning in deparse(e[[2L]]) :
     it is not known that wchar_t is Unicode on this platform
    Warning in deparse(e[[2L]]) :
     it is not known that wchar_t is Unicode on this platform
    Warning in deparse(e[[2L]]) :
     it is not known that wchar_t is Unicode on this platform
    Warning in deparse(e[[2L]]) :
     it is not known that wchar_t is Unicode on this platform
    Warning in deparse(e[[2L]]) :
     it is not known that wchar_t is Unicode on this platform
Flavor: r-patched-solaris-x86