CRAN Package Check Results for Package quanteda

Last updated on 2019-02-19 13:53:11 CET.

Flavor Version Tinstall Tcheck Ttotal Status Flags
r-devel-linux-x86_64-debian-clang 1.4.0 254.66 405.74 660.40 ERROR
r-devel-linux-x86_64-debian-gcc 1.4.0 231.16 306.14 537.30 ERROR
r-devel-linux-x86_64-fedora-clang 1.4.0 896.34 NOTE
r-devel-linux-x86_64-fedora-gcc 1.4.0 844.66 NOTE
r-devel-windows-ix86+x86_64 1.4.0 690.00 789.00 1479.00 NOTE
r-patched-linux-x86_64 1.4.0 258.58 381.07 639.65 ERROR
r-patched-solaris-x86 1.4.0 1166.10 NOTE
r-release-linux-x86_64 1.4.0 260.93 382.49 643.42 ERROR
r-release-windows-ix86+x86_64 1.4.0 540.00 760.00 1300.00 NOTE
r-release-osx-x86_64 1.4.0 NOTE
r-oldrel-windows-ix86+x86_64 1.4.0 692.00 710.00 1402.00 NOTE
r-oldrel-osx-x86_64 1.4.0 NOTE

Check Details

Version: 1.4.0
Check: tests
Result: ERROR
     Running ‘spelling.R’ [0s/1s]
     Running ‘testthat.R’ [181s/170s]
    Running the tests in ‘tests/testthat.R’ failed.
    Complete output:
     > Sys.setenv("R_TESTS" = "")
     >
     > library(testthat)
     > library(quanteda)
     Package version: 1.4.0
     Parallel computing: 2 of 32 threads used.
     See https://quanteda.io for tutorials and examples.
    
     Attaching package: 'quanteda'
    
     The following object is masked from 'package:utils':
    
     View
    
     >
     > Sys.setenv("_R_CHECK_LENGTH_1_CONDITION_" = TRUE)
     >
     > ops <- quanteda_options()
     > quanteda_options(reset = TRUE)
     >
     > test_check("quanteda")
     ── 1. Failure: tokens works for strange spaces (#796) (@test-tokens.R#301) ────
     ntoken(txt, remove_punct = FALSE, remove_separators = FALSE) not equal to c(text1 = 18).
     1/1 mismatches
     [1] 17 - 18 == -1
    
     ── 2. Failure: tokens works for strange spaces (#796) (@test-tokens.R#302) ────
     as.character(tokens(txt, remove_punct = FALSE, remove_separators = FALSE))[16:18] not equal to c("variationselector16", " ", ".").
     3/3 mismatches
     x[1]: " "
     y[1]: "variationselector16"
    
     x[2]: "."
     y[2]: " "
    
     x[3]: NA
     y[3]: "."
    
     ── 3. Failure: tokens works for strange spaces (#796) (@test-tokens.R#306) ────
     ntoken(txt, remove_punct = TRUE, remove_separators = FALSE) not equal to c(text1 = 16).
     1/1 mismatches
     [1] 15 - 16 == -1
    
     ── 4. Failure: tokens works for strange spaces (#796) (@test-tokens.R#310) ────
     as.character(tokens(txt, remove_punct = TRUE, remove_separators = FALSE))[15:16] not equal to c("variationselector16", " ").
     2/2 mismatches
     x[1]: " "
     y[1]: "variationselector16"
    
     x[2]: NA
     y[2]: " "
    
     ══ testthat results ═══════════════════════════════════════════════════════════
     OK: 2689 SKIPPED: 18 FAILED: 4
     1. Failure: tokens works for strange spaces (#796) (@test-tokens.R#301)
     2. Failure: tokens works for strange spaces (#796) (@test-tokens.R#302)
     3. Failure: tokens works for strange spaces (#796) (@test-tokens.R#306)
     4. Failure: tokens works for strange spaces (#796) (@test-tokens.R#310)
    
     Error: testthat unit tests failed
     Execution halted
Flavor: r-devel-linux-x86_64-debian-clang

Version: 1.4.0
Check: tests
Result: ERROR
     Running ‘spelling.R’ [0s/1s]
     Running ‘testthat.R’ [135s/173s]
    Running the tests in ‘tests/testthat.R’ failed.
    Complete output:
     > Sys.setenv("R_TESTS" = "")
     >
     > library(testthat)
     > library(quanteda)
     Package version: 1.4.0
     Parallel computing: 2 of 32 threads used.
     See https://quanteda.io for tutorials and examples.
    
     Attaching package: 'quanteda'
    
     The following object is masked from 'package:utils':
    
     View
    
     >
     > Sys.setenv("_R_CHECK_LENGTH_1_CONDITION_" = TRUE)
     >
     > ops <- quanteda_options()
     > quanteda_options(reset = TRUE)
     >
     > test_check("quanteda")
     ── 1. Failure: tokens works for strange spaces (#796) (@test-tokens.R#301) ────
     ntoken(txt, remove_punct = FALSE, remove_separators = FALSE) not equal to c(text1 = 18).
     1/1 mismatches
     [1] 17 - 18 == -1
    
     ── 2. Failure: tokens works for strange spaces (#796) (@test-tokens.R#302) ────
     as.character(tokens(txt, remove_punct = FALSE, remove_separators = FALSE))[16:18] not equal to c("variationselector16", " ", ".").
     3/3 mismatches
     x[1]: " "
     y[1]: "variationselector16"
    
     x[2]: "."
     y[2]: " "
    
     x[3]: NA
     y[3]: "."
    
     ── 3. Failure: tokens works for strange spaces (#796) (@test-tokens.R#306) ────
     ntoken(txt, remove_punct = TRUE, remove_separators = FALSE) not equal to c(text1 = 16).
     1/1 mismatches
     [1] 15 - 16 == -1
    
     ── 4. Failure: tokens works for strange spaces (#796) (@test-tokens.R#310) ────
     as.character(tokens(txt, remove_punct = TRUE, remove_separators = FALSE))[15:16] not equal to c("variationselector16", " ").
     2/2 mismatches
     x[1]: " "
     y[1]: "variationselector16"
    
     x[2]: NA
     y[2]: " "
    
     ══ testthat results ═══════════════════════════════════════════════════════════
     OK: 2689 SKIPPED: 18 FAILED: 4
     1. Failure: tokens works for strange spaces (#796) (@test-tokens.R#301)
     2. Failure: tokens works for strange spaces (#796) (@test-tokens.R#302)
     3. Failure: tokens works for strange spaces (#796) (@test-tokens.R#306)
     4. Failure: tokens works for strange spaces (#796) (@test-tokens.R#310)
    
     Error: testthat unit tests failed
     Execution halted
Flavor: r-devel-linux-x86_64-debian-gcc

Version: 1.4.0
Check: installed package size
Result: NOTE
     installed size is 18.5Mb
     sub-directories of 1Mb or more:
     R 1.1Mb
     data 1.3Mb
     libs 15.1Mb
Flavors: r-devel-linux-x86_64-fedora-clang, r-devel-windows-ix86+x86_64, r-patched-solaris-x86, r-release-windows-ix86+x86_64, r-release-osx-x86_64, r-oldrel-windows-ix86+x86_64, r-oldrel-osx-x86_64

Version: 1.4.0
Check: data for non-ASCII characters
Result: NOTE
     Note: found 71 marked UTF-8 strings
Flavors: r-devel-linux-x86_64-fedora-clang, r-devel-linux-x86_64-fedora-gcc, r-patched-solaris-x86, r-release-osx-x86_64, r-oldrel-osx-x86_64

Version: 1.4.0
Check: tests
Result: ERROR
     Running ‘spelling.R’ [0s/0s]
     Running ‘testthat.R’ [173s/174s]
    Running the tests in ‘tests/testthat.R’ failed.
    Complete output:
     > Sys.setenv("R_TESTS" = "")
     >
     > library(testthat)
     > library(quanteda)
     Package version: 1.4.0
     Parallel computing: 2 of 32 threads used.
     See https://quanteda.io for tutorials and examples.
    
     Attaching package: 'quanteda'
    
     The following object is masked from 'package:utils':
    
     View
    
     >
     > Sys.setenv("_R_CHECK_LENGTH_1_CONDITION_" = TRUE)
     >
     > ops <- quanteda_options()
     > quanteda_options(reset = TRUE)
     >
     > test_check("quanteda")
     ── 1. Failure: tokens works for strange spaces (#796) (@test-tokens.R#301) ────
     ntoken(txt, remove_punct = FALSE, remove_separators = FALSE) not equal to c(text1 = 18).
     1/1 mismatches
     [1] 17 - 18 == -1
    
     ── 2. Failure: tokens works for strange spaces (#796) (@test-tokens.R#302) ────
     as.character(tokens(txt, remove_punct = FALSE, remove_separators = FALSE))[16:18] not equal to c("variationselector16", " ", ".").
     3/3 mismatches
     x[1]: " "
     y[1]: "variationselector16"
    
     x[2]: "."
     y[2]: " "
    
     x[3]: NA
     y[3]: "."
    
     ── 3. Failure: tokens works for strange spaces (#796) (@test-tokens.R#306) ────
     ntoken(txt, remove_punct = TRUE, remove_separators = FALSE) not equal to c(text1 = 16).
     1/1 mismatches
     [1] 15 - 16 == -1
    
     ── 4. Failure: tokens works for strange spaces (#796) (@test-tokens.R#310) ────
     as.character(tokens(txt, remove_punct = TRUE, remove_separators = FALSE))[15:16] not equal to c("variationselector16", " ").
     2/2 mismatches
     x[1]: " "
     y[1]: "variationselector16"
    
     x[2]: NA
     y[2]: " "
    
     ══ testthat results ═══════════════════════════════════════════════════════════
     OK: 2689 SKIPPED: 18 FAILED: 4
     1. Failure: tokens works for strange spaces (#796) (@test-tokens.R#301)
     2. Failure: tokens works for strange spaces (#796) (@test-tokens.R#302)
     3. Failure: tokens works for strange spaces (#796) (@test-tokens.R#306)
     4. Failure: tokens works for strange spaces (#796) (@test-tokens.R#310)
    
     Error: testthat unit tests failed
     Execution halted
Flavor: r-patched-linux-x86_64

Version: 1.4.0
Check: tests
Result: ERROR
     Running ‘spelling.R’ [0s/0s]
     Running ‘testthat.R’ [173s/176s]
    Running the tests in ‘tests/testthat.R’ failed.
    Complete output:
     > Sys.setenv("R_TESTS" = "")
     >
     > library(testthat)
     > library(quanteda)
     Package version: 1.4.0
     Parallel computing: 2 of 32 threads used.
     See https://quanteda.io for tutorials and examples.
    
     Attaching package: 'quanteda'
    
     The following object is masked from 'package:utils':
    
     View
    
     >
     > Sys.setenv("_R_CHECK_LENGTH_1_CONDITION_" = TRUE)
     >
     > ops <- quanteda_options()
     > quanteda_options(reset = TRUE)
     >
     > test_check("quanteda")
     ── 1. Failure: tokens works for strange spaces (#796) (@test-tokens.R#301) ────
     ntoken(txt, remove_punct = FALSE, remove_separators = FALSE) not equal to c(text1 = 18).
     1/1 mismatches
     [1] 17 - 18 == -1
    
     ── 2. Failure: tokens works for strange spaces (#796) (@test-tokens.R#302) ────
     as.character(tokens(txt, remove_punct = FALSE, remove_separators = FALSE))[16:18] not equal to c("variationselector16", " ", ".").
     3/3 mismatches
     x[1]: " "
     y[1]: "variationselector16"
    
     x[2]: "."
     y[2]: " "
    
     x[3]: NA
     y[3]: "."
    
     ── 3. Failure: tokens works for strange spaces (#796) (@test-tokens.R#306) ────
     ntoken(txt, remove_punct = TRUE, remove_separators = FALSE) not equal to c(text1 = 16).
     1/1 mismatches
     [1] 15 - 16 == -1
    
     ── 4. Failure: tokens works for strange spaces (#796) (@test-tokens.R#310) ────
     as.character(tokens(txt, remove_punct = TRUE, remove_separators = FALSE))[15:16] not equal to c("variationselector16", " ").
     2/2 mismatches
     x[1]: " "
     y[1]: "variationselector16"
    
     x[2]: NA
     y[2]: " "
    
     ══ testthat results ═══════════════════════════════════════════════════════════
     OK: 2689 SKIPPED: 18 FAILED: 4
     1. Failure: tokens works for strange spaces (#796) (@test-tokens.R#301)
     2. Failure: tokens works for strange spaces (#796) (@test-tokens.R#302)
     3. Failure: tokens works for strange spaces (#796) (@test-tokens.R#306)
     4. Failure: tokens works for strange spaces (#796) (@test-tokens.R#310)
    
     Error: testthat unit tests failed
     Execution halted
Flavor: r-release-linux-x86_64