CRAN Package Check Results for Package quanteda

Last updated on 2022-11-30 03:58:32 CET.

Flavor Version Tinstall Tcheck Ttotal Status Flags
r-devel-linux-x86_64-debian-clang 3.2.3 243.39 308.34 551.73 ERROR
r-devel-linux-x86_64-debian-gcc 3.2.3 187.24 233.53 420.77 ERROR
r-devel-linux-x86_64-fedora-clang 3.2.3 750.34 ERROR
r-devel-linux-x86_64-fedora-gcc 3.2.3 716.43 ERROR
r-devel-windows-x86_64 3.2.3 345.00 437.00 782.00 ERROR
r-patched-linux-x86_64 3.2.3 209.38 291.02 500.40 ERROR
r-release-linux-x86_64 3.2.3 208.64 288.09 496.73 ERROR
r-release-macos-arm64 3.2.3 194.00 NOTE
r-release-macos-x86_64 3.2.3 223.00 NOTE
r-release-windows-x86_64 3.2.3 366.00 420.00 786.00 ERROR
r-oldrel-macos-arm64 3.2.3 183.00 NOTE
r-oldrel-macos-x86_64 3.2.3 218.00 NOTE
r-oldrel-windows-ix86+x86_64 3.2.3 574.00 582.00 1156.00 ERROR

Check Details

Version: 3.2.3
Check: tests
Result: ERROR
     Running 'spelling.R' [0s/1s]
     Running 'testthat.R' [100s/109s]
    Running the tests in 'tests/testthat.R' failed.
    Complete output:
     > Sys.setenv("R_TESTS" = "")
     > Sys.setenv("_R_CHECK_LENGTH_1_CONDITION_" = TRUE)
     >
     > library(testthat)
     > library(quanteda)
     Package version: 3.2.3
     Unicode version: 15.0
     ICU version: 72.1
     Parallel computing: 4 of 32 threads used.
     See https://quanteda.io for tutorials and examples.
     >
     > # for strong tests for Matrix deprecations
     > options(Matrix.warnDeprecatedCoerce = 2)
     >
     > ops <- quanteda_options()
     > quanteda_options(reset = TRUE)
     > test_check("quanteda")
     [ FAIL 5 | WARN 0 | SKIP 10 | PASS 2909 ]
    
     == Skipped tests ===============================================================
     * On CRAN (4)
     * as.numeric(stringi::stri_info()$Unicode.version) > 10 && as.numeric(stringi::stri_info()$ICU.version) > (1)
     * ngrams disabled in new tokens() (1)
     * not implemented yet (1)
     * requires spacyr installation to work (1)
     * skipping test of option setting when quanteda is not attached (1)
     * we no longer expect these to be the same (1)
    
     == Failed tests ================================================================
     -- Failure ('test-dfm_weight.R:201'): weights argument works, issue 1150 -------
     as.matrix(dfm_weight(mt, weights = w)) not equal to matrix(...).
     Attributes: < Component "dimnames": Names: 1 string mismatch >
     -- Failure ('test-dfm_weight.R:208'): weights argument works, issue 1150 -------
     as.matrix(dfm_weight(mt, weights = w[c(2, 3, 4)])) not equal to matrix(...).
     Attributes: < Component "dimnames": Names: 1 string mismatch >
     -- Failure ('test-dfm_weight.R:215'): weights argument works, issue 1150 -------
     as.matrix(dfm_weight(mt, weights = w[c(1, 3, 2)])) not equal to matrix(...).
     Attributes: < Component "dimnames": Names: 1 string mismatch >
     -- Failure ('test-dfm_weight.R:226'): weights argument works, issue 1150 -------
     as.matrix(dfm_weight(mt2, weights = w2)) not equal to matrix(...).
     Attributes: < Component "dimnames": Names: 1 string mismatch >
     -- Failure ('test-tokens.R:1073'): split_tags works ----------------------------
     as.list(tokens(txt1, what = "word", split_tags = TRUE)) not identical to list(d1 = c("@", "quanteda", "@", "koheiw7", "@", "QUANTEDA_INITIATIVE")).
     Component "d1": Lengths (3, 6) differ (string compare on first 3)
     Component "d1": 3 string mismatches
    
     [ FAIL 5 | WARN 0 | SKIP 10 | PASS 2909 ]
     Error: Test failures
     In addition: Warning messages:
     1: In parse(con, n = -1, srcfile = srcfile, encoding = "UTF-8") :
     unable to translate '<U+5B57>' to native encoding
     2: In parse(con, n = -1, srcfile = srcfile, encoding = "UTF-8") :
     unable to translate '<U+98DB><U+6A5F>' to native encoding
     3: In parse(con, n = -1, srcfile = srcfile, encoding = "UTF-8") :
     unable to translate '<U+6587><U+66F8><U+FF11>' to native encoding
     4: In parse(con, n = -1, srcfile = srcfile, encoding = "UTF-8") :
     unable to translate '<U+6587><U+66F8><U+FF12>' to native encoding
     5: In parse(con, n = -1, srcfile = srcfile, encoding = "UTF-8") :
     unable to translate '<U+6587><U+66F8><U+FF11>' to native encoding
     6: In parse(con, n = -1, srcfile = srcfile, encoding = "UTF-8") :
     unable to translate '<U+6587><U+66F8><U+FF12>' to native encoding
     Execution halted
Flavor: r-devel-linux-x86_64-debian-clang

Version: 3.2.3
Check: tests
Result: ERROR
     Running ‘spelling.R’ [0s/1s]
     Running ‘testthat.R’ [79s/116s]
    Running the tests in ‘tests/testthat.R’ failed.
    Complete output:
     > Sys.setenv("R_TESTS" = "")
     > Sys.setenv("_R_CHECK_LENGTH_1_CONDITION_" = TRUE)
     >
     > library(testthat)
     > library(quanteda)
     Package version: 3.2.3
     Unicode version: 15.0
     ICU version: 72.1
     Parallel computing: 4 of 32 threads used.
     See https://quanteda.io for tutorials and examples.
     >
     > # for strong tests for Matrix deprecations
     > options(Matrix.warnDeprecatedCoerce = 2)
     >
     > ops <- quanteda_options()
     > quanteda_options(reset = TRUE)
     > test_check("quanteda")
     [ FAIL 5 | WARN 0 | SKIP 10 | PASS 2909 ]
    
     ══ Skipped tests ═══════════════════════════════════════════════════════════════
     • On CRAN (4)
     • as.numeric(stringi::stri_info()$Unicode.version) > 10 && as.numeric(stringi::stri_info()$ICU.version) > (1)
     • ngrams disabled in new tokens() (1)
     • not implemented yet (1)
     • requires spacyr installation to work (1)
     • skipping test of option setting when quanteda is not attached (1)
     • we no longer expect these to be the same (1)
    
     ══ Failed tests ════════════════════════════════════════════════════════════════
     ── Failure ('test-dfm_weight.R:201'): weights argument works, issue 1150 ───────
     as.matrix(dfm_weight(mt, weights = w)) not equal to matrix(...).
     Attributes: < Component "dimnames": Names: 1 string mismatch >
     ── Failure ('test-dfm_weight.R:208'): weights argument works, issue 1150 ───────
     as.matrix(dfm_weight(mt, weights = w[c(2, 3, 4)])) not equal to matrix(...).
     Attributes: < Component "dimnames": Names: 1 string mismatch >
     ── Failure ('test-dfm_weight.R:215'): weights argument works, issue 1150 ───────
     as.matrix(dfm_weight(mt, weights = w[c(1, 3, 2)])) not equal to matrix(...).
     Attributes: < Component "dimnames": Names: 1 string mismatch >
     ── Failure ('test-dfm_weight.R:226'): weights argument works, issue 1150 ───────
     as.matrix(dfm_weight(mt2, weights = w2)) not equal to matrix(...).
     Attributes: < Component "dimnames": Names: 1 string mismatch >
     ── Failure ('test-tokens.R:1073'): split_tags works ────────────────────────────
     as.list(tokens(txt1, what = "word", split_tags = TRUE)) not identical to list(d1 = c("@", "quanteda", "@", "koheiw7", "@", "QUANTEDA_INITIATIVE")).
     Component "d1": Lengths (3, 6) differ (string compare on first 3)
     Component "d1": 3 string mismatches
    
     [ FAIL 5 | WARN 0 | SKIP 10 | PASS 2909 ]
     Error: Test failures
     Execution halted
Flavor: r-devel-linux-x86_64-debian-gcc

Version: 3.2.3
Check: data for non-ASCII characters
Result: NOTE
     Note: found 4 marked UTF-8 strings
Flavors: r-devel-linux-x86_64-fedora-clang, r-devel-linux-x86_64-fedora-gcc, r-release-macos-arm64, r-release-macos-x86_64, r-oldrel-macos-arm64, r-oldrel-macos-x86_64

Version: 3.2.3
Check: tests
Result: ERROR
     Running ‘spelling.R’
     Running ‘testthat.R’ [125s/151s]
    Running the tests in ‘tests/testthat.R’ failed.
    Complete output:
     > Sys.setenv("R_TESTS" = "")
     > Sys.setenv("_R_CHECK_LENGTH_1_CONDITION_" = TRUE)
     >
     > library(testthat)
     > library(quanteda)
     Package version: 3.2.3
     Unicode version: 13.0
     ICU version: 69.1
     Parallel computing: 24 of 24 threads used.
     See https://quanteda.io for tutorials and examples.
     >
     > # for strong tests for Matrix deprecations
     > options(Matrix.warnDeprecatedCoerce = 2)
     >
     > ops <- quanteda_options()
     > quanteda_options(reset = TRUE)
     > test_check("quanteda")
     OMP: Warning #96: Cannot form a team with 24 threads, using 2 instead.
     OMP: Hint Consider unsetting KMP_DEVICE_THREAD_LIMIT (KMP_ALL_THREADS), KMP_TEAMS_THREAD_LIMIT, and OMP_THREAD_LIMIT (if any are set).
     [ FAIL 4 | WARN 0 | SKIP 10 | PASS 2910 ]
    
     ══ Skipped tests ═══════════════════════════════════════════════════════════════
     • On CRAN (4)
     • as.numeric(stringi::stri_info()$Unicode.version) > 10 && as.numeric(stringi::stri_info()$ICU.version) > (1)
     • ngrams disabled in new tokens() (1)
     • not implemented yet (1)
     • requires spacyr installation to work (1)
     • skipping test of option setting when quanteda is not attached (1)
     • we no longer expect these to be the same (1)
    
     ══ Failed tests ════════════════════════════════════════════════════════════════
     ── Failure ('test-dfm_weight.R:201'): weights argument works, issue 1150 ───────
     as.matrix(dfm_weight(mt, weights = w)) not equal to matrix(...).
     Attributes: < Component "dimnames": Names: 1 string mismatch >
     ── Failure ('test-dfm_weight.R:208'): weights argument works, issue 1150 ───────
     as.matrix(dfm_weight(mt, weights = w[c(2, 3, 4)])) not equal to matrix(...).
     Attributes: < Component "dimnames": Names: 1 string mismatch >
     ── Failure ('test-dfm_weight.R:215'): weights argument works, issue 1150 ───────
     as.matrix(dfm_weight(mt, weights = w[c(1, 3, 2)])) not equal to matrix(...).
     Attributes: < Component "dimnames": Names: 1 string mismatch >
     ── Failure ('test-dfm_weight.R:226'): weights argument works, issue 1150 ───────
     as.matrix(dfm_weight(mt2, weights = w2)) not equal to matrix(...).
     Attributes: < Component "dimnames": Names: 1 string mismatch >
    
     [ FAIL 4 | WARN 0 | SKIP 10 | PASS 2910 ]
     Error: Test failures
     Execution halted
Flavor: r-devel-linux-x86_64-fedora-clang

Version: 3.2.3
Check: tests
Result: ERROR
     Running ‘spelling.R’
     Running ‘testthat.R’ [125s/140s]
    Running the tests in ‘tests/testthat.R’ failed.
    Complete output:
     > Sys.setenv("R_TESTS" = "")
     > Sys.setenv("_R_CHECK_LENGTH_1_CONDITION_" = TRUE)
     >
     > library(testthat)
     > library(quanteda)
     Package version: 3.2.3
     Unicode version: 13.0
     ICU version: 69.1
     Parallel computing: 24 of 24 threads used.
     See https://quanteda.io for tutorials and examples.
     >
     > # for strong tests for Matrix deprecations
     > options(Matrix.warnDeprecatedCoerce = 2)
     >
     > ops <- quanteda_options()
     > quanteda_options(reset = TRUE)
     > test_check("quanteda")
     [ FAIL 4 | WARN 0 | SKIP 10 | PASS 2910 ]
    
     ══ Skipped tests ═══════════════════════════════════════════════════════════════
     • On CRAN (4)
     • as.numeric(stringi::stri_info()$Unicode.version) > 10 && as.numeric(stringi::stri_info()$ICU.version) > (1)
     • ngrams disabled in new tokens() (1)
     • not implemented yet (1)
     • requires spacyr installation to work (1)
     • skipping test of option setting when quanteda is not attached (1)
     • we no longer expect these to be the same (1)
    
     ══ Failed tests ════════════════════════════════════════════════════════════════
     ── Failure ('test-dfm_weight.R:201'): weights argument works, issue 1150 ───────
     as.matrix(dfm_weight(mt, weights = w)) not equal to matrix(...).
     Attributes: < Component "dimnames": Names: 1 string mismatch >
     ── Failure ('test-dfm_weight.R:208'): weights argument works, issue 1150 ───────
     as.matrix(dfm_weight(mt, weights = w[c(2, 3, 4)])) not equal to matrix(...).
     Attributes: < Component "dimnames": Names: 1 string mismatch >
     ── Failure ('test-dfm_weight.R:215'): weights argument works, issue 1150 ───────
     as.matrix(dfm_weight(mt, weights = w[c(1, 3, 2)])) not equal to matrix(...).
     Attributes: < Component "dimnames": Names: 1 string mismatch >
     ── Failure ('test-dfm_weight.R:226'): weights argument works, issue 1150 ───────
     as.matrix(dfm_weight(mt2, weights = w2)) not equal to matrix(...).
     Attributes: < Component "dimnames": Names: 1 string mismatch >
    
     [ FAIL 4 | WARN 0 | SKIP 10 | PASS 2910 ]
     Error: Test failures
     Execution halted
Flavor: r-devel-linux-x86_64-fedora-gcc

Version: 3.2.3
Check: tests
Result: ERROR
     Running 'spelling.R' [1s]
     Running 'testthat.R' [109s]
    Running the tests in 'tests/testthat.R' failed.
    Complete output:
     > Sys.setenv("R_TESTS" = "")
     > Sys.setenv("_R_CHECK_LENGTH_1_CONDITION_" = TRUE)
     >
     > library(testthat)
     > library(quanteda)
     Package version: 3.2.3
     Unicode version: 13.0
     ICU version: 69.1
     Parallel computing: 56 of 56 threads used.
     See https://quanteda.io for tutorials and examples.
     >
     > # for strong tests for Matrix deprecations
     > options(Matrix.warnDeprecatedCoerce = 2)
     >
     > ops <- quanteda_options()
     > quanteda_options(reset = TRUE)
     > test_check("quanteda")
     [ FAIL 4 | WARN 0 | SKIP 12 | PASS 2902 ]
    
     ══ Skipped tests ═══════════════════════════════════════════════════════════════
     • On CRAN (3)
     • On Windows (3)
     • as.numeric(stringi::stri_info()$Unicode.version) > 10 && as.numeric(stringi::stri_info()$ICU.version) > (1)
     • ngrams disabled in new tokens() (1)
     • not implemented yet (1)
     • requires spacyr installation to work (1)
     • skipping test of option setting when quanteda is not attached (1)
     • we no longer expect these to be the same (1)
    
     ══ Failed tests ════════════════════════════════════════════════════════════════
     ── Failure ('test-dfm_weight.R:201'): weights argument works, issue 1150 ───────
     as.matrix(dfm_weight(mt, weights = w)) not equal to matrix(...).
     Attributes: < Component "dimnames": Names: 1 string mismatch >
     ── Failure ('test-dfm_weight.R:208'): weights argument works, issue 1150 ───────
     as.matrix(dfm_weight(mt, weights = w[c(2, 3, 4)])) not equal to matrix(...).
     Attributes: < Component "dimnames": Names: 1 string mismatch >
     ── Failure ('test-dfm_weight.R:215'): weights argument works, issue 1150 ───────
     as.matrix(dfm_weight(mt, weights = w[c(1, 3, 2)])) not equal to matrix(...).
     Attributes: < Component "dimnames": Names: 1 string mismatch >
     ── Failure ('test-dfm_weight.R:226'): weights argument works, issue 1150 ───────
     as.matrix(dfm_weight(mt2, weights = w2)) not equal to matrix(...).
     Attributes: < Component "dimnames": Names: 1 string mismatch >
    
     [ FAIL 4 | WARN 0 | SKIP 12 | PASS 2902 ]
     Error: Test failures
     Execution halted
Flavor: r-devel-windows-x86_64

Version: 3.2.3
Check: tests
Result: ERROR
     Running ‘spelling.R’ [0s/1s]
     Running ‘testthat.R’ [100s/110s]
    Running the tests in ‘tests/testthat.R’ failed.
    Complete output:
     > Sys.setenv("R_TESTS" = "")
     > Sys.setenv("_R_CHECK_LENGTH_1_CONDITION_" = TRUE)
     >
     > library(testthat)
     > library(quanteda)
     Package version: 3.2.3
     Unicode version: 15.0
     ICU version: 72.1
     Parallel computing: 4 of 32 threads used.
     See https://quanteda.io for tutorials and examples.
     >
     > # for strong tests for Matrix deprecations
     > options(Matrix.warnDeprecatedCoerce = 2)
     >
     > ops <- quanteda_options()
     > quanteda_options(reset = TRUE)
     > test_check("quanteda")
     [ FAIL 5 | WARN 0 | SKIP 10 | PASS 2909 ]
    
     ══ Skipped tests ═══════════════════════════════════════════════════════════════
     • On CRAN (4)
     • as.numeric(stringi::stri_info()$Unicode.version) > 10 && as.numeric(stringi::stri_info()$ICU.version) > (1)
     • ngrams disabled in new tokens() (1)
     • not implemented yet (1)
     • requires spacyr installation to work (1)
     • skipping test of option setting when quanteda is not attached (1)
     • we no longer expect these to be the same (1)
    
     ══ Failed tests ════════════════════════════════════════════════════════════════
     ── Failure ('test-dfm_weight.R:201'): weights argument works, issue 1150 ───────
     as.matrix(dfm_weight(mt, weights = w)) not equal to matrix(...).
     Attributes: < Component "dimnames": Names: 1 string mismatch >
     ── Failure ('test-dfm_weight.R:208'): weights argument works, issue 1150 ───────
     as.matrix(dfm_weight(mt, weights = w[c(2, 3, 4)])) not equal to matrix(...).
     Attributes: < Component "dimnames": Names: 1 string mismatch >
     ── Failure ('test-dfm_weight.R:215'): weights argument works, issue 1150 ───────
     as.matrix(dfm_weight(mt, weights = w[c(1, 3, 2)])) not equal to matrix(...).
     Attributes: < Component "dimnames": Names: 1 string mismatch >
     ── Failure ('test-dfm_weight.R:226'): weights argument works, issue 1150 ───────
     as.matrix(dfm_weight(mt2, weights = w2)) not equal to matrix(...).
     Attributes: < Component "dimnames": Names: 1 string mismatch >
     ── Failure ('test-tokens.R:1073'): split_tags works ────────────────────────────
     as.list(tokens(txt1, what = "word", split_tags = TRUE)) not identical to list(d1 = c("@", "quanteda", "@", "koheiw7", "@", "QUANTEDA_INITIATIVE")).
     Component "d1": Lengths (3, 6) differ (string compare on first 3)
     Component "d1": 3 string mismatches
    
     [ FAIL 5 | WARN 0 | SKIP 10 | PASS 2909 ]
     Error: Test failures
     Execution halted
Flavor: r-patched-linux-x86_64

Version: 3.2.3
Check: tests
Result: ERROR
     Running ‘spelling.R’ [0s/1s]
     Running ‘testthat.R’ [98s/108s]
    Running the tests in ‘tests/testthat.R’ failed.
    Complete output:
     > Sys.setenv("R_TESTS" = "")
     > Sys.setenv("_R_CHECK_LENGTH_1_CONDITION_" = TRUE)
     >
     > library(testthat)
     > library(quanteda)
     Package version: 3.2.3
     Unicode version: 15.0
     ICU version: 72.1
     Parallel computing: 4 of 32 threads used.
     See https://quanteda.io for tutorials and examples.
     >
     > # for strong tests for Matrix deprecations
     > options(Matrix.warnDeprecatedCoerce = 2)
     >
     > ops <- quanteda_options()
     > quanteda_options(reset = TRUE)
     > test_check("quanteda")
     [ FAIL 5 | WARN 0 | SKIP 10 | PASS 2909 ]
    
     ══ Skipped tests ═══════════════════════════════════════════════════════════════
     • On CRAN (4)
     • as.numeric(stringi::stri_info()$Unicode.version) > 10 && as.numeric(stringi::stri_info()$ICU.version) > (1)
     • ngrams disabled in new tokens() (1)
     • not implemented yet (1)
     • requires spacyr installation to work (1)
     • skipping test of option setting when quanteda is not attached (1)
     • we no longer expect these to be the same (1)
    
     ══ Failed tests ════════════════════════════════════════════════════════════════
     ── Failure ('test-dfm_weight.R:201'): weights argument works, issue 1150 ───────
     as.matrix(dfm_weight(mt, weights = w)) not equal to matrix(...).
     Attributes: < Component "dimnames": Names: 1 string mismatch >
     ── Failure ('test-dfm_weight.R:208'): weights argument works, issue 1150 ───────
     as.matrix(dfm_weight(mt, weights = w[c(2, 3, 4)])) not equal to matrix(...).
     Attributes: < Component "dimnames": Names: 1 string mismatch >
     ── Failure ('test-dfm_weight.R:215'): weights argument works, issue 1150 ───────
     as.matrix(dfm_weight(mt, weights = w[c(1, 3, 2)])) not equal to matrix(...).
     Attributes: < Component "dimnames": Names: 1 string mismatch >
     ── Failure ('test-dfm_weight.R:226'): weights argument works, issue 1150 ───────
     as.matrix(dfm_weight(mt2, weights = w2)) not equal to matrix(...).
     Attributes: < Component "dimnames": Names: 1 string mismatch >
     ── Failure ('test-tokens.R:1073'): split_tags works ────────────────────────────
     as.list(tokens(txt1, what = "word", split_tags = TRUE)) not identical to list(d1 = c("@", "quanteda", "@", "koheiw7", "@", "QUANTEDA_INITIATIVE")).
     Component "d1": Lengths (3, 6) differ (string compare on first 3)
     Component "d1": 3 string mismatches
    
     [ FAIL 5 | WARN 0 | SKIP 10 | PASS 2909 ]
     Error: Test failures
     Execution halted
Flavor: r-release-linux-x86_64

Version: 3.2.3
Check: installed package size
Result: NOTE
     installed size is 9.3Mb
     sub-directories of 1Mb or more:
     libs 6.5Mb
Flavors: r-release-macos-arm64, r-release-macos-x86_64, r-oldrel-macos-arm64, r-oldrel-macos-x86_64, r-oldrel-windows-ix86+x86_64

Version: 3.2.3
Check: tests
Result: ERROR
     Running 'spelling.R' [0s]
     Running 'testthat.R' [107s]
    Running the tests in 'tests/testthat.R' failed.
    Complete output:
     > Sys.setenv("R_TESTS" = "")
     > Sys.setenv("_R_CHECK_LENGTH_1_CONDITION_" = TRUE)
     >
     > library(testthat)
     > library(quanteda)
     Package version: 3.2.3
     Unicode version: 13.0
     ICU version: 69.1
     Parallel computing: 56 of 56 threads used.
     See https://quanteda.io for tutorials and examples.
     >
     > # for strong tests for Matrix deprecations
     > options(Matrix.warnDeprecatedCoerce = 2)
     >
     > ops <- quanteda_options()
     > quanteda_options(reset = TRUE)
     > test_check("quanteda")
     [ FAIL 4 | WARN 0 | SKIP 12 | PASS 2902 ]
    
     ══ Skipped tests ═══════════════════════════════════════════════════════════════
     • On CRAN (3)
     • On Windows (3)
     • as.numeric(stringi::stri_info()$Unicode.version) > 10 && as.numeric(stringi::stri_info()$ICU.version) > (1)
     • ngrams disabled in new tokens() (1)
     • not implemented yet (1)
     • requires spacyr installation to work (1)
     • skipping test of option setting when quanteda is not attached (1)
     • we no longer expect these to be the same (1)
    
     ══ Failed tests ════════════════════════════════════════════════════════════════
     ── Failure ('test-dfm_weight.R:201'): weights argument works, issue 1150 ───────
     as.matrix(dfm_weight(mt, weights = w)) not equal to matrix(...).
     Attributes: < Component "dimnames": Names: 1 string mismatch >
     ── Failure ('test-dfm_weight.R:208'): weights argument works, issue 1150 ───────
     as.matrix(dfm_weight(mt, weights = w[c(2, 3, 4)])) not equal to matrix(...).
     Attributes: < Component "dimnames": Names: 1 string mismatch >
     ── Failure ('test-dfm_weight.R:215'): weights argument works, issue 1150 ───────
     as.matrix(dfm_weight(mt, weights = w[c(1, 3, 2)])) not equal to matrix(...).
     Attributes: < Component "dimnames": Names: 1 string mismatch >
     ── Failure ('test-dfm_weight.R:226'): weights argument works, issue 1150 ───────
     as.matrix(dfm_weight(mt2, weights = w2)) not equal to matrix(...).
     Attributes: < Component "dimnames": Names: 1 string mismatch >
    
     [ FAIL 4 | WARN 0 | SKIP 12 | PASS 2902 ]
     Error: Test failures
     Execution halted
Flavor: r-release-windows-x86_64

Version: 3.2.3
Check: running tests for arch ‘i386’
Result: ERROR
     Running 'spelling.R' [0s]
     Running 'testthat.R' [117s]
    Running the tests in 'tests/testthat.R' failed.
    Complete output:
     > Sys.setenv("R_TESTS" = "")
     > Sys.setenv("_R_CHECK_LENGTH_1_CONDITION_" = TRUE)
     >
     > library(testthat)
     > library(quanteda)
     Package version: 3.2.3
     Unicode version: 13.0
     ICU version: 69.1
     Parallel computing: 32 of 32 threads used.
     See https://quanteda.io for tutorials and examples.
     >
     > # for strong tests for Matrix deprecations
     > options(Matrix.warnDeprecatedCoerce = 2)
     >
     > ops <- quanteda_options()
     > quanteda_options(reset = TRUE)
     > test_check("quanteda")
     [ FAIL 4 | WARN 0 | SKIP 12 | PASS 2902 ]
    
     == Skipped tests ===============================================================
     * On CRAN (3)
     * On Windows (3)
     * as.numeric(stringi::stri_info()$Unicode.version) > 10 && as.numeric(stringi::stri_info()$ICU.version) > (1)
     * ngrams disabled in new tokens() (1)
     * not implemented yet (1)
     * requires spacyr installation to work (1)
     * skipping test of option setting when quanteda is not attached (1)
     * we no longer expect these to be the same (1)
    
     == Failed tests ================================================================
     -- Failure ('test-dfm_weight.R:201'): weights argument works, issue 1150 -------
     as.matrix(dfm_weight(mt, weights = w)) not equal to matrix(...).
     Attributes: < Component "dimnames": Names: 1 string mismatch >
     -- Failure ('test-dfm_weight.R:208'): weights argument works, issue 1150 -------
     as.matrix(dfm_weight(mt, weights = w[c(2, 3, 4)])) not equal to matrix(...).
     Attributes: < Component "dimnames": Names: 1 string mismatch >
     -- Failure ('test-dfm_weight.R:215'): weights argument works, issue 1150 -------
     as.matrix(dfm_weight(mt, weights = w[c(1, 3, 2)])) not equal to matrix(...).
     Attributes: < Component "dimnames": Names: 1 string mismatch >
     -- Failure ('test-dfm_weight.R:226'): weights argument works, issue 1150 -------
     as.matrix(dfm_weight(mt2, weights = w2)) not equal to matrix(...).
     Attributes: < Component "dimnames": Names: 1 string mismatch >
    
     [ FAIL 4 | WARN 0 | SKIP 12 | PASS 2902 ]
     Error: Test failures
     In addition: Warning messages:
     1: In parse(con, n = -1, srcfile = srcfile, encoding = "UTF-8") :
     unable to translate '<U+5B57>' to native encoding
     2: In parse(con, n = -1, srcfile = srcfile, encoding = "UTF-8") :
     unable to translate '<U+98DB><U+6A5F>' to native encoding
     3: In parse(con, n = -1, srcfile = srcfile, encoding = "UTF-8") :
     unable to translate '<U+6587><U+66F8>1' to native encoding
     4: In parse(con, n = -1, srcfile = srcfile, encoding = "UTF-8") :
     unable to translate '<U+6587><U+66F8>2' to native encoding
     5: In parse(con, n = -1, srcfile = srcfile, encoding = "UTF-8") :
     unable to translate '<U+6587><U+66F8>1' to native encoding
     6: In parse(con, n = -1, srcfile = srcfile, encoding = "UTF-8") :
     unable to translate '<U+6587><U+66F8>2' to native encoding
     Execution halted
Flavor: r-oldrel-windows-ix86+x86_64

Version: 3.2.3
Check: running tests for arch ‘x64’
Result: ERROR
     Running 'spelling.R' [0s]
     Running 'testthat.R' [127s]
    Running the tests in 'tests/testthat.R' failed.
    Complete output:
     > Sys.setenv("R_TESTS" = "")
     > Sys.setenv("_R_CHECK_LENGTH_1_CONDITION_" = TRUE)
     >
     > library(testthat)
     > library(quanteda)
     Package version: 3.2.3
     Unicode version: 13.0
     ICU version: 69.1
     Parallel computing: 32 of 32 threads used.
     See https://quanteda.io for tutorials and examples.
     >
     > # for strong tests for Matrix deprecations
     > options(Matrix.warnDeprecatedCoerce = 2)
     >
     > ops <- quanteda_options()
     > quanteda_options(reset = TRUE)
     > test_check("quanteda")
     [ FAIL 4 | WARN 0 | SKIP 12 | PASS 2902 ]
    
     == Skipped tests ===============================================================
     * On CRAN (3)
     * On Windows (3)
     * as.numeric(stringi::stri_info()$Unicode.version) > 10 && as.numeric(stringi::stri_info()$ICU.version) > (1)
     * ngrams disabled in new tokens() (1)
     * not implemented yet (1)
     * requires spacyr installation to work (1)
     * skipping test of option setting when quanteda is not attached (1)
     * we no longer expect these to be the same (1)
    
     == Failed tests ================================================================
     -- Failure ('test-dfm_weight.R:201'): weights argument works, issue 1150 -------
     as.matrix(dfm_weight(mt, weights = w)) not equal to matrix(...).
     Attributes: < Component "dimnames": Names: 1 string mismatch >
     -- Failure ('test-dfm_weight.R:208'): weights argument works, issue 1150 -------
     as.matrix(dfm_weight(mt, weights = w[c(2, 3, 4)])) not equal to matrix(...).
     Attributes: < Component "dimnames": Names: 1 string mismatch >
     -- Failure ('test-dfm_weight.R:215'): weights argument works, issue 1150 -------
     as.matrix(dfm_weight(mt, weights = w[c(1, 3, 2)])) not equal to matrix(...).
     Attributes: < Component "dimnames": Names: 1 string mismatch >
     -- Failure ('test-dfm_weight.R:226'): weights argument works, issue 1150 -------
     as.matrix(dfm_weight(mt2, weights = w2)) not equal to matrix(...).
     Attributes: < Component "dimnames": Names: 1 string mismatch >
    
     [ FAIL 4 | WARN 0 | SKIP 12 | PASS 2902 ]
     Error: Test failures
     In addition: Warning messages:
     1: In parse(con, n = -1, srcfile = srcfile, encoding = "UTF-8") :
     unable to translate '<U+5B57>' to native encoding
     2: In parse(con, n = -1, srcfile = srcfile, encoding = "UTF-8") :
     unable to translate '<U+98DB><U+6A5F>' to native encoding
     3: In parse(con, n = -1, srcfile = srcfile, encoding = "UTF-8") :
     unable to translate '<U+6587><U+66F8>1' to native encoding
     4: In parse(con, n = -1, srcfile = srcfile, encoding = "UTF-8") :
     unable to translate '<U+6587><U+66F8>2' to native encoding
     5: In parse(con, n = -1, srcfile = srcfile, encoding = "UTF-8") :
     unable to translate '<U+6587><U+66F8>1' to native encoding
     6: In parse(con, n = -1, srcfile = srcfile, encoding = "UTF-8") :
     unable to translate '<U+6587><U+66F8>2' to native encoding
     Execution halted
Flavor: r-oldrel-windows-ix86+x86_64