CRAN Package Check Results for Package quanteda

Last updated on 2023-10-04 14:03:57 CEST.

Flavor Version Tinstall Tcheck Ttotal Status Flags
r-devel-linux-x86_64-debian-clang 3.3.1 253.00 338.06 591.06 NOTE
r-devel-linux-x86_64-debian-gcc 3.3.1 213.34 252.58 465.92 NOTE
r-devel-linux-x86_64-fedora-clang 3.3.1 814.56 NOTE
r-devel-linux-x86_64-fedora-gcc 3.3.1 838.57 NOTE
r-devel-windows-x86_64 3.3.1 216.00 308.00 524.00 NOTE
r-patched-linux-x86_64 3.3.1 291.82 328.88 620.70 OK
r-release-linux-x86_64 3.3.1 271.58 325.21 596.79 OK
r-release-macos-arm64 3.3.1 199.00 NOTE
r-release-macos-x86_64 3.3.1 422.00 NOTE
r-release-windows-x86_64 3.3.1 274.00 388.00 662.00 OK
r-oldrel-macos-arm64 3.3.1 198.00 NOTE
r-oldrel-macos-x86_64 3.3.1 234.00 NOTE
r-oldrel-windows-x86_64 3.3.1 264.00 351.00 615.00 OK

Additional issues

clang-UBSAN

Check Details

Version: 3.3.1
Check: Rd \usage sections
Result: NOTE
    Documented arguments not in \usage in documentation object 'convert-wrappers':
     ‘...’
    
    Documented arguments not in \usage in documentation object 'corpus-class':
     ‘if’
    
    Documented arguments not in \usage in documentation object 'dfm-class':
     ‘drop_docid’
    
    Documented arguments not in \usage in documentation object 'dictionary2-class':
     ‘object’
    
    Documented arguments not in \usage in documentation object 'matrix2fcm':
     ‘slots’
    
    Documented arguments not in \usage in documentation object 'meta_system':
     ‘source’
    
    Documented arguments not in \usage in documentation object 'search_index':
     ‘regex’
    
    Functions with \usage entries need to have the appropriate \alias
    entries, and all their arguments documented.
    The \usage entries must correspond to syntactically valid R code.
    See chapter ‘Writing R documentation files’ in the ‘Writing R
    Extensions’ manual.
Flavors: r-devel-linux-x86_64-debian-clang, r-devel-linux-x86_64-debian-gcc, r-devel-linux-x86_64-fedora-clang, r-devel-linux-x86_64-fedora-gcc, r-devel-windows-x86_64

Version: 3.3.1
Check: data for non-ASCII characters
Result: NOTE
     Note: found 4 marked UTF-8 strings
Flavors: r-devel-linux-x86_64-fedora-clang, r-devel-linux-x86_64-fedora-gcc

Version: 3.3.1
Check: installed package size
Result: NOTE
     installed size is 9.8Mb
     sub-directories of 1Mb or more:
     libs 6.9Mb
Flavors: r-release-macos-arm64, r-release-macos-x86_64, r-oldrel-macos-arm64, r-oldrel-macos-x86_64