CRAN Package Check Results for Package quanteda

Last updated on 2019-04-23 12:48:15 CEST.

Flavor Version Tinstall Tcheck Ttotal Status Flags
r-devel-linux-x86_64-debian-clang 1.4.3 264.97 398.84 663.81 OK
r-devel-linux-x86_64-debian-gcc 1.4.3 228.97 302.05 531.02 OK
r-devel-linux-x86_64-fedora-clang 1.4.3 648.57 NOTE
r-devel-linux-x86_64-fedora-gcc 1.4.3 853.32 NOTE
r-devel-windows-ix86+x86_64 1.4.3 674.00 624.00 1298.00 NOTE
r-patched-linux-x86_64 1.4.3 261.22 382.97 644.19 OK
r-patched-solaris-x86 1.4.3 1161.40 NOTE
r-release-linux-x86_64 1.4.3 261.62 380.90 642.52 OK
r-release-windows-ix86+x86_64 1.4.3 499.00 569.00 1068.00 NOTE
r-release-osx-x86_64 1.4.3 NOTE
r-oldrel-windows-ix86+x86_64 1.4.3 693.00 854.00 1547.00 NOTE
r-oldrel-osx-x86_64 1.4.3 NOTE

Check Details

Version: 1.4.3
Check: installed package size
Result: NOTE
     installed size is 18.5Mb
     sub-directories of 1Mb or more:
     R 1.1Mb
     data 1.3Mb
     libs 15.2Mb
Flavors: r-devel-linux-x86_64-fedora-clang, r-devel-windows-ix86+x86_64, r-patched-solaris-x86, r-release-windows-ix86+x86_64, r-release-osx-x86_64, r-oldrel-windows-ix86+x86_64, r-oldrel-osx-x86_64

Version: 1.4.3
Check: data for non-ASCII characters
Result: NOTE
     Note: found 71 marked UTF-8 strings
Flavors: r-devel-linux-x86_64-fedora-clang, r-devel-linux-x86_64-fedora-gcc, r-patched-solaris-x86, r-release-osx-x86_64, r-oldrel-osx-x86_64