CRAN Package Check Results for Package qualpalr

Last updated on 2019-02-23 14:53:56 CET.

Flavor Version Tinstall Tcheck Ttotal Status Flags
r-devel-linux-x86_64-debian-clang 0.4.3 25.01 37.10 62.11 NOTE
r-devel-linux-x86_64-debian-gcc 0.4.3 19.20 30.10 49.30 NOTE
r-devel-linux-x86_64-fedora-clang 0.4.3 88.23 NOTE
r-devel-linux-x86_64-fedora-gcc 0.4.3 82.23 NOTE
r-devel-windows-ix86+x86_64 0.4.3 73.00 74.00 147.00 NOTE
r-patched-linux-x86_64 0.4.3 23.80 35.91 59.71 NOTE
r-patched-solaris-x86 0.4.3 102.50 WARN
r-release-linux-x86_64 0.4.3 23.77 35.62 59.39 NOTE
r-release-windows-ix86+x86_64 0.4.3 75.00 96.00 171.00 NOTE
r-release-osx-x86_64 0.4.3 WARN
r-oldrel-windows-ix86+x86_64 0.4.3 59.00 80.00 139.00 NOTE
r-oldrel-osx-x86_64 0.4.3 WARN

Check Details

Version: 0.4.3
Check: for GNU extensions in Makefiles
Result: NOTE
    GNU make is a SystemRequirements.
Flavors: r-devel-linux-x86_64-debian-clang, r-devel-linux-x86_64-debian-gcc, r-devel-linux-x86_64-fedora-clang, r-devel-linux-x86_64-fedora-gcc, r-devel-windows-ix86+x86_64, r-patched-linux-x86_64, r-patched-solaris-x86, r-release-linux-x86_64, r-release-windows-ix86+x86_64, r-release-osx-x86_64, r-oldrel-windows-ix86+x86_64, r-oldrel-osx-x86_64

Version: 0.4.3
Check: re-building of vignette outputs
Result: WARN
    Error in re-building vignettes:
     ...
    Warning in engine$weave(file, quiet = quiet, encoding = enc) :
     Pandoc (>= 1.12.3) and/or pandoc-citeproc not available. Falling back to R Markdown v1.
    Quitting from lines 83-117 (introduction.Rmd)
    Error: processing vignette 'introduction.Rmd' failed with diagnostics:
    cannot open the connection
    Execution halted
Flavors: r-patched-solaris-x86, r-release-osx-x86_64, r-oldrel-osx-x86_64