CRAN Package Check Results for Package qualpalr

Last updated on 2019-08-24 02:48:40 CEST.

Flavor Version Tinstall Tcheck Ttotal Status Flags
r-devel-linux-x86_64-debian-clang 0.4.3 27.18 37.26 64.44 NOTE
r-devel-linux-x86_64-debian-gcc 0.4.3 21.09 29.99 51.08 NOTE
r-devel-linux-x86_64-fedora-clang 0.4.3 86.46 NOTE
r-devel-linux-x86_64-fedora-gcc 0.4.3 84.34 NOTE
r-devel-windows-ix86+x86_64 0.4.3 56.00 67.00 123.00 NOTE
r-patched-linux-x86_64 0.4.3 22.55 37.13 59.68 NOTE
r-patched-solaris-x86 0.4.3 113.20 WARN
r-release-linux-x86_64 0.4.3 24.02 37.14 61.16 NOTE
r-release-windows-ix86+x86_64 0.4.3 56.00 65.00 121.00 NOTE
r-release-osx-x86_64 0.4.3 WARN
r-oldrel-windows-ix86+x86_64 0.4.3 74.00 89.00 163.00 NOTE
r-oldrel-osx-x86_64 0.4.3 WARN

Check Details

Version: 0.4.3
Check: for GNU extensions in Makefiles
Result: NOTE
    GNU make is a SystemRequirements.
Flavors: r-devel-linux-x86_64-debian-clang, r-devel-linux-x86_64-debian-gcc, r-devel-linux-x86_64-fedora-clang, r-devel-linux-x86_64-fedora-gcc, r-devel-windows-ix86+x86_64, r-patched-linux-x86_64, r-patched-solaris-x86, r-release-linux-x86_64, r-release-windows-ix86+x86_64, r-release-osx-x86_64, r-oldrel-windows-ix86+x86_64, r-oldrel-osx-x86_64

Version: 0.4.3
Check: re-building of vignette outputs
Result: WARN
    Error(s) in re-building vignettes:
     ...
    --- re-building ‘introduction.Rmd’ using rmarkdown
    Warning in engine$weave(file, quiet = quiet, encoding = enc) :
     Pandoc (>= 1.12.3) and/or pandoc-citeproc not available. Falling back to R Markdown v1.
    Quitting from lines 83-117 (introduction.Rmd)
    Error: processing vignette 'introduction.Rmd' failed with diagnostics:
    cannot open the connection
    --- failed re-building ‘introduction.Rmd’
    
    SUMMARY: processing the following file failed:
     ‘introduction.Rmd’
    
    Error: Vignette re-building failed.
    Execution halted
Flavors: r-patched-solaris-x86, r-release-osx-x86_64

Version: 0.4.3
Check: re-building of vignette outputs
Result: WARN
    Error in re-building vignettes:
     ...
    Warning in engine$weave(file, quiet = quiet, encoding = enc) :
     Pandoc (>= 1.12.3) and/or pandoc-citeproc not available. Falling back to R Markdown v1.
    Quitting from lines 83-117 (introduction.Rmd)
    Error: processing vignette 'introduction.Rmd' failed with diagnostics:
    cannot open the connection
    Execution halted
Flavor: r-oldrel-osx-x86_64