CRAN Package Check Results for Package qualpalr

Last updated on 2019-04-25 16:51:57 CEST.

Flavor Version Tinstall Tcheck Ttotal Status Flags
r-devel-linux-x86_64-debian-clang 0.4.3 25.30 36.49 61.79 NOTE
r-devel-linux-x86_64-debian-gcc 0.4.3 20.06 29.74 49.80 NOTE
r-devel-linux-x86_64-fedora-clang 0.4.3 93.50 NOTE
r-devel-linux-x86_64-fedora-gcc 0.4.3 82.01 NOTE
r-devel-windows-ix86+x86_64 0.4.3 78.00 87.00 165.00 NOTE
r-patched-linux-x86_64 0.4.3 24.39 36.76 61.15 NOTE
r-patched-solaris-x86 0.4.3 110.90 WARN
r-release-linux-x86_64 0.4.3 22.58 36.74 59.32 NOTE
r-release-windows-ix86+x86_64 0.4.3 51.00 65.00 116.00 NOTE
r-release-osx-x86_64 0.4.3 WARN
r-oldrel-windows-ix86+x86_64 0.4.3 55.00 70.00 125.00 NOTE
r-oldrel-osx-x86_64 0.4.3 WARN

Check Details

Version: 0.4.3
Check: for GNU extensions in Makefiles
Result: NOTE
    GNU make is a SystemRequirements.
Flavors: r-devel-linux-x86_64-debian-clang, r-devel-linux-x86_64-debian-gcc, r-devel-linux-x86_64-fedora-clang, r-devel-linux-x86_64-fedora-gcc, r-devel-windows-ix86+x86_64, r-patched-linux-x86_64, r-patched-solaris-x86, r-release-linux-x86_64, r-release-windows-ix86+x86_64, r-release-osx-x86_64, r-oldrel-windows-ix86+x86_64, r-oldrel-osx-x86_64

Version: 0.4.3
Check: re-building of vignette outputs
Result: WARN
    Error(s) in re-building vignettes:
     ...
    --- re-building ‘introduction.Rmd’ using rmarkdown
    Warning in engine$weave(file, quiet = quiet, encoding = enc) :
     Pandoc (>= 1.12.3) and/or pandoc-citeproc not available. Falling back to R Markdown v1.
    Quitting from lines 83-117 (introduction.Rmd)
    Error: processing vignette 'introduction.Rmd' failed with diagnostics:
    cannot open the connection
    --- failed re-building ‘introduction.Rmd’
    
    SUMMARY: processing the following file failed:
     ‘introduction.Rmd’
    
    Error: Vignette re-building failed.
    Execution halted
Flavor: r-patched-solaris-x86

Version: 0.4.3
Check: re-building of vignette outputs
Result: WARN
    Error in re-building vignettes:
     ...
    Warning in engine$weave(file, quiet = quiet, encoding = enc) :
     Pandoc (>= 1.12.3) and/or pandoc-citeproc not available. Falling back to R Markdown v1.
    Quitting from lines 83-117 (introduction.Rmd)
    Error: processing vignette 'introduction.Rmd' failed with diagnostics:
    cannot open the connection
    Execution halted
Flavors: r-release-osx-x86_64, r-oldrel-osx-x86_64