Last updated on 2022-08-12 20:49:10 CEST.
Flavor | Version | Tinstall | Tcheck | Ttotal | Status | Flags |
---|---|---|---|---|---|---|
r-devel-linux-x86_64-debian-clang | 0.1.9 | 109.37 | 391.89 | 501.26 | WARN | |
r-devel-linux-x86_64-debian-gcc | 0.1.9 | 100.82 | 283.68 | 384.50 | OK | |
r-devel-linux-x86_64-fedora-clang | 0.1.9 | 637.26 | WARN | |||
r-devel-linux-x86_64-fedora-gcc | 0.1.9 | 626.35 | OK | |||
r-devel-windows-x86_64 | 0.1.9 | 220.00 | 429.00 | 649.00 | OK | |
r-patched-linux-x86_64 | 0.1.9 | 106.34 | 371.15 | 477.49 | OK | |
r-release-linux-x86_64 | 0.1.9 | 108.91 | 371.00 | 479.91 | OK | |
r-release-macos-arm64 | 0.1.9 | 138.00 | NOTE | |||
r-release-macos-x86_64 | 0.1.9 | 194.00 | NOTE | |||
r-release-windows-x86_64 | 0.1.9 | 154.00 | 436.00 | 590.00 | OK | |
r-oldrel-macos-arm64 | 0.1.9 | 141.00 | NOTE | |||
r-oldrel-macos-x86_64 | 0.1.9 | 193.00 | NOTE | |||
r-oldrel-windows-ix86+x86_64 | 0.1.9 | 280.00 | 595.00 | 875.00 | NOTE |
Version: 0.1.9
Check: whether package can be installed
Result: WARN
Found the following significant warnings:
Quadtree.cpp:298:9: warning: use of bitwise '|' with boolean operands [-Wbitwise-instead-of-logical]
Flavors: r-devel-linux-x86_64-debian-clang, r-devel-linux-x86_64-fedora-clang
Version: 0.1.9
Check: installed package size
Result: NOTE
installed size is 8.7Mb
sub-directories of 1Mb or more:
doc 1.7Mb
libs 6.0Mb
Flavors: r-devel-linux-x86_64-fedora-clang, r-release-macos-arm64, r-release-macos-x86_64, r-oldrel-macos-arm64, r-oldrel-macos-x86_64, r-oldrel-windows-ix86+x86_64