CRAN Package Check Results for Package qtlnet

Last updated on 2022-01-25 01:53:19 CET.

Flavor Version Tinstall Tcheck Ttotal Status Flags
r-devel-linux-x86_64-debian-clang 1.5.4 19.30 168.17 187.47 OK
r-devel-linux-x86_64-debian-gcc 1.5.4 18.31 127.68 145.99 OK
r-devel-linux-x86_64-fedora-clang 1.5.4 234.56 OK
r-devel-linux-x86_64-fedora-gcc 1.5.4 234.57 OK
r-devel-windows-x86_64-new-UL 1.5.4 78.00 203.00 281.00 OK
r-devel-windows-x86_64-new-TK 1.5.4 ERROR
r-patched-linux-x86_64 1.5.4 23.61 163.23 186.84 OK
r-release-linux-x86_64 1.5.4 24.43 164.53 188.96 OK
r-release-macos-arm64 1.5.4 OK
r-release-macos-x86_64 1.5.4 OK
r-release-windows-ix86+x86_64 1.5.4 42.00 189.00 231.00 OK
r-oldrel-macos-x86_64 1.5.4 OK
r-oldrel-windows-ix86+x86_64 1.5.4 42.00 190.00 232.00 OK

Check Details

Version: 1.5.4
Check: package dependencies
Result: ERROR
    Package required but not available: 'sem'
    
    See section 'The DESCRIPTION file' in the 'Writing R Extensions'
    manual.
Flavor: r-devel-windows-x86_64-new-TK