CRAN Package Check Results for Package qte

Last updated on 2019-08-24 23:48:13 CEST.

Flavor Version Tinstall Tcheck Ttotal Status Flags
r-devel-linux-x86_64-debian-clang 1.3.0 11.31 116.00 127.31 OK
r-devel-linux-x86_64-debian-gcc 1.3.0 10.12 91.29 101.41 OK
r-devel-linux-x86_64-fedora-clang 1.3.0 152.03 NOTE
r-devel-linux-x86_64-fedora-gcc 1.3.0 149.18 NOTE
r-devel-windows-ix86+x86_64 1.3.0 23.00 124.00 147.00 OK
r-patched-linux-x86_64 1.3.0 10.76 112.54 123.30 OK
r-patched-solaris-x86 1.3.0 235.90 NOTE
r-release-linux-x86_64 1.3.0 11.08 112.24 123.32 OK
r-release-windows-ix86+x86_64 1.3.0 43.00 162.00 205.00 OK
r-release-osx-x86_64 1.3.0 NOTE
r-oldrel-windows-ix86+x86_64 1.3.0 25.00 162.00 187.00 OK
r-oldrel-osx-x86_64 1.3.0 NOTE

Check Details

Version: 1.3.0
Check: dependencies in R code
Result: NOTE
    Namespaces in Imports field not imported from:
     ‘knitr’ ‘msm’
     All declared Imports should be used.
Flavors: r-devel-linux-x86_64-fedora-clang, r-devel-linux-x86_64-fedora-gcc, r-patched-solaris-x86, r-release-osx-x86_64, r-oldrel-osx-x86_64