CRAN Package Check Results for Package qrmdata

Last updated on 2022-07-03 15:52:40 CEST.

Flavor Version Tinstall Tcheck Ttotal Status Flags
r-devel-linux-x86_64-debian-clang 2022-05-31-1 3.61 46.14 49.75 OK
r-devel-linux-x86_64-debian-gcc 2022-05-31-1 2.55 37.05 39.60 OK
r-devel-linux-x86_64-fedora-clang 2022-05-31-1 69.76 NOTE
r-devel-linux-x86_64-fedora-gcc 2022-05-31-1 69.31 OK
r-devel-windows-x86_64 2022-05-31-1 17.00 77.00 94.00 NOTE
r-patched-linux-x86_64 2022-05-31-1 5.18 45.22 50.40 OK
r-release-linux-x86_64 2022-05-31-1 3.36 44.71 48.07 OK
r-release-macos-arm64 2022-05-31-1 25.00 NOTE
r-release-macos-x86_64 2022-05-31-1 38.00 NOTE
r-release-windows-x86_64 2022-05-31-1 36.00 83.00 119.00 NOTE
r-oldrel-macos-arm64 2022-05-31-1 21.00 NOTE
r-oldrel-macos-x86_64 2022-05-31-1 38.00 NOTE
r-oldrel-windows-ix86+x86_64 2022-05-31-1 6.00 70.00 76.00 NOTE

Check Details

Version: 2022-05-31-1
Check: installed package size
Result: NOTE
     installed size is 11.0Mb
     sub-directories of 1Mb or more:
     data 10.9Mb
Flavors: r-devel-linux-x86_64-fedora-clang, r-devel-windows-x86_64, r-release-macos-arm64, r-release-macos-x86_64, r-release-windows-x86_64, r-oldrel-macos-arm64, r-oldrel-macos-x86_64, r-oldrel-windows-ix86+x86_64