CRAN Package Check Results for Package qrmdata

Last updated on 2022-11-28 06:50:19 CET.

Flavor Version Tinstall Tcheck Ttotal Status Flags
r-devel-linux-x86_64-debian-clang 2022-05-31-1 2.57 48.86 51.43 OK
r-devel-linux-x86_64-debian-gcc 2022-05-31-1 2.64 38.32 40.96 OK
r-devel-linux-x86_64-fedora-clang 2022-05-31-1 73.71 NOTE
r-devel-linux-x86_64-fedora-gcc 2022-05-31-1 71.51 OK
r-devel-windows-x86_64 2022-05-31-1 17.00 83.00 100.00 NOTE
r-patched-linux-x86_64 2022-05-31-1 5.46 45.69 51.15 OK
r-release-linux-x86_64 2022-05-31-1 3.37 46.24 49.61 OK
r-release-macos-arm64 2022-05-31-1 25.00 NOTE
r-release-macos-x86_64 2022-05-31-1 38.00 NOTE
r-release-windows-x86_64 2022-05-31-1 24.00 86.00 110.00 NOTE
r-oldrel-macos-arm64 2022-05-31-1 21.00 NOTE
r-oldrel-macos-x86_64 2022-05-31-1 38.00 NOTE
r-oldrel-windows-ix86+x86_64 2022-05-31-1 9.00 76.00 85.00 NOTE

Check Details

Version: 2022-05-31-1
Check: installed package size
Result: NOTE
     installed size is 11.0Mb
     sub-directories of 1Mb or more:
     data 10.8Mb
Flavors: r-devel-linux-x86_64-fedora-clang, r-devel-windows-x86_64, r-release-macos-arm64, r-release-macos-x86_64, r-release-windows-x86_64, r-oldrel-macos-arm64, r-oldrel-macos-x86_64, r-oldrel-windows-ix86+x86_64