CRAN Package Check Results for Package qrcm

Last updated on 2023-09-22 02:59:15 CEST.

Flavor Version Tinstall Tcheck Ttotal Status Flags
r-devel-linux-x86_64-debian-clang 3.0 18.44 143.15 161.59 NOTE
r-devel-linux-x86_64-debian-gcc 3.0 13.78 103.36 117.14 NOTE
r-devel-linux-x86_64-fedora-clang 3.0 191.85 NOTE
r-devel-linux-x86_64-fedora-gcc 3.0 188.70 NOTE
r-devel-windows-x86_64 3.0 16.00 118.00 134.00 NOTE
r-patched-linux-x86_64 3.0 14.75 133.44 148.19 NOTE
r-release-linux-x86_64 3.0 13.23 136.22 149.45 NOTE
r-release-macos-arm64 3.0 55.00 NOTE
r-release-macos-x86_64 3.0 92.00 NOTE
r-release-windows-x86_64 3.0 22.00 144.00 166.00 NOTE
r-oldrel-macos-arm64 3.0 51.00 OK
r-oldrel-macos-x86_64 3.0 90.00 OK
r-oldrel-windows-x86_64 3.0 22.00 138.00 160.00 OK

Check Details

Version: 3.0
Check: Rd \usage sections
Result: NOTE
    Objects in \usage without \alias in documentation object 'internals':
     ‘check.in.iqr’ ‘check.in0.iqrL’ ‘check.in.iqrL’ ‘check.out’
     ‘start.iqr’ ‘start.iqrL’ ‘ctiqr.internal’ ‘iqrL.internal’ ‘iqrL.fit’
     ‘iqr.ee’ ‘ciqr.ee’ ‘ctiqr.ee’ ‘iobjfun’ ‘iobjfun.ct’ ‘cov.fun.iqr’
     ‘iqrL.ee’ ‘cov.fun.iqrL’ ‘iqr.newton’ ‘divide.et.impera’
     ‘iqrL.newton’ ‘pmax0’ ‘maxind’ ‘num.fun’ ‘make.bfun’ ‘apply_bfun’
     ‘p.bisec’ ‘p.bisec.internal’ ‘slp.basis’ ‘is.slp’ ‘safesolve’
     ‘iqr.waldtest’ ‘extract.p’ ‘pred.beta’ ‘km’ ‘alpha’ ‘test.unif.ct’
     ‘findagoodestimator’ ‘quickpred’ ‘trans’ ‘alpha.bisec’
     ‘alpha.bisec.out’ ‘ks’ ‘print.iqr’ ‘print.summary.iqr’ ‘terms.iqr’
     ‘model.matrix.iqr’ ‘vcov.iqr’ ‘nobs.iqr’ ‘predict.iqrL.internal’
     ‘print.iqrL’ ‘print.summary.iqrL’ ‘terms.iqrL’ ‘model.matrix.iqrL’
     ‘vcov.iqrL’ ‘nobs.iqrL’ ‘qc.penalty’ ‘fixqc’ ‘print.qc.iqr’
    
    Functions with \usage entries need to have the appropriate \alias
    entries, and all their arguments documented.
    The \usage entries must correspond to syntactically valid R code.
    See chapter ‘Writing R documentation files’ in the ‘Writing R
    Extensions’ manual.
    S3 methods shown with full name in documentation object 'internals':
     ‘predict.iqrL.internal’
    
    The \usage entries for S3 methods should use the \method markup and not
    their full name.
    See chapter ‘Writing R documentation files’ in the ‘Writing R
    Extensions’ manual.
Flavors: r-devel-linux-x86_64-debian-clang, r-devel-linux-x86_64-debian-gcc, r-devel-linux-x86_64-fedora-clang, r-devel-linux-x86_64-fedora-gcc, r-devel-windows-x86_64

Version: 3.0
Check: Rd \usage sections
Result: NOTE
    S3 methods shown with full name in documentation object 'internals':
     ‘predict.iqrL.internal’
    
    The \usage entries for S3 methods should use the \method markup and not
    their full name.
    See chapter ‘Writing R documentation files’ in the ‘Writing R
    Extensions’ manual.
Flavors: r-patched-linux-x86_64, r-release-linux-x86_64, r-release-macos-arm64, r-release-macos-x86_64, r-release-windows-x86_64