CRAN Package Check Results for Package qpdf

Last updated on 2022-05-22 07:53:21 CEST.

Flavor Version Tinstall Tcheck Ttotal Status Flags
r-devel-linux-x86_64-debian-clang 1.1 128.70 39.30 168.00 NOTE
r-devel-linux-x86_64-debian-gcc 1.1 129.15 29.91 159.06 ERROR
r-devel-linux-x86_64-fedora-clang 1.1 309.35 NOTE
r-devel-linux-x86_64-fedora-gcc 1.1 254.59 NOTE
r-devel-windows-x86_64 1.1 151.00 86.00 237.00 NOTE
r-patched-linux-x86_64 1.1 136.88 37.76 174.64 NOTE
r-release-linux-x86_64 1.1 130.65 37.17 167.82 NOTE
r-release-macos-arm64 1.1 75.00 NOTE
r-release-macos-x86_64 1.1 98.00 NOTE
r-release-windows-x86_64 1.1 155.00 90.00 245.00 NOTE
r-oldrel-macos-arm64 1.1 81.00 NOTE
r-oldrel-macos-x86_64 1.1 138.00 NOTE
r-oldrel-windows-ix86+x86_64 1.1 363.00 91.00 454.00 NOTE

Check Details

Version: 1.1
Check: LazyData
Result: NOTE
     'LazyData' is specified without a 'data' directory
Flavors: r-devel-linux-x86_64-debian-clang, r-devel-linux-x86_64-debian-gcc, r-devel-linux-x86_64-fedora-clang, r-devel-linux-x86_64-fedora-gcc, r-devel-windows-x86_64, r-patched-linux-x86_64, r-release-linux-x86_64, r-release-macos-arm64, r-release-macos-x86_64, r-release-windows-x86_64, r-oldrel-macos-arm64, r-oldrel-macos-x86_64, r-oldrel-windows-ix86+x86_64

Version: 1.1
Check: examples
Result: ERROR
    Running examples in ‘qpdf-Ex.R’ failed
    The error most likely occurred in:
    
    > base::assign(".ptime", proc.time(), pos = "CheckExEnv")
    > ### Name: qpdf
    > ### Title: Split, Combine and Compress PDF Files
    > ### Aliases: qpdf pdf_split pdf_length pdf_subset pdf_combine pdf_compress
    >
    > ### ** Examples
    >
    > # extract some pages
    > pdf_file <- file.path(tempdir(), "output.pdf")
    > pdf_subset('https://cran.r-project.org/doc/manuals/r-release/R-intro.pdf',
    + pages = 1:3, output = pdf_file)
    Error in curl::curl_download(path, tmp) :
     Failed to connect to cran.r-project.org port 443 after 46 ms: Connection refused
    Calls: pdf_subset -> get_input -> <Anonymous>
    Execution halted
Flavor: r-devel-linux-x86_64-debian-gcc

Version: 1.1
Check: installed package size
Result: NOTE
     installed size is 9.3Mb
     sub-directories of 1Mb or more:
     libs 9.2Mb
Flavors: r-devel-linux-x86_64-fedora-clang, r-release-macos-arm64, r-release-macos-x86_64, r-oldrel-macos-arm64, r-oldrel-macos-x86_64, r-oldrel-windows-ix86+x86_64