CRAN Package Check Results for Package qmethod

Last updated on 2024-02-26 23:53:16 CET.

Flavor Version Tinstall Tcheck Ttotal Status Flags
r-devel-linux-x86_64-debian-clang 1.8.4 6.70 66.05 72.75 NOTE
r-devel-linux-x86_64-debian-gcc 1.8.4 4.36 49.70 54.06 NOTE
r-devel-linux-x86_64-fedora-clang 1.8.4 87.15 NOTE
r-devel-linux-x86_64-fedora-gcc 1.8.4 84.33 OK
r-devel-windows-x86_64 1.8.4 6.00 79.00 85.00 OK
r-patched-linux-x86_64 1.8.4 8.20 64.17 72.37 OK
r-release-linux-x86_64 1.8.4 4.96 64.56 69.52 OK
r-release-macos-arm64 1.8.4 30.00 OK
r-release-macos-x86_64 1.8.4 46.00 OK
r-release-windows-x86_64 1.8.4 8.00 88.00 96.00 OK
r-oldrel-macos-arm64 1.8.4 34.00 OK
r-oldrel-windows-x86_64 1.8.4 8.00 90.00 98.00 OK

Check Details

Version: 1.8.4
Check: Rd files
Result: NOTE checkRd: (-1) qmethod-package.Rd:109: Lost braces 109 | \item Van Exel, J., and G. de Graaf, 2005. \emph{Q Methodology: A Sneak Preview}\cr \url{https://qmethodblog.files.wordpress.com/2016/01/qmethodologyasneakpreviewreferenceupdate.pdf}{Available at this link}. | ^ checkRd: (-1) qmethod-package.Rd:110: Lost braces 110 | \item Brown, S. R., 1980. \emph{Political subjectivity: Applications of Q methodology in political science}, New Haven, CT: Yale University Press.\cr \url{https://qmethodblog.files.wordpress.com/2016/01/brown-1980-politicalsubjectivity.pdf}{Available at this link}. | ^ Flavors: r-devel-linux-x86_64-debian-clang, r-devel-linux-x86_64-debian-gcc, r-devel-linux-x86_64-fedora-clang