Last updated on 2023-06-05 13:56:59 CEST.
Flavor | Version | Tinstall | Tcheck | Ttotal | Status | Flags |
---|---|---|---|---|---|---|
r-devel-linux-x86_64-debian-clang | 0.0.6 | 159.62 | 29.92 | 189.54 | NOTE | |
r-devel-linux-x86_64-debian-gcc | 0.0.6 | 124.64 | 23.13 | 147.77 | NOTE | |
r-devel-linux-x86_64-fedora-clang | 0.0.6 | 352.75 | NOTE | |||
r-devel-linux-x86_64-fedora-gcc | 0.0.6 | 282.86 | NOTE | |||
r-devel-windows-x86_64 | 0.0.6 | 122.00 | 70.00 | 192.00 | NOTE | |
r-patched-linux-x86_64 | 0.0.6 | 140.00 | 29.09 | 169.09 | NOTE | |
r-release-linux-x86_64 | 0.0.6 | 129.20 | 28.76 | 157.96 | NOTE | |
r-release-macos-arm64 | 0.0.6 | 74.00 | NOTE | |||
r-release-macos-x86_64 | 0.0.5 | 74.00 | NOTE | |||
r-release-windows-x86_64 | 0.0.6 | 166.00 | 136.00 | 302.00 | NOTE | |
r-oldrel-macos-arm64 | 0.0.6 | 79.00 | NOTE | |||
r-oldrel-macos-x86_64 | 0.0.6 | 91.00 | NOTE | |||
r-oldrel-windows-x86_64 | 0.0.6 | 167.00 | 77.00 | 244.00 | OK |
Version: 0.0.6
Check: C++ specification
Result: NOTE
Specified C++14: please drop specification unless essential
Flavors: r-devel-linux-x86_64-debian-clang, r-devel-linux-x86_64-debian-gcc, r-devel-linux-x86_64-fedora-clang, r-devel-linux-x86_64-fedora-gcc, r-devel-windows-x86_64, r-patched-linux-x86_64, r-release-linux-x86_64, r-release-macos-arm64, r-release-windows-x86_64
Version: 0.0.6
Check: installed package size
Result: NOTE
installed size is 8.3Mb
sub-directories of 1Mb or more:
libs 8.2Mb
Flavors: r-release-macos-arm64, r-oldrel-macos-arm64, r-oldrel-macos-x86_64
Version: 0.0.5
Check: C++ specification
Result: NOTE
Specified C++14: please drop specification unless essential
Flavor: r-release-macos-x86_64
Version: 0.0.5
Check: installed package size
Result: NOTE
installed size is 7.6Mb
sub-directories of 1Mb or more:
libs 7.5Mb
Flavor: r-release-macos-x86_64