Last updated on 2023-12-10 21:49:24 CET.
Flavor | Version | Tinstall | Tcheck | Ttotal | Status | Flags |
---|---|---|---|---|---|---|
r-devel-linux-x86_64-debian-clang | 0.0.9 | 180.87 | 29.45 | 210.32 | OK | |
r-devel-linux-x86_64-debian-gcc | 0.0.9 | 132.66 | 23.18 | 155.84 | OK | |
r-devel-linux-x86_64-fedora-clang | 0.0.9 | 384.69 | OK | |||
r-devel-linux-x86_64-fedora-gcc | 0.0.9 | 332.17 | OK | |||
r-devel-windows-x86_64 | 0.0.9 | 164.00 | 72.00 | 236.00 | OK | |
r-patched-linux-x86_64 | 0.0.9 | 164.57 | 29.52 | 194.09 | OK | |
r-release-linux-x86_64 | 0.0.9 | 164.45 | 29.36 | 193.81 | OK | |
r-release-macos-arm64 | 0.0.9 | 66.00 | NOTE | |||
r-release-macos-x86_64 | 0.0.9 | 73.00 | NOTE | |||
r-release-windows-x86_64 | 0.0.9 | 201.00 | 84.00 | 285.00 | OK | |
r-oldrel-macos-arm64 | 0.0.9 | 63.00 | NOTE | |||
r-oldrel-macos-x86_64 | 0.0.8 | 98.00 | NOTE | |||
r-oldrel-windows-x86_64 | 0.0.9 | 131.00 | 78.00 | 209.00 | OK |
Version: 0.0.9
Check: installed package size
Result: NOTE
installed size is 7.6Mb
sub-directories of 1Mb or more:
libs 7.4Mb
Flavors: r-release-macos-arm64, r-release-macos-x86_64, r-oldrel-macos-arm64
Version: 0.0.8
Check: installed package size
Result: NOTE
installed size is 8.1Mb
sub-directories of 1Mb or more:
libs 7.9Mb
Flavor: r-oldrel-macos-x86_64