Last updated on 2023-06-07 23:40:44 CEST.
Flavor | Version | Tinstall | Tcheck | Ttotal | Status | Flags |
---|---|---|---|---|---|---|
r-devel-linux-x86_64-debian-clang | 1.0.1 | 282.98 | 241.36 | 524.34 | OK | |
r-devel-linux-x86_64-debian-gcc | 1.0.1 | 228.00 | 181.66 | 409.66 | OK | |
r-devel-linux-x86_64-fedora-clang | 1.0.1 | 640.11 | OK | |||
r-devel-linux-x86_64-fedora-gcc | 1.0.1 | 736.94 | OK | |||
r-devel-windows-x86_64 | 1.0.1 | 172.00 | 201.00 | 373.00 | OK | |
r-patched-linux-x86_64 | 1.0.1 | 220.18 | 228.22 | 448.40 | OK | |
r-release-linux-x86_64 | 1.0.1 | 235.94 | 231.21 | 467.15 | OK | |
r-release-macos-arm64 | 1.0.1 | 180.00 | NOTE | |||
r-release-macos-x86_64 | 1.0.1 | 327.00 | NOTE | |||
r-release-windows-x86_64 | 1.0.1 | 221.00 | 266.00 | 487.00 | OK | |
r-oldrel-macos-arm64 | 1.0.1 | 159.00 | NOTE | |||
r-oldrel-macos-x86_64 | 1.0.1 | 200.00 | NOTE | |||
r-oldrel-windows-x86_64 | 1.0.1 | 205.00 | 257.00 | 462.00 | OK |
Version: 1.0.1
Check: installed package size
Result: NOTE
installed size is 108.5Mb
sub-directories of 1Mb or more:
libs 107.6Mb
Flavors: r-release-macos-arm64, r-release-macos-x86_64, r-oldrel-macos-arm64, r-oldrel-macos-x86_64