CRAN Package Check Results for Package qfasar

Last updated on 2023-06-09 16:57:03 CEST.

Flavor Version Tinstall Tcheck Ttotal Status Flags
r-devel-linux-x86_64-debian-clang 1.2.1 4.35 57.37 61.72 NOTE
r-devel-linux-x86_64-debian-gcc 1.2.1 4.56 42.86 47.42 NOTE
r-devel-linux-x86_64-fedora-clang 1.2.1 77.71 NOTE
r-devel-linux-x86_64-fedora-gcc 1.2.1 85.90 NOTE
r-devel-windows-x86_64 1.2.1 7.00 74.00 81.00 NOTE
r-patched-linux-x86_64 1.2.1 4.78 53.76 58.54 NOTE
r-release-linux-x86_64 1.2.1 5.32 53.93 59.25 NOTE
r-release-macos-arm64 1.2.1 38.00 NOTE
r-release-macos-x86_64 1.2.1 52.00 NOTE
r-release-windows-x86_64 1.2.1 7.00 80.00 87.00 NOTE
r-oldrel-macos-arm64 1.2.1 26.00 NOTE
r-oldrel-macos-x86_64 1.2.1 36.00 NOTE
r-oldrel-windows-x86_64 1.2.1 8.00 73.00 81.00 NOTE

Check Details

Version: 1.2.1
Check: LazyData
Result: NOTE
     'LazyData' is specified without a 'data' directory
Flavors: r-devel-linux-x86_64-debian-clang, r-devel-linux-x86_64-debian-gcc, r-devel-linux-x86_64-fedora-clang, r-devel-linux-x86_64-fedora-gcc, r-devel-windows-x86_64, r-patched-linux-x86_64, r-release-linux-x86_64, r-release-macos-arm64, r-release-macos-x86_64, r-release-windows-x86_64, r-oldrel-macos-arm64, r-oldrel-macos-x86_64, r-oldrel-windows-x86_64